000
CXUS52 KFFC 011010
CF6FTY
PRELIMINARY LOCAL CLIMATOLOGICAL DATA (WS FORM: F-6)
STATION: FULTON COUNTY AIRPORT
MONTH: APRIL
YEAR: 2021
LATITUDE: 33 46 N
LONGITUDE: 84 31 W
TEMPERATURE IN F: :PCPN: SNOW: WIND :SUNSHINE: SKY :PK WND
================================================================================
1 2 3 4 5 6A 6B 7 8 9 10 11 12 13 14 15 16 17 18
12Z AVG MX 2MIN
DY MAX MIN AVG DEP HDD CDD WTR SNW DPTH SPD SPD DIR MIN PSBL S-S WX SPD DR
================================================================================
1 52 39 46 -12 19 0 0.00 M M 13.3 25 330 M M 0 37 310
2 56 32 44 -14 21 0 0.00 M M 5.9 14 310 M M 0 22 360
3 64 30 47 -11 18 0 0.00 M M 1.4 10 260 M M 0 16 250
4 73 34 54 -4 11 0 0.00 M M 1.8 12 300 M M 0 19 310
5 79 40 60 1 5 0 0.00 M M 0.7 13 320 M M 0 17 300
6 81 44 63 4 2 0 0.00 M M 2.2 15 320 M M 0 21 280
7 81 49 65 6 0 0 0.00 M M 3.3 12 230 M M 1 17 190
8 78 57 68 9 0 3 0.00 M M 5.3 16 220 M M 4 25 190
9 79 58 69 10 0 4 0.00 M M 5.9 17 150 M M 3 28 160
10 70 60 65 5 0 0 0.09 M M 6.6 18 140 M M 8 1 27 180
11 75 54 65 5 0 0 0.00 M M 5.2 15 260 M M 2 1 23 260
12 83 46 65 5 0 0 0.00 M M 5.8 21 300 M M 0 31 280
13 86 50 68 8 0 3 0.00 M M 2.6 10 240 M M 0 16 230
14 82 50 66 5 0 1 0.01 M M 5.0 17 270 M M 5 26 230
15 70 54 62 1 3 0 T M M 7.8 17 350 M M 4 1 25 300
16 68 47 58 -3 7 0 0.00 M M 2.2 10 140 M M 0 14 140
17 72 52 62 1 3 0 T M M 2.7 13 270 M M 6 17 280
18 72 49 61 -1 4 0 0.00 M M 4.7 15 320 M M 1 20 310
19 71 50 61 -1 4 0 0.00 M M 7.6 18 330 M M 1 29 320
20 75 46 61 -1 4 0 0.00 M M 2.5 14 210 M M 2 21 220
21 58 40 49 -13 16 0 0.00 M M 10.0 24 290 M M 1 35 310
22 63 33 48 -15 17 0 0.00 M M 3.1 15 280 M M 0 23 30
23 70 38 54 -9 11 0 T M M 3.5 12 150 M M 3 18 150
24 79 53 66 3 0 1 1.67 M M 6.8 23 290 M M 7 13 34 290
25 70 50 60 -3 5 0 T M M 10.1 24 300 M M 3 34 290
26 79 46 63 -1 2 0 0.00 M M 5.4 14 110 M M 0 24 180
27 82 54 68 4 0 3 0.00 M M 3.9 13 160 M M 1 19 170
28 83 61 72 8 0 7 0.00 M M 3.6 14 210 M M 1 20 230
29 79 60 70 6 0 5 0.10 M M 6.5 17 280 M M 2 1 25 300
30 74 62 68 3 0 3 T M M 7.4 20 320 M M 2 29 310
================================================================================
SM 2204 1438 152 30 1.87 M 152.8 M 57
================================================================================
AV 73.5 47.9 5.1 FASTST M M 2 MAX(MPH)
MISC ----> 25 330 37 310
================================================================================
NOTES:
# LAST OF SEVERAL OCCURRENCES
COLUMN 17 PEAK WIND IN M.P.H.
PRELIMINARY LOCAL CLIMATOLOGICAL DATA (WS FORM: F-6) , PAGE 2
STATION: FULTON COUNTY AIRPORT
MONTH: APRIL
YEAR: 2021
LATITUDE: 33 46 N
LONGITUDE: 84 31 W
[TEMPERATURE DATA] [PRECIPITATION DATA] SYMBOLS USED IN COLUMN 16
AVERAGE MONTHLY: 60.7 TOTAL FOR MONTH: 1.87 1 = FOG OR MIST
DPTR FM NORMAL: -0.4 DPTR FM NORMAL: -1.87 2 = FOG REDUCING VISIBILITY
HIGHEST: 86 ON 13 GRTST 24HR 1.67 ON 24-24 TO 1/4 MILE OR LESS
LOWEST: 30 ON 3 3 = THUNDER
SNOW, ICE PELLETS, HAIL 4 = ICE PELLETS
TOTAL MONTH: 0.0 INCH 5 = HAIL
GRTST 24HR M ON M 6 = FREEZING RAIN OR DRIZZLE
GRTST DEPTH: M ON M 7 = DUSTSTORM OR SANDSTORM:
VSBY 1/2 MILE OR LESS
8 = SMOKE OR HAZE
[NO. OF DAYS WITH] [WEATHER - DAYS WITH] 9 = BLOWING SNOW
X = TORNADO
MAX 32 OR BELOW: 0 0.01 INCH OR MORE: 4
MAX 90 OR ABOVE: 0 0.10 INCH OR MORE: 2
MIN 32 OR BELOW: 2 0.50 INCH OR MORE: 1
MIN 0 OR BELOW: 0 1.00 INCH OR MORE: 1
[HDD (BASE 65) ]
TOTAL THIS MO. 152 CLEAR (SCALE 0-3) 24
DPTR FM NORMAL -1 PTCLDY (SCALE 4-7) 6
TOTAL FM JUL 1 2484 CLOUDY (SCALE 8-10) 0
DPTR FM NORMAL -369
[CDD (BASE 65) ]
TOTAL THIS MO. 30
DPTR FM NORMAL -3 [PRESSURE DATA]
TOTAL FM JAN 1 49 HIGHEST SLP 30.48 ON 3
DPTR FM NORMAL 10 LOWEST SLP 29.59 ON 24
[REMARKS]
#FINAL-04-21#