000
CXUS53 KIWX 010810
CF6FWA
PRELIMINARY LOCAL CLIMATOLOGICAL DATA (WS FORM: F-6)
STATION: FORT WAYNE
MONTH: JULY
YEAR: 2021
LATITUDE: 41 0 N
LONGITUDE: 85 12 W
TEMPERATURE IN F: :PCPN: SNOW: WIND :SUNSHINE: SKY :PK WND
================================================================================
1 2 3 4 5 6A 6B 7 8 9 10 11 12 13 14 15 16 17 18
12Z AVG MX 2MIN
DY MAX MIN AVG DEP HDD CDD WTR SNW DPTH SPD SPD DIR MIN PSBL S-S WX SPD DR
================================================================================
1 83 62 73 -1 0 8 0.00 0.0 0 8.1 15 330 M M 5 1 24 330
2 76 59 68 -6 0 3 0.00 0.0 0 8.9 16 360 M M 5 22 360
3 80 54 67 -7 0 2 0.00 0.0 0 8.6 20 270 M M 2 27 260
4 89 68 79 5 0 14 0.00 0.0 0 8.5 15 300 M M 3 1 20 300
5 89 67 78 4 0 13 0.00 0.0 0 8.6 17 240 M M 3 1 23 240
6 88 69 79 5 0 14 0.00 0.0 0 8.7 17 260 M M 4 1 23 270
7 89 69 79 5 0 14 0.02 0.0 0 6.2 32 220 M M 6 138 41 220
8 80 63 72 -2 0 7 0.03 0.0 0 8.6 16 320 M M 8 13 22 290
9 77 60 69 -5 0 4 0.00 0.0 0 6.3 14 340 M M 9 19 340
10 78 59 69 -5 0 4 T 0.0 0 8.7 16 130 M M 8 23 150
11 70 63 67 -7 0 2 0.74 0.0 0 9.1 16 60 M M 10 1 22 60
12 82 66 74 0 0 9 1.23 0.0 0 5.3 21 170 M M 9 13 25 170
13 80 67 74 0 0 9 0.14 0.0 0 9.5 25 210 M M 8 13 35 210
14 83 65 74 0 0 9 0.00 0.0 0 7.5 14 220 M M 5 1 19 240
15 86 69 78 4 0 13 0.09 0.0 0 10.6 24 240 M M 8 3 32 240
16 76 68 72 -2 0 7 2.72 0.0 0 4.3 13 230 M M 10 1 17 240
17 80 66 73 -1 0 8 0.16 0.0 0 4.2 9 110 M M 8 1 12 10
18 81 65 73 -1 0 8 0.00 0.0 0 3.1 10 140 M M 5 15 140
19 83 61 72 -2 0 7 0.00 0.0 0 4.1 12 290 M M 1 1 14 300
20 83 63 73 -1 0 8 0.00 0.0 0 5.3 13 280 M M 2 17 290
21 80 64 72 -2 0 7 0.00 0.0 0 5.5 13 50 M M 6 1 M M
22 81 58 70 -4 0 5 0.00 0.0 0 3.0 7 160 M M 5 1 11 180
23 81 65 73 -1 0 8 0.02 0.0 0 6.2 16 220 M M 7 13 22 190
24 86 69 78 4 0 13 0.16 0.0 0 11.7 23 220 M M 7 138 30 220
25 88 68 78 4 0 13 0.00 0.0 0 4.2 12 310 M M 8 12 16 290
26 88 63 76 3 0 11 0.00 0.0 0 2.3 12 60 M M 2 1 18 50
27 87 62 75 2 0 10 0.00 0.0 0 3.8 12 220 M M 3 1 17 280
28 87 65 76 3 0 11 0.00 0.0 0 5.1 14 220 M M 4 1 17 220
29 86 70 78 5 0 13 0.28 0.0 0 9.2 17 300 M M 6 13 26 300
30 79 63 71 -2 0 6 0.00 0.0 0 7.7 13 350 M M 5 18 340
31 78 59 69 -4 0 4 0.00 0.0 0 5.2 15 230 M M 6 21 230
================================================================================
SM 2554 1989 0 264 5.59 0.0 208.1 M 178
================================================================================
AV 82.4 64.2 6.7 FASTST M M 6 MAX(MPH)
MISC ----> 32 220 41 220
================================================================================
NOTES:
# LAST OF SEVERAL OCCURRENCES
COLUMN 17 PEAK WIND IN M.P.H.
PRELIMINARY LOCAL CLIMATOLOGICAL DATA (WS FORM: F-6) , PAGE 2
STATION: FORT WAYNE
MONTH: JULY
YEAR: 2021
LATITUDE: 41 0 N
LONGITUDE: 85 12 W
[TEMPERATURE DATA] [PRECIPITATION DATA] SYMBOLS USED IN COLUMN 16
AVERAGE MONTHLY: 73.3 TOTAL FOR MONTH: 5.59 1 = FOG OR MIST
DPTR FM NORMAL: -0.5 DPTR FM NORMAL: 1.54 2 = FOG REDUCING VISIBILITY
HIGHEST: 89 ON 7, 5 GRTST 24HR 2.88 ON 16-17 TO 1/4 MILE OR LESS
LOWEST: 54 ON 3 3 = THUNDER
SNOW, ICE PELLETS, HAIL 4 = ICE PELLETS
TOTAL MONTH: 0.0 INCH 5 = HAIL
GRTST 24HR 0.0 6 = FREEZING RAIN OR DRIZZLE
GRTST DEPTH: 0 7 = DUSTSTORM OR SANDSTORM:
VSBY 1/2 MILE OR LESS
8 = SMOKE OR HAZE
[NO. OF DAYS WITH] [WEATHER - DAYS WITH] 9 = BLOWING SNOW
X = TORNADO
MAX 32 OR BELOW: 0 0.01 INCH OR MORE: 11
MAX 90 OR ABOVE: 0 0.10 INCH OR MORE: 7
MIN 32 OR BELOW: 0 0.50 INCH OR MORE: 3
MIN 0 OR BELOW: 0 1.00 INCH OR MORE: 2
[HDD (BASE 65) ]
TOTAL THIS MO. 0 CLEAR (SCALE 0-3) 6
DPTR FM NORMAL -3 PTCLDY (SCALE 4-7) 19
TOTAL FM JUL 1 0 CLOUDY (SCALE 8-10) 6
DPTR FM NORMAL 0
[CDD (BASE 65) ]
TOTAL THIS MO. 264
DPTR FM NORMAL -11 [PRESSURE DATA]
TOTAL FM JAN 1 594 HIGHEST SLP 30.25 ON 22
DPTR FM NORMAL 55 LOWEST SLP 29.82 ON 24
[REMARKS]
#FINAL-07-21#