000
CXUS53 KIWX 010810
CF6FWA
PRELIMINARY LOCAL CLIMATOLOGICAL DATA (WS FORM: F-6)
STATION: FORT WAYNE
MONTH: AUGUST
YEAR: 2023
LATITUDE: 41 0 N
LONGITUDE: 85 12 W
TEMPERATURE IN F: :PCPN: SNOW: WIND :SUNSHINE: SKY :PK WND
================================================================================
1 2 3 4 5 6A 6B 7 8 9 10 11 12 13 14 15 16 17 18
12Z AVG MX 2MIN
DY MAX MIN AVG DEP HDD CDD WTR SNW DPTH SPD SPD DIR MIN PSBL S-S WX SPD DR
================================================================================
1 81 56 69 -4 0 4 0.00 0.0 0 1.9 9 230 M M 2 1 12 250
2 81 58 70 -3 0 5 0.00 0.0 0 3.6 12 220 M M 5 15 170
3 86 58 72 -1 0 7 0.00 0.0 0 2.3 8 270 M M 4 18 11 300
4 88 61 75 2 0 10 0.00 0.0 0 3.8 12 350 M M 3 18 16 320
5 79 63 71 -2 0 6 0.61 0.0 0 10.2 21 70 M M 9 13 29 60
6 71 64 68 -5 0 3 0.66 0.0 0 11.0 18 220 M M 10 1 24 80
7 72 62 67 -6 0 2 0.16 0.0 0 5.8 16 340 M M 8 1 23 350
8 80 57 69 -3 0 4 0.00 0.0 0 6.8 14 240 M M 5 19 260
9 82 60 71 -1 0 6 0.19 0.0 0 6.3 16 190 M M 7 1 24 190
10 79 61 70 -2 0 5 0.01 0.0 0 7.4 16 270 M M 8 12 22 280
11 82 62 72 0 0 7 0.29 0.0 0 7.6 22 190 M M 7 13 31 200
12 85 62 74 2 0 9 0.00 0.0 0 8.2 18 270 M M 5 13 23 330
13 83 61 72 0 0 7 0.00 0.0 0 5.7 14 280 M M 6 17 280
14 73 66 70 -2 0 5 0.06 0.0 0 8.1 15 140 M M 10 13 20 130
15 69 63 66 -6 0 1 0.02 0.0 0 11.3 21 250 M M 8 1 30 250
16 78 56 67 -5 0 2 0.00 0.0 0 5.2 10 200 M M 2 13 180
17 74 58 66 -6 0 1 0.48 0.0 0 11.0 30 220 M M 5 13 38 230
18 75 53 64 -8 1 0 0.00 0.0 0 6.0 15 280 M M 3 22 280
19 77 49 63 -9 2 0 0.00 0.0 0 4.0 13 190 M M 4 1 16 170
20 85 61 73 2 0 8 0.00 0.0 0 4.0 12 230 M M 4 1 16 240
21 88 67 78 7 0 13 0.00 0.0 0 3.8 15 50 M M 8 128 20 50
22 80 63 72 1 0 7 0.00 0.0 0 6.9 15 70 M M 2 21 70
23 90 63 77 6 0 12 0.00 0.0 0 9.8 20 240 M M 4 18 27 240
24 90 69 80 9 0 15 T 0.0 0 13.7 33 110 M M 7 18 48 110
25 86 72 79 8 0 14 0.00 0.0 0 6.4 16 250 M M 6 1 22 240
26 84 68 76 6 0 11 0.00 0.0 0 6.8 20 50 M M 8 26 50
27 77 58 68 -2 0 3 0.00 0.0 0 9.1 17 40 M M 5 23 40
28 78 53 66 -4 0 1 0.00 0.0 0 4.1 12 10 M M 1 1 17 70
29 80 51 66 -4 0 1 T 0.0 0 5.6 16 270 M M 2 1 20 280
30 75 54 65 -5 0 0 0.00 0.0 0 9.5 18 350 M M 2 26 350
31 77 47 62 -8 3 0 0.00 0.0 0 6.2 14 70 M M 0 1 20 90
================================================================================
SM 2485 1856 6 169 2.48 0.0 212.1 M 160
================================================================================
AV 80.2 59.9 6.8 FASTST M M 5 MAX(MPH)
MISC ----> 33 110 48 110
================================================================================
NOTES:
# LAST OF SEVERAL OCCURRENCES
COLUMN 17 PEAK WIND IN M.P.H.
PRELIMINARY LOCAL CLIMATOLOGICAL DATA (WS FORM: F-6) , PAGE 2
STATION: FORT WAYNE
MONTH: AUGUST
YEAR: 2023
LATITUDE: 41 0 N
LONGITUDE: 85 12 W
[TEMPERATURE DATA] [PRECIPITATION DATA] SYMBOLS USED IN COLUMN 16
AVERAGE MONTHLY: 70.0 TOTAL FOR MONTH: 2.48 1 = FOG OR MIST
DPTR FM NORMAL: -1.6 DPTR FM NORMAL: -1.32 2 = FOG REDUCING VISIBILITY
HIGHEST: 90 ON 24,23 GRTST 24HR 1.27 ON 5- 6 TO 1/4 MILE OR LESS
LOWEST: 47 ON 31 3 = THUNDER
SNOW, ICE PELLETS, HAIL 4 = ICE PELLETS
TOTAL MONTH: 0.0 INCH 5 = HAIL
GRTST 24HR 0.0 6 = FREEZING RAIN OR DRIZZLE
GRTST DEPTH: 0 7 = DUSTSTORM OR SANDSTORM:
VSBY 1/2 MILE OR LESS
8 = SMOKE OR HAZE
[NO. OF DAYS WITH] [WEATHER - DAYS WITH] 9 = BLOWING SNOW
X = TORNADO
MAX 32 OR BELOW: 0 0.01 INCH OR MORE: 9
MAX 90 OR ABOVE: 2 0.10 INCH OR MORE: 6
MIN 32 OR BELOW: 0 0.50 INCH OR MORE: 2
MIN 0 OR BELOW: 0 1.00 INCH OR MORE: 0
[HDD (BASE 65) ]
TOTAL THIS MO. 6 CLEAR (SCALE 0-3) 8
DPTR FM NORMAL -2 PTCLDY (SCALE 4-7) 18
TOTAL FM JUL 1 6 CLOUDY (SCALE 8-10) 5
DPTR FM NORMAL 1
[CDD (BASE 65) ]
TOTAL THIS MO. 169
DPTR FM NORMAL -43 [PRESSURE DATA]
TOTAL FM JAN 1 656 HIGHEST SLP 30.26 ON 22
DPTR FM NORMAL -95 LOWEST SLP 29.71 ON 10
[REMARKS]
#FINAL-08-23#