000
CXUS52 KMFL 291625
CF6FXE
PRELIMINARY LOCAL CLIMATOLOGICAL DATA (WS FORM: F-6)
STATION: FORT LAUDERDALE EXEC ARPT
MONTH: MAY
YEAR: 2023
LATITUDE: 26 12 N
LONGITUDE: 80 11 W
TEMPERATURE IN F: :PCPN: SNOW: WIND :SUNSHINE: SKY :PK WND
================================================================================
1 2 3 4 5 6A 6B 7 8 9 10 11 12 13 14 15 16 17 18
12Z AVG MX 2MIN
DY MAX MIN AVG DEP HDD CDD WTR SNW DPTH SPD SPD DIR MIN PSBL S-S WX SPD DR
================================================================================
1 86 67 77 -1 0 12 0.00 0.0 0 9.2 16 300 M M 0 23 290
2 91 66 79 1 0 14 0.00 0.0 0 8.1 17 240 M M 0 22 220
3 90 68 79 1 0 14 0.00 M M 7.6 16 280 M M 2 24 270
4 88 68 78 0 0 13 0.00 M M 5.4 14 340 M M 0 19 340
5 86 69 78 0 0 13 0.00 M M 7.5 17 80 M M 1 22 90
6 87 71 79 0 0 14 0.00 0.0 0 9.5 22 70 M M 4 28 50
7 85 75 80 1 0 15 0.00 M M 15.1 24 80 M M 4 28 80
8 84 71 78 -1 0 13 0.00 0.0 0 9.6 17 70 M M 2 22 60
9 87 69 78 -1 0 13 0.00 0.0 0 5.7 15 80 M M 1 21 100
10 91 72 82 3 0 17 0.00 M M 6.1 15 90 M M 1 18 90
11 87 76 82 3 0 17 0.00 M M 11.0 18 90 M M 2 23 90
12 87 77 82 3 0 17 0.00 0.0 0 13.8 22 100 M M 2 27 90
13 86 76 81 2 0 16 0.00 M M 12.3 20 90 M M 3 26 100
14 87 76 82 3 0 17 0.00 0.0 0 10.5 20 90 M M 4 3 26 80
15 89 74 82 2 0 17 T 0.0 0 7.9 21 90 M M 4 3 26 90
16 91 69 80 0 0 15 0.00 0.0 0 5.4 13 100 M M 1 21 330
17 93 73 83 3 0 18 0.85 0.0 0 6.6 28 200 M M 2 13 36 200
18 89 71 80 0 0 15 M 0.0 0 4.4 17 130 M M 1 24 120
19 90 74 82 2 0 17 0.05 0.0 0 6.4 18 90 M M 2 3 25 90
20 89 75 82 2 0 17 0.00 M M 8.2 17 90 M M 2 3 22 100
21 90 76 83 3 0 18 0.00 M M 5.9 15 80 M M 3 21 70
22 89 75 82 2 0 17 0.10 0.0 0 6.2 18 90 M M 4 22 90
23 86 74 80 0 0 15 1.00 0.0 0 4.6 16 50 M M 5 13 22 50
24 89 71 80 0 0 15 0.10 0.0 0 4.5 23 180 M M 2 13 31 180
25 87 70 79 -1 0 14 0.85 0.0 0 2.8 26 170 M M 3 13 35 170
26 84 71 78 -3 0 13 1.00 0.0 0 4.1 10 140 M M 4 13 14 10
27 85 70 78 -3 0 13 0.00 M M 5.8 14 120 M M 3 17 120
28 93 73 83 2 0 18 0.00 M M 5.9 16 140 M M 3 19 140
29 89 71 80 -1 0 15 0.00 M M 7.2 14 60 M M 2 19 70
30 89 72 81 0 0 16 0.90 0.0 0 9.1 17 80 M M 5 13 22 110
31 87 71 79 -2 0 14 1.40 0.0 0 6.1 23 280 M M 4 13 31 280
================================================================================
SM 2731 2231 0 472 6.25 0.0 232.5 M 76
================================================================================
AV 88.1 72.0 7.5 FASTST M M 2 MAX(MPH)
MISC ----> 28 200 36 200
================================================================================
NOTES:
# LAST OF SEVERAL OCCURRENCES
COLUMN 17 PEAK WIND IN M.P.H.
PRELIMINARY LOCAL CLIMATOLOGICAL DATA (WS FORM: F-6) , PAGE 2
STATION: FORT LAUDERDALE EXEC ARPT
MONTH: MAY
YEAR: 2023
LATITUDE: 26 12 N
LONGITUDE: 80 11 W
[TEMPERATURE DATA] [PRECIPITATION DATA] SYMBOLS USED IN COLUMN 16
AVERAGE MONTHLY: 80.0 TOTAL FOR MONTH: 6.25 1 = FOG OR MIST
DPTR FM NORMAL: 0.4 DPTR FM NORMAL: 1.36 2 = FOG REDUCING VISIBILITY
HIGHEST: 93 ON 28,17 GRTST 24HR 1.40 ON 31-31 TO 1/4 MILE OR LESS
LOWEST: 66 ON 2 3 = THUNDER
SNOW, ICE PELLETS, HAIL 4 = ICE PELLETS
TOTAL MONTH: 0.0 INCH 5 = HAIL
GRTST 24HR 0.0 6 = FREEZING RAIN OR DRIZZLE
GRTST DEPTH: 0 7 = DUSTSTORM OR SANDSTORM:
VSBY 1/2 MILE OR LESS
8 = SMOKE OR HAZE
[NO. OF DAYS WITH] [WEATHER - DAYS WITH] 9 = BLOWING SNOW
X = TORNADO
MAX 32 OR BELOW: 0 0.01 INCH OR MORE: 9
MAX 90 OR ABOVE: 8 0.10 INCH OR MORE: 8
MIN 32 OR BELOW: 0 0.50 INCH OR MORE: 6
MIN 0 OR BELOW: 0 1.00 INCH OR MORE: 3
[HDD (BASE 65) ]
TOTAL THIS MO. 0 CLEAR (SCALE 0-3) 22
DPTR FM NORMAL 0 PTCLDY (SCALE 4-7) 9
TOTAL FM JUL 1 81 CLOUDY (SCALE 8-10) 0
DPTR FM NORMAL -65
[CDD (BASE 65) ]
TOTAL THIS MO. 472
DPTR FM NORMAL 19 [PRESSURE DATA]
TOTAL FM JAN 1 1776 HIGHEST SLP 30.15 ON 7
DPTR FM NORMAL 450 LOWEST SLP 29.73 ON 25
[REMARKS]
#FINAL-05-23#