000
CXUS54 KOUN 010910
CF6GAG
PRELIMINARY LOCAL CLIMATOLOGICAL DATA (WS FORM: F-6)
STATION: GAGE
MONTH: NOVEMBER
YEAR: 2020
LATITUDE: 36 17 N
LONGITUDE: 99 46 W
TEMPERATURE IN F: :PCPN: SNOW: WIND :SUNSHINE: SKY :PK WND
================================================================================
1 2 3 4 5 6A 6B 7 8 9 10 11 12 13 14 15 16 17 18
12Z AVG MX 2MIN
DY MAX MIN AVG DEP HDD CDD WTR SNW DPTH SPD SPD DIR MIN PSBL S-S WX SPD DR
================================================================================
1 66 35 51 -1 14 0 0.00 M M 8.3 20 180 M M 0 24 180
2 78 38 58 6 7 0 0.00 M M 11.5 23 250 M M 0 28 220
3 81 39 60 8 5 0 0.00 M M 12.8 22 190 M M 0 27 200
4 76 48 62 11 3 0 0.00 0.0 0 11.5 21 190 M M 0 27 190
5 82 42 62 11 3 0 0.00 M M 7.3 16 340 M M 0 8 20 350
6 78 36 57 7 8 0 0.00 M M 11.8 23 170 M M 0 18 28 170
7 76 58 67 17 0 2 0.00 M M 20.4 31 170 M M 3 38 170
8 73 57 65 16 0 0 0.00 M M 28.2 43 180 M M 1 52 180
9 75 51 63 14 2 0 0.00 M M 23.8 36 170 M M 4 43 170
10 58 37 48 0 17 0 T M M 10.0 22 330 M M 4 31 320
11 58 28 43 -5 22 0 0.00 M M 5.3 12 150 M M 0 14 120
12 61 29 45 -3 20 0 M M M 9.9 22 20 M M 0 27 10
13 49 24 37 -10 28 0 0.00 M M 6.5 29 190 M M 0 8 54 180
14 80 42 61 15 4 0 0.00 M M 21.0 39 270 M M 1 8 48 270
15 59 29 44 -2 21 0 0.00 M M 9.3 22 180 M M 0 28 180
16 73 32 53 7 12 0 0.00 M M 6.3 20 180 M M 0 25 180
17 72 30 51 6 14 0 0.00 M M 13.1 28 190 M M 0 35 180
18 74 47 61 17 4 0 0.00 M M 24.8 37 190 M M 0 47 200
19 85 55 70 26 0 5 0.00 M M 20.0 32 190 M M 0 41 190
20 69 46 58 14 7 0 0.00 M M 11.1 25 190 M M 3 35 190
21 55 44 50 7 15 0 0.08 M M 7.6 14 40 M M 10 1 17 60
22 54 37 46 4 19 0 0.04 M M 9.4 20 20 M M 7 1 24 30
23 57 41 49 7 16 0 0.00 M M 19.0 32 190 M M 9 42 180
24 66 36 51 9 14 0 0.14 M M 20.1 51 290 M M 9 13 64 280
25 57 32 45 4 20 0 0.00 M M 9.9 22 320 M M 0 32 310
26 56 31 44 3 21 0 0.00 M M 9.4 23 160 M M 0 27 160
27 55 29 42 2 23 0 0.00 M M 9.0 18 10 M M 0 22 20
28 52 22 37 -3 28 0 0.01 M M 4.6 18 290 M M 5 1 21 290
29 50 24 37 -2 28 0 0.00 M M 10.7 29 360 M M 6 36 350
30 56 13 35 -4 30 0 0.00 M M 11.1 22 230 M M 0 27 220
================================================================================
SM 1981 1112 405 7 0.27 0.0 383.7 M 62
================================================================================
AV 66.0 37.1 12.8 FASTST M M 2 MAX(MPH)
MISC ----> 51 290 64 280
================================================================================
NOTES:
# LAST OF SEVERAL OCCURRENCES
COLUMN 17 PEAK WIND IN M.P.H.
PRELIMINARY LOCAL CLIMATOLOGICAL DATA (WS FORM: F-6) , PAGE 2
STATION: GAGE
MONTH: NOVEMBER
YEAR: 2020
LATITUDE: 36 17 N
LONGITUDE: 99 46 W
[TEMPERATURE DATA] [PRECIPITATION DATA] SYMBOLS USED IN COLUMN 16
AVERAGE MONTHLY: 51.6 TOTAL FOR MONTH: 0.27 1 = FOG OR MIST
DPTR FM NORMAL: 5.8 DPTR FM NORMAL: -0.85 2 = FOG REDUCING VISIBILITY
HIGHEST: 85 ON 19 GRTST 24HR 0.14 ON 24-24 TO 1/4 MILE OR LESS
LOWEST: 13 ON 30 3 = THUNDER
SNOW, ICE PELLETS, HAIL 4 = ICE PELLETS
TOTAL MONTH: 0.0 INCH 5 = HAIL
GRTST 24HR 0.0 6 = FREEZING RAIN OR DRIZZLE
GRTST DEPTH: 0 7 = DUSTSTORM OR SANDSTORM:
VSBY 1/2 MILE OR LESS
8 = SMOKE OR HAZE
[NO. OF DAYS WITH] [WEATHER - DAYS WITH] 9 = BLOWING SNOW
X = TORNADO
MAX 32 OR BELOW: 0 0.01 INCH OR MORE: 4
MAX 90 OR ABOVE: 0 0.10 INCH OR MORE: 1
MIN 32 OR BELOW: 12 0.50 INCH OR MORE: 0
MIN 0 OR BELOW: 0 1.00 INCH OR MORE: 0
[HDD (BASE 65) ]
TOTAL THIS MO. 405 CLEAR (SCALE 0-3) 20
DPTR FM NORMAL -177 PTCLDY (SCALE 4-7) 7
TOTAL FM JUL 1 741 CLOUDY (SCALE 8-10) 3
DPTR FM NORMAL -130
[CDD (BASE 65) ]
TOTAL THIS MO. 7
DPTR FM NORMAL 4 [PRESSURE DATA]
TOTAL FM JAN 1 1951 HIGHEST SLP 30.59 ON 1
DPTR FM NORMAL 319 LOWEST SLP 29.47 ON 14
[REMARKS]
#FINAL-11-20#