277
CXUS56 KFGZ 010910
CF6GCN
PRELIMINARY LOCAL CLIMATOLOGICAL DATA (WS FORM: F-6)
STATION: GRAND CANYON AZ AIRPORT
MONTH: JANUARY
YEAR: 2021
LATITUDE: 35 57 N
LONGITUDE: 112 9 W
TEMPERATURE IN F: :PCPN: SNOW: WIND :SUNSHINE: SKY :PK WND
================================================================================
1 2 3 4 5 6A 6B 7 8 9 10 11 12 13 14 15 16 17 18
12Z AVG MX 2MIN
DY MAX MIN AVG DEP HDD CDD WTR SNW DPTH SPD SPD DIR MIN PSBL S-S WX SPD DR
================================================================================
1 39 12 26 -1 39 0 0.00 M M 5.9 17 50 M M 4 24 50
2 44 8 26 -1 39 0 0.00 M M 3.6 14 240 M M 0 20 240
3 45 7 26 -1 39 0 0.00 M M 2.7 13 240 M M 1 16 240
4 54 14 34 7 31 0 0.00 M M 3.4 13 220 M M 0 17 210
5 47 8 28 1 37 0 0.00 M M 4.5 14 300 M M 0 24 320
6 53 6 30 3 35 0 0.00 M M 3.6 10 40 M M 0 16 80
7 53 10 32 5 33 0 0.00 M M 2.3 14 60 M M 0 19 60
8 51 12 32 5 33 0 0.00 M M 4.1 10 210 M M 0 17 210
9 41 5 23 -4 42 0 0.00 M M 3.5 17 50 M M 0 23 40
10 41 -1 20 -7 45 0 0.00 M M 3.9 18 50 M M 0 24 40
11 40 -1 20 -7 45 0 0.00 M M 5.6 20 50 M M 0 25 70
12 49 -7 21 -6 44 0 0.00 M M 2.3 10 40 M M 0 12 40
13 57 9 33 6 32 0 0.00 M M 2.4 12 340 M M 0 16 330
14 56 10 33 6 32 0 0.00 M M 4.6 13 350 M M 0 18 330
15 58 7 33 5 32 0 0.00 M M 2.9 13 210 M M 0 14 210
16 53 9 31 3 34 0 0.00 M M 5.4 20 50 M M 0 26 30
17 59 6 33 5 32 0 0.00 M M 2.6 12 270 M M 0 16 260
18 49 15 32 4 33 0 0.00 M M 6.5 18 50 M M 1 24 60
19 37 28 33 5 32 0 T M M 17.2 28 50 M M 7 18 34 50
20 44 19 32 4 33 0 0.01 M M 7.4 15 70 M M 4 1 22 60
21 49 18 34 6 31 0 T M M 2.7 15 220 M M 5 19 220
22 44 23 34 6 31 0 0.17 M M 10.2 28 200 M M 10 126 40 210
23 38 23 31 3 34 0 0.09 M M 9.8 24 220 M M 7 12 32 210
24 31 17 24 -4 41 0 0.21 M M 7.0 17 220 M M 10 12 22 230
25 30 12 21 -7 44 0 0.16 M M 11.1 29 220 M M 10 12 41 200
26 23 -1 11 -17 54 0 0.14 M M 5.0 15 220 M M 9 12 20 220
27 33 0 17 -12 48 0 0.00 M M 2.4 9 210 M M 8 13 180
28 47 12 30 1 35 0 0.00 M M 4.1 15 170 M M 0 19 160
29 39 25 32 3 33 0 0.05 M M 11.7 25 180 M M 7 12 38 200
30 38 12 25 -4 40 0 0.00 M M 3.3 10 220 M M 4 12 14 280
31 40 8 24 -5 41 0 0.00 M M 9.3 20 60 M M 0 28 70
================================================================================
SM 1382 325 1154 0 0.83 M 171.0 M 87
================================================================================
AV 44.6 10.5 5.5 FASTST M M 3 MAX(MPH)
MISC ----> 29 220 41 200
================================================================================
NOTES:
# LAST OF SEVERAL OCCURRENCES
COLUMN 17 PEAK WIND IN M.P.H.
PRELIMINARY LOCAL CLIMATOLOGICAL DATA (WS FORM: F-6) , PAGE 2
STATION: GRAND CANYON AZ AIRPORT
MONTH: JANUARY
YEAR: 2021
LATITUDE: 35 57 N
LONGITUDE: 112 9 W
[TEMPERATURE DATA] [PRECIPITATION DATA] SYMBOLS USED IN COLUMN 16
AVERAGE MONTHLY: 27.5 TOTAL FOR MONTH: 0.83 1 = FOG OR MIST
DPTR FM NORMAL: -0.2 DPTR FM NORMAL: -0.93 2 = FOG REDUCING VISIBILITY
HIGHEST: 59 ON 17 GRTST 24HR 0.27 ON 25-26 TO 1/4 MILE OR LESS
LOWEST: -7 ON 12 3 = THUNDER
SNOW, ICE PELLETS, HAIL 4 = ICE PELLETS
TOTAL MONTH: M 5 = HAIL
GRTST 24HR M ON M 6 = FREEZING RAIN OR DRIZZLE
GRTST DEPTH: M ON M 7 = DUSTSTORM OR SANDSTORM:
VSBY 1/2 MILE OR LESS
8 = SMOKE OR HAZE
[NO. OF DAYS WITH] [WEATHER - DAYS WITH] 9 = BLOWING SNOW
X = TORNADO
MAX 32 OR BELOW: 3 0.01 INCH OR MORE: 7
MAX 90 OR ABOVE: 0 0.10 INCH OR MORE: 4
MIN 32 OR BELOW: 31 0.50 INCH OR MORE: 0
MIN 0 OR BELOW: 5 1.00 INCH OR MORE: 0
[HDD (BASE 65) ]
TOTAL THIS MO. 1154 CLEAR (SCALE 0-3) 19
DPTR FM NORMAL -3 PTCLDY (SCALE 4-7) 7
TOTAL FM JUL 1 3792 CLOUDY (SCALE 8-10) 5
DPTR FM NORMAL -275
[CDD (BASE 65) ]
TOTAL THIS MO. 0
DPTR FM NORMAL 0 [PRESSURE DATA]
TOTAL FM JAN 1 0 HIGHEST SLP M ON M
DPTR FM NORMAL 0 LOWEST SLP 29.48 ON 25
[REMARKS]
#FINAL-01-21#