000
CXUS54 KMAF 030138
CF6GDP
PRELIMINARY LOCAL CLIMATOLOGICAL DATA (WS FORM: F-6)
STATION: GUADALUPE PASS
MONTH: APRIL
YEAR: 2022
LATITUDE: 31 49 N
LONGITUDE: 104 48 W
TEMPERATURE IN F: :PCPN: SNOW: WIND :SUNSHINE: SKY :PK WND
================================================================================
1 2 3 4 5 6A 6B 7 8 9 10 11 12 13 14 15 16 17 18
12Z AVG MX 2MIN
DY MAX MIN AVG DEP HDD CDD WTR SNW DPTH SPD SPD DIR MIN PSBL S-S WX SPD DR
================================================================================
1 75 47 61 2 4 0 0.00 M M 20.8 41 250 M M 0 51 250
2 79 46 63 4 2 0 0.00 M M 17.1 32 230 M M 0 38 230
3 82 58 70 11 0 5 0.00 M M 13.3 36 240 M M 0 43 240
4 74 47 61 2 4 0 0.00 M M 13.2 26 240 M M 0 32 250
5 80 47 64 4 1 0 0.00 M M 32.1 55 250 M M 0 8 67 210
6 69 43 56 -4 9 0 0.00 M M 24.3 46 70 M M 0 8 49 70
7 60 41 51 -9 14 0 0.00 M M 22.2 43 40 M M 0 8 47 40
8 63 40 52 -8 13 0 0.00 M M 22.4 43 50 M M 0 8 48 40
9 81 47 64 4 1 0 0.00 M M 22.2 46 250 M M 0 55 260
10 78 56 67 7 0 2 0.00 M M 35.2 54 240 M M 0 8 63 240
11 78 55 67 6 0 2 0.00 M M 30.6 49 250 M M 0 59 260
12 77 55 66 5 0 1 0.00 M M 41.0 69 240 M M 0 8 80 240
13 66 48 57 -4 8 0 0.00 M M 32.7 52 250 M M 1 64 240
14 76 49 63 2 2 0 0.00 M M 19.6 41 240 M M 0 49 240
15 81 55 68 7 0 3 0.00 M M 28.6 48 240 M M 0 56 240
16 82 57 70 9 0 5 0.00 M M 16.4 30 250 M M 0 37 230
17 85 56 71 9 0 6 0.00 M M 17.1 44 270 M M 0 55 280
18 75 59 67 5 0 2 0.00 M M 24.5 43 40 M M 0 8 49 50
19 85 54 70 8 0 5 0.00 M M 22.7 44 40 M M 0 8 47 40
20 85 58 72 10 0 7 0.00 M M 27.5 51 250 M M 0 60 260
21 86 60 73 11 0 8 0.00 M M 16.3 36 240 M M 0 46 240
22 88 62 75 13 0 10 0.00 M M 27.1 51 230 M M 0 8 59 230
23 75 58 67 4 0 2 0.00 M M 33.3 59 240 M M 0 8 66 250
24 79 54 67 4 0 2 0.00 M M 14.7 40 40 M M 0 43 240
25 65 48 57 -6 8 0 0.00 M M 31.5 41 50 M M 1 8 47 50
26 65 42 54 -9 11 0 0.00 M M 31.5 46 50 M M 0 8 50 40
27 84 50 67 3 0 2 0.00 M M 11.6 29 50 M M 1 1 31 50
28 83 59 71 7 0 6 0.00 M M 20.5 47 240 M M 0 56 230
29 81 59 70 6 0 5 0.00 M M 25.2 47 250 M M 0 54 250
30 72 50 61 -3 4 0 0.00 M M 22.8 47 40 M M 0 8 52 40
================================================================================
SM 2309 1560 81 73 0.00 M 718.0 M 3
================================================================================
AV 77.0 52.0 23.9 FASTST M M 0 MAX(MPH)
MISC ----> 69 240 80 240
================================================================================
NOTES:
# LAST OF SEVERAL OCCURRENCES
COLUMN 17 PEAK WIND IN M.P.H.
PRELIMINARY LOCAL CLIMATOLOGICAL DATA (WS FORM: F-6) , PAGE 2
STATION: GUADALUPE PASS
MONTH: APRIL
YEAR: 2022
LATITUDE: 31 49 N
LONGITUDE: 104 48 W
[TEMPERATURE DATA] [PRECIPITATION DATA] SYMBOLS USED IN COLUMN 16
AVERAGE MONTHLY: 64.5 TOTAL FOR MONTH: 0.00 1 = FOG OR MIST
DPTR FM NORMAL: 3.1 DPTR FM NORMAL: -0.22 2 = FOG REDUCING VISIBILITY
HIGHEST: 88 ON 22 GRTST 24HR 0.00 ON 1- 1 TO 1/4 MILE OR LESS
LOWEST: 40 ON 8 3 = THUNDER
SNOW, ICE PELLETS, HAIL 4 = ICE PELLETS
TOTAL MONTH: M 5 = HAIL
GRTST 24HR M ON M 6 = FREEZING RAIN OR DRIZZLE
GRTST DEPTH: M ON M 7 = DUSTSTORM OR SANDSTORM:
VSBY 1/2 MILE OR LESS
8 = SMOKE OR HAZE
[NO. OF DAYS WITH] [WEATHER - DAYS WITH] 9 = BLOWING SNOW
X = TORNADO
MAX 32 OR BELOW: 0 0.01 INCH OR MORE: 0
MAX 90 OR ABOVE: 0 0.10 INCH OR MORE: 0
MIN 32 OR BELOW: 0 0.50 INCH OR MORE: 0
MIN 0 OR BELOW: 0 1.00 INCH OR MORE: 0
[HDD (BASE 65) ]
TOTAL THIS MO. 81 CLEAR (SCALE 0-3) 30
DPTR FM NORMAL -73 PTCLDY (SCALE 4-7) 0
TOTAL FM JUL 1 2312 CLOUDY (SCALE 8-10) 0
DPTR FM NORMAL -651
[CDD (BASE 65) ]
TOTAL THIS MO. 73
DPTR FM NORMAL 27 [PRESSURE DATA]
TOTAL FM JAN 1 86 HIGHEST SLP 30.30 ON 7
DPTR FM NORMAL 26 LOWEST SLP 29.42 ON 12
[REMARKS]
#FINAL-04-22#