000
CXUS51 KPHI 010815
CF6GED
PRELIMINARY LOCAL CLIMATOLOGICAL DATA (WS FORM: F-6)
STATION: GEORGETOWN DE
MONTH: MARCH
YEAR: 2023
LATITUDE: 38 41 N
LONGITUDE: 75 22 W
TEMPERATURE IN F: :PCPN: SNOW: WIND :SUNSHINE: SKY :PK WND
================================================================================
1 2 3 4 5 6A 6B 7 8 9 10 11 12 13 14 15 16 17 18
12Z AVG MX 2MIN
DY MAX MIN AVG DEP HDD CDD WTR SNW DPTH SPD SPD DIR MIN PSBL S-S WX SPD DR
================================================================================
1 55 30 43 1 22 0 0.00 M M 5.1 16 150 M M 3 12 20 140
2 66 41 54 12 11 0 0.08 M M 3.6 15 280 M M 2 13 19 270
3 62 41 52 10 13 0 0.76 M M 11.7 24 110 M M 5 13 35 100
4 66 41 54 12 11 0 0.07 M M 12.4 28 290 M M 2 1 48 290
5 62 32 47 5 18 0 0.00 M M 4.8 18 280 M M 0 26 300
6 57 31 44 1 21 0 0.00 M M 3.0 12 280 M M 0 18 290
7 53 41 47 4 18 0 0.00 M M 9.9 20 330 M M 4 32 320
8 52 36 44 1 21 0 0.00 M M 9.0 21 360 M M 1 30 10
9 55 35 45 1 20 0 0.00 M M 5.6 14 10 M M 0 21 10
10 52 33 43 -1 22 0 0.06 M M 6.1 14 160 M M 5 1 20 170
11 46 36 41 -3 24 0 0.00 M M 8.6 17 360 M M 8 27 310
12 47 30 39 -5 26 0 T M M 4.6 12 60 M M 4 14 40
13 46 40 43 -2 22 0 0.14 M M 6.3 12 300 M M 9 1 18 300
14 46 34 40 -5 25 0 T M M 15.7 28 290 M M 2 1 41 320
15 52 34 43 -2 22 0 0.00 M M 11.6 22 310 M M 0 38 320
16 62 28 45 -1 20 0 0.00 M M 6.8 16 210 M M 0 24 280
17 66 41 54 8 11 0 T M M 12.8 31 230 M M 4 42 230
18 62 36 49 3 16 0 0.04 M M 6.6 17 270 M M 5 24 230
19 41 28 35 -11 30 0 0.00 M M 7.6 20 290 M M 0 31 270
20 53 24 39 -8 26 0 0.00 M M 2.9 10 280 M M 0 14 290
21 64 28 46 -1 19 0 0.00 M M 5.5 15 200 M M 0 20 220
22 68 38 53 5 12 0 0.00 M M 6.5 18 180 M M 3 22 170
23 77 50 64 16 1 0 0.03 M M 10.7 20 240 M M 3 28 240
24 70 45 58 10 7 0 0.25 M M 7.1 16 50 M M 8 1 20 50
25 65 44 55 7 10 0 0.05 M M 6.3 17 110 M M 8 128 24 110
26 67 44 56 7 9 0 0.00 M M 5.3 17 290 M M 1 12 27 270
27 66 42 54 5 11 0 T M M 7.0 20 140 M M 5 18 26 160
28 60 39 50 0 15 0 0.00 M M 4.1 16 50 M M 4 1 23 10
29 60 41 51 1 14 0 0.00 M M 6.1 15 160 M M 2 1 17 160
30 53 36 45 -5 20 0 0.00 M M 7.1 15 10 M M 1 21 290
31 70 34 52 1 13 0 T M M 12.3 29 230 M M 5 42 240
================================================================================
SM 1821 1133 530 0 1.48 M 232.7 M 94
================================================================================
AV 58.7 36.5 7.5 FASTST M M 3 MAX(MPH)
MISC ----> 31 230 48 290
================================================================================
NOTES:
# LAST OF SEVERAL OCCURRENCES
COLUMN 17 PEAK WIND IN M.P.H.
PRELIMINARY LOCAL CLIMATOLOGICAL DATA (WS FORM: F-6) , PAGE 2
STATION: GEORGETOWN DE
MONTH: MARCH
YEAR: 2023
LATITUDE: 38 41 N
LONGITUDE: 75 22 W
[TEMPERATURE DATA] [PRECIPITATION DATA] SYMBOLS USED IN COLUMN 16
AVERAGE MONTHLY: 47.6 TOTAL FOR MONTH: 1.48 1 = FOG OR MIST
DPTR FM NORMAL: 1.8 DPTR FM NORMAL: -2.38 2 = FOG REDUCING VISIBILITY
HIGHEST: 77 ON 23 GRTST 24HR 0.83 ON 3- 4 TO 1/4 MILE OR LESS
LOWEST: 24 ON 20 3 = THUNDER
SNOW, ICE PELLETS, HAIL 4 = ICE PELLETS
TOTAL MONTH: M 5 = HAIL
GRTST 24HR M ON M 6 = FREEZING RAIN OR DRIZZLE
GRTST DEPTH: M ON M 7 = DUSTSTORM OR SANDSTORM:
VSBY 1/2 MILE OR LESS
8 = SMOKE OR HAZE
[NO. OF DAYS WITH] [WEATHER - DAYS WITH] 9 = BLOWING SNOW
X = TORNADO
MAX 32 OR BELOW: 0 0.01 INCH OR MORE: 9
MAX 90 OR ABOVE: 0 0.10 INCH OR MORE: 3
MIN 32 OR BELOW: 8 0.50 INCH OR MORE: 1
MIN 0 OR BELOW: 0 1.00 INCH OR MORE: 0
[HDD (BASE 65) ]
TOTAL THIS MO. 530 CLEAR (SCALE 0-3) 18
DPTR FM NORMAL -70 PTCLDY (SCALE 4-7) 11
TOTAL FM JUL 1 3105 CLOUDY (SCALE 8-10) 2
DPTR FM NORMAL -549
[CDD (BASE 65) ]
TOTAL THIS MO. 0
DPTR FM NORMAL -3 [PRESSURE DATA]
TOTAL FM JAN 1 0 HIGHEST SLP 30.46 ON 21
DPTR FM NORMAL -3 LOWEST SLP 29.24 ON 4
[REMARKS]
#FINAL-03-23#