000
CXUS53 KIND 010600
CF6GEZ
PRELIMINARY LOCAL CLIMATOLOGICAL DATA (WS FORM: F-6)
STATION: SHELBYVILLE IN
MONTH: APRIL
YEAR: 2023
LATITUDE: 39 35 N
LONGITUDE: 85 48 W
TEMPERATURE IN F: :PCPN: SNOW: WIND :SUNSHINE: SKY :PK WND
================================================================================
1 2 3 4 5 6A 6B 7 8 9 10 11 12 13 14 15 16 17 18
12Z AVG MX 2MIN
DY MAX MIN AVG DEP HDD CDD WTR SNW DPTH SPD SPD DIR MIN PSBL S-S WX SPD DR
================================================================================
1 60 40 50 1 15 0 0.05 M M 17.8 39 270 M M 7 56 290
2 59 38 49 -1 16 0 0.00 M M 7.6 20 170 M M 5 24 160
3 76 43 60 10 5 0 0.00 M M 13.1 24 180 M M 3 34 160
4 80 58 69 19 0 4 T M M 14.0 25 180 M M 7 138 33 180
5 76 50 63 12 2 0 0.78 M M 14.7 25 180 M M 6 138 36 280
6 55 40 48 -3 17 0 0.00 M M 6.9 17 340 M M 5 21 330
7 59 38 49 -2 16 0 0.00 M M 8.7 17 50 M M 0 23 60
8 63 38 51 -1 14 0 0.00 M M 10.3 18 80 M M 0 25 70
9 68 36 52 0 13 0 0.00 M M 8.4 18 100 M M 0 25 100
10 72 39 56 4 9 0 0.00 M M 4.7 12 140 M M 0 15 140
11 78 38 58 5 7 0 0.00 M M 6.0 16 260 M M 0 24 290
12 81 49 65 12 0 0 0.00 M M 8.9 20 260 M M 0 26 260
13 81 46 64 10 1 0 0.00 M M 4.9 12 160 M M 0 17 140
14 81 55 68 14 0 3 T M M 5.8 15 150 M M 5 18 160
15 83 60 72 18 0 7 0.00 M M 7.1 16 190 M M 4 22 250
16 72 43 58 3 7 0 0.08 M M 15.5 31 240 M M 8 18 44 230
17 50 37 44 -11 21 0 0.04 M M 13.1 28 270 M M 8 18 37 260
18 65 32 49 -6 16 0 0.00 M M 6.9 16 270 M M 0 23 290
19 84 43 64 8 1 0 0.00 M M 12.4 28 200 M M 0 37 200
20 87 54 71 15 0 6 0.00 M M 14.9 29 180 M M 2 41 170
21 69 49 59 3 6 0 0.29 M M 6.5 18 320 M M 8 18 25 240
22 57 42 50 -7 15 0 T M M 12.3 24 290 M M 8 32 270
23 48 35 42 -15 23 0 0.00 M M 8.6 16 260 M M 9 23 250
24 54 30 42 -16 23 0 0.00 M M 6.5 16 320 M M 2 23 300
25 60 35 48 -10 17 0 T M M 7.0 18 240 M M 7 25 280
26 63 38 51 -7 14 0 T M M 6.5 12 360 M M 3 18 18 330
27 69 39 54 -5 11 0 0.42 M M 9.8 16 70 M M 3 1 21 110
28 58 48 53 -6 12 0 0.41 M M 10.1 17 300 M M 10 18 27 50
29 71 43 57 -2 8 0 0.13 M M 8.5 28 210 M M 3 1238 38 200
30 56 43 50 -10 15 0 0.20 M M 13.5 29 280 M M 8 123 40 270
================================================================================
SM 2035 1279 304 20 2.40 M 291.0 M 121
================================================================================
AV 67.8 42.6 9.7 FASTST M M 4 MAX(MPH)
MISC ----> 39 270 56 290
================================================================================
NOTES:
# LAST OF SEVERAL OCCURRENCES
COLUMN 17 PEAK WIND IN M.P.H.
PRELIMINARY LOCAL CLIMATOLOGICAL DATA (WS FORM: F-6) , PAGE 2
STATION: SHELBYVILLE IN
MONTH: APRIL
YEAR: 2023
LATITUDE: 39 35 N
LONGITUDE: 85 48 W
[TEMPERATURE DATA] [PRECIPITATION DATA] SYMBOLS USED IN COLUMN 16
AVERAGE MONTHLY: 55.2 TOTAL FOR MONTH: 2.40 1 = FOG OR MIST
DPTR FM NORMAL: 0.7 DPTR FM NORMAL: -2.14 2 = FOG REDUCING VISIBILITY
HIGHEST: 87 ON 20 GRTST 24HR 0.83 ON 27-28 TO 1/4 MILE OR LESS
LOWEST: 30 ON 24 3 = THUNDER
SNOW, ICE PELLETS, HAIL 4 = ICE PELLETS
TOTAL MONTH: M 5 = HAIL
GRTST 24HR M ON M 6 = FREEZING RAIN OR DRIZZLE
GRTST DEPTH: M ON M 7 = DUSTSTORM OR SANDSTORM:
VSBY 1/2 MILE OR LESS
8 = SMOKE OR HAZE
[NO. OF DAYS WITH] [WEATHER - DAYS WITH] 9 = BLOWING SNOW
X = TORNADO
MAX 32 OR BELOW: 0 0.01 INCH OR MORE: 9
MAX 90 OR ABOVE: 0 0.10 INCH OR MORE: 6
MIN 32 OR BELOW: 2 0.50 INCH OR MORE: 1
MIN 0 OR BELOW: 0 1.00 INCH OR MORE: 0
[HDD (BASE 65) ]
TOTAL THIS MO. 304 CLEAR (SCALE 0-3) 14
DPTR FM NORMAL -29 PTCLDY (SCALE 4-7) 14
TOTAL FM JUL 1 4210 CLOUDY (SCALE 8-10) 2
DPTR FM NORMAL -714
[CDD (BASE 65) ]
TOTAL THIS MO. 20
DPTR FM NORMAL 2 [PRESSURE DATA]
TOTAL FM JAN 1 20 HIGHEST SLP M ON M
DPTR FM NORMAL -1 LOWEST SLP 29.41 ON 1
[REMARKS]
#FINAL-04-23#