077
CXUS51 KALY 031509
CLSGFL
CLIMATE REPORT
NATIONAL WEATHER SERVICE ALBANY NY
1009 AM EST WED MAR 03 2021
...................................
...THE GLENS FALLS NY CLIMATE SUMMARY FOR THE SEASON, FROM
12/1/2020 TO 2/28/2021...
CLIMATE NORMAL PERIOD: 1981 TO 2010
CLIMATE RECORD PERIOD: 1893 TO 2021
WEATHER OBSERVED NORMAL DEPART LAST YEAR`S
VALUE DATE(S) VALUE FROM VALUE DATE(S)
NORMAL
................................................................
TEMPERATURE (F)
RECORD
HIGH 70 02/25/2017
LOW -36 01/05/1904
HIGHEST 58 12/01 60 01/11
LOWEST -15 01/30 -13 02/15
AVG. MAXIMUM 32.6 31.8 0.8 34.2
AVG. MINIMUM 15.0 11.1 3.9 16.0
MEAN 23.8 21.4 2.4 25.1
DAYS MAX >= 90 0 0.0 0.0 0
DAYS MAX <= 32 45 44.0 1.0 35
DAYS MIN <= 32 86 86.0 0.0 87
DAYS MIN <= 0 10 19.6 -9.6 14
PRECIPITATION (INCHES)
RECORD
MAXIMUM 13.50 1903
MINIMUM 3.23 1980
TOTALS 4.92 7.99 -3.07 7.17
DAILY AVG. 0.05 0.08
DAYS >= .01 28 32.3 -4.3 30
DAYS >= .10 13 17.1 -4.1 20
DAYS >= .50 4 5.2 -1.2 3
DAYS >= 1.00 0 1.5 -1.5 0
GREATEST
24 HR. TOTAL 0.82 02/15 TO 02/16
DEGREE DAYS
HEATING TOTAL 3681 3922 -241 3564
SINCE 7/1 5184 5620 -436 5275
COOLING TOTAL 0 0 0 0
SINCE 1/1 0 0 0 0
................................................................
WIND (MPH)
AVERAGE WIND SPEED 4.9
HIGHEST WIND SPEED/DIRECTION 25/320 DATE 12/15
HIGHEST GUST SPEED/DIRECTION 36/240 DATE 12/15
WEATHER CONDITIONS. NUMBER OF DAYS WITH
THUNDERSTORM 0 MIXED PRECIP 0
HEAVY RAIN 0 RAIN 1
LIGHT RAIN 13 FREEZING RAIN 2
LT FREEZING RAIN 3 HAIL 0
HEAVY SNOW 2 SNOW 9
LIGHT SNOW 38 SLEET 0
FOG 47 FOG W/VIS <= 1/4 MILE 17
HAZE 25
- INDICATES NEGATIVE NUMBERS.
R INDICATES RECORD WAS SET OR TIED.
MM INDICATES DATA IS MISSING.
T INDICATES TRACE AMOUNT.
$$