000
CXUS51 KALY 021354
CLSGFL
CLIMATE REPORT
NATIONAL WEATHER SERVICE ALBANY NY
854 AM EST SAT DEC 02 2023
...................................
...THE GLENS FALLS NY CLIMATE SUMMARY FOR THE SEASON, FROM
9/1/2023 TO 11/30/2023...
CLIMATE NORMAL PERIOD: 1991 TO 2020
CLIMATE RECORD PERIOD: 1893 TO 2023
WEATHER OBSERVED NORMAL DEPART LAST YEAR`S
VALUE DATE(S) VALUE FROM VALUE DATE(S)
NORMAL
................................................................
TEMPERATURE (F)
RECORD
HIGH 97 09/02/1953
LOW -7 11/24/1914
HIGHEST 90 09/07 81 09/04
09/09
09/10
LOWEST 15 11/21 17 11/15
11/25
11/21
AVG. MAXIMUM 60.3 59.3 1.0 61.1
AVG. MINIMUM 39.9 37.3 2.6 37.7
MEAN 50.1 48.3 1.8 49.4
DAYS MAX >= 90 1 0.3 0.7 0
DAYS MAX <= 32 2 1.9 0.1 1
DAYS MIN <= 32 30 32.6 -2.6 36
DAYS MIN <= 0 0 0.0 0.0 0
PRECIPITATION (INCHES)
RECORD
MAXIMUM 16.60 2005
MINIMUM 1.86 1964
TOTALS 7.98 9.99 -2.01 10.47
DAILY AVG. 0.09 0.12
DAYS >= .01 30 31.6 -1.6 28
DAYS >= .10 18 18.9 -0.9 23
DAYS >= .50 4 7.1 -3.1 9
DAYS >= 1.00 2 1.9 0.1 1
GREATEST
24 HR. TOTAL 1.42 10/07 TO 10/08
10/20 TO 10/21
DEGREE DAYS
HEATING TOTAL 1405 1557 -152 1434
SINCE 7/1 1435 1603 -168 1451
COOLING TOTAL 75 35 40 19
SINCE 1/1 439 408 31 455
................................................................
WIND (MPH)
AVERAGE WIND SPEED 4.0
HIGHEST WIND SPEED/DIRECTION 21/260 DATE 10/16
HIGHEST GUST SPEED/DIRECTION 27/310 DATE 09/07
WEATHER CONDITIONS. NUMBER OF DAYS WITH
THUNDERSTORM 3 MIXED PRECIP 0
HEAVY RAIN 6 RAIN 12
LIGHT RAIN 29 FREEZING RAIN 1
LT FREEZING RAIN 3 HAIL 0
HEAVY SNOW 1 SNOW 3
LIGHT SNOW 6 SLEET 0
FOG 67 FOG W/VIS <= 1/4 MILE 31
HAZE 10
- INDICATES NEGATIVE NUMBERS.
R INDICATES RECORD WAS SET OR TIED.
MM INDICATES DATA IS MISSING.
T INDICATES TRACE AMOUNT.
$$