000
CXUS55 KGJT 011000
CF6GJT
PRELIMINARY LOCAL CLIMATOLOGICAL DATA (WS FORM: F-6)

                                          STATION:   GRAND JUNCTION CO
                                          MONTH:     MARCH
                                          YEAR:      2018
                                          LATITUDE:   39  7 N
                                          LONGITUDE: 108 32 W

  TEMPERATURE IN F:       :PCPN:    SNOW:  WIND      :SUNSHINE: SKY     :PK WND
================================================================================
1   2   3   4   5  6A  6B    7    8   9   10  11  12  13   14  15   16   17  18
                                     12Z  AVG MX 2MIN
DY MAX MIN AVG DEP HDD CDD  WTR  SNW DPTH SPD SPD DIR MIN PSBL S-S WX    SPD DR
================================================================================

 1  54  28  41   1  24   0 0.00  0.0    0 11.5 22 260   M    M   3        28 250
 2  64  30  47   7  18   0 0.00  0.0    0 13.5 28 160   M    M   1        46 160
 3  66  50  58  18   7   0 0.00  0.0    0 18.8 32 140   M    M   0        49 140
 4  56  20  38  -3  27   0 0.02    T    0 14.3 32 300   M    M   4 1      39 150
 5  43  15  29 -12  36   0 0.00  0.0    0  5.8 18 260   M    M   1        23 250
 6  48  14  31 -11  34   0 0.00  0.0    0  3.8 14 160   M    M   0        18 120
 7  54  17  36  -6  29   0 0.00  0.0    0  4.2 13 140   M    M   0        16 160
 8  60  24  42   0  23   0 0.00  0.0    0  4.0 14 320   M    M   0        17 290
 9  62  30  46   4  19   0 0.00  0.0    0  6.0 14 120   M    M   1        19 130
10  62  35  49   6  16   0 0.00  0.0    0  8.9 25  50   M    M   1        30 280
11  59  34  47   4  18   0 0.00  0.0    0  5.2 13 130   M    M   0        17 120
12  63  29  46   3  19   0 0.00  0.0    0  4.4 13 310   M    M   3        18 320
13  65  33  49   6  16   0 0.00  0.0    0  6.5 15 120   M    M   4        18 280
14  72  33  53   9  12   0 0.00  0.0    0 13.1 25 170   M    M   1        35 180
15  61  35  48   4  17   0 0.19    T    0 11.0 28 130   M    M   7 15     34 250
16  53  33  43  -1  22   0    T  0.0    0  5.2 14 100   M    M   4        18 330
17  59  37  48   4  17   0 0.00  0.0    0 15.2 26 200   M    M   4        35 180
18  45  30  38  -7  27   0 0.08  0.2    0 10.0 28 260   M    M   9 1      37 260
19  48  22  35 -10  30   0 0.00  0.0    0  4.3 13 280   M    M   1        16 280
20  54  27  41  -4  24   0 0.00  0.0    0  9.2 20 130   M    M   0        24 320
21  60  35  48   3  17   0 0.00  0.0    0  9.7 18  90   M    M   4        21  90
22  66  44  55   9  10   0    T  0.0    0 12.0 22 150   M    M   7        26 140
23  62  41  52   6  13   0 0.30  0.0    0  9.3 35 270   M    M   6 13     40 260
24  64  38  51   5  14   0 0.00  0.0    0 11.8 24 210   M    M   2        30 190
25  64  40  52   6  13   0 0.00  0.0    0 10.6 31 250   M    M   2        39 210
26  53  31  42  -4  23   0 0.00  0.0    0 10.0 21 310   M    M   0        29 310
27  57  34  46   0  19   0 0.00  0.0    0  7.8 17 300   M    M   0        23 300
28  58  29  44  -3  21   0 0.00  0.0    0  6.0 26  60   M    M   6        33  50
29  60  27  44  -3  21   0 0.00  0.0    0  6.4 17 300   M    M   2        23 300
30  67  31  49   2  16   0 0.00  0.0    0  7.0 24 260   M    M   0        30 280
31  72  37  55   8  10   0 0.00  0.0    0  8.6 24 250   M    M   0        30 250
================================================================================
SM 1831  963       612   0  0.59     0.2 274.1          M       73
================================================================================
AV 59.1 31.1                               8.8 FASTST   M    M   2    MAX(MPH)
                                 MISC ---->  # 35 270               # 49  140
================================================================================
NOTES:
# LAST OF SEVERAL OCCURRENCES

COLUMN 17 PEAK WIND IN M.P.H.

PRELIMINARY LOCAL CLIMATOLOGICAL DATA (WS FORM: F-6) , PAGE 2

                                          STATION:  GRAND JUNCTION CO
                                          MONTH:    MARCH
                                          YEAR:     2018
                                          LATITUDE:   39  7 N
                                          LONGITUDE: 108 32 W

[TEMPERATURE DATA]      [PRECIPITATION DATA]       SYMBOLS USED IN COLUMN 16

AVERAGE MONTHLY: 45.1   TOTAL FOR MONTH:   0.59    1 = FOG OR MIST
DPTR FM NORMAL:   1.2   DPTR FM NORMAL:   -0.33    2 = FOG REDUCING VISIBILITY
HIGHEST:    72 ON 31,14 GRTST 24HR  0.30 ON 23-23      TO 1/4 MILE OR LESS
LOWEST:     14 ON  6                               3 = THUNDER
                        SNOW, ICE PELLETS, HAIL    4 = ICE PELLETS
                        TOTAL MONTH:   0.2 INCH    5 = HAIL
                        GRTST 24HR   0.2 ON 18-18  6 = FREEZING RAIN OR DRIZZLE
                        GRTST DEPTH:   0           7 = DUSTSTORM OR SANDSTORM:
                                                       VSBY 1/2 MILE OR LESS
                                                   8 = SMOKE OR HAZE
[NO. OF DAYS WITH]      [WEATHER - DAYS WITH]      9 = BLOWING SNOW
                                                   X = TORNADO
MAX 32 OR BELOW:   0    0.01 INCH OR MORE:   4
MAX 90 OR ABOVE:   0    0.10 INCH OR MORE:   2
MIN 32 OR BELOW:  16    0.50 INCH OR MORE:   0
MIN  0 OR BELOW:   0    1.00 INCH OR MORE:   0

[HDD (BASE 65) ]
TOTAL THIS MO.   612    CLEAR  (SCALE 0-3)  19
DPTR FM NORMAL   -41    PTCLDY (SCALE 4-7)  11
TOTAL FM JUL 1  4582    CLOUDY (SCALE 8-10)  1
DPTR FM NORMAL  -450

[CDD (BASE 65) ]
TOTAL THIS MO.     0
DPTR FM NORMAL     0    [PRESSURE DATA]
TOTAL FM JAN 1     0    HIGHEST SLP 30.47 ON  6
DPTR FM NORMAL     0    LOWEST  SLP 29.51 ON 15

[REMARKS]
#FINAL-03-18#
