000
CXUS55 KGJT 011000
CF6GJT
PRELIMINARY LOCAL CLIMATOLOGICAL DATA (WS FORM: F-6)
STATION: GRAND JUNCTION CO
MONTH: MARCH
YEAR: 2020
LATITUDE: 39 7 N
LONGITUDE: 108 32 W
TEMPERATURE IN F: :PCPN: SNOW: WIND :SUNSHINE: SKY :PK WND
================================================================================
1 2 3 4 5 6A 6B 7 8 9 10 11 12 13 14 15 16 17 18
12Z AVG MX 2MIN
DY MAX MIN AVG DEP HDD CDD WTR SNW DPTH SPD SPD DIR MIN PSBL S-S WX SPD DR
================================================================================
1 60 35 48 8 17 0 0.00 0.0 0 8.6 28 260 M M 5 38 200
2 50 30 40 0 25 0 T 0.0 0 4.2 13 250 M M 6 19 240
3 56 25 41 1 24 0 0.00 0.0 0 5.1 13 150 M M 0 16 160
4 59 27 43 2 22 0 0.00 0.0 0 8.1 16 120 M M 0 23 320
5 63 26 45 4 20 0 0.00 0.0 0 6.0 13 110 M M 0 8 15 310
6 67 34 51 9 14 0 0.00 0.0 0 8.4 20 130 M M 0 25 130
7 70 43 57 15 8 0 0.00 0.0 0 13.5 25 160 M M 4 8 35 150
8 60 40 50 8 15 0 T 0.0 0 8.2 22 250 M M 7 29 240
9 60 33 47 5 18 0 0.00 0.0 0 5.0 13 330 M M 5 8 17 330
10 59 38 49 6 16 0 0.00 0.0 0 7.7 16 110 M M 5 23 300
11 51 37 44 1 21 0 0.02 0.0 0 6.7 16 110 M M 8 1 20 110
12 63 38 51 8 14 0 0.00 0.0 0 5.3 13 310 M M 2 1 17 320
13 58 39 49 6 16 0 0.09 0.0 0 10.6 33 300 M M 6 3 41 300
14 55 41 48 4 17 0 T 0.0 0 9.4 22 150 M M 9 28 160
15 64 37 51 7 14 0 T 0.0 0 8.4 23 210 M M 4 33 200
16 65 38 52 8 13 0 0.00 0.0 0 9.5 17 120 M M 0 24 300
17 67 43 55 11 10 0 0.00 0.0 0 9.8 23 190 M M 0 32 170
18 61 39 50 5 15 0 0.03 0.0 0 11.5 29 250 M M 6 37 250
19 52 32 42 -3 23 0 0.90 1.0 0 6.8 15 50 M M 9 1 21 290
20 49 32 41 -4 24 0 0.05 T 0 7.2 22 320 M M 8 5 26 330
21 53 30 42 -3 23 0 0.01 0.0 0 5.6 24 240 M M 5 32 200
22 54 33 44 -2 21 0 0.11 0.0 0 4.2 18 290 M M 4 1 28 270
23 51 35 43 -3 22 0 0.04 0.0 0 6.1 21 300 M M 8 26 300
24 57 34 46 0 19 0 0.00 0.0 0 5.1 14 120 M M 6 17 290
25 62 41 52 6 13 0 0.00 0.0 0 6.9 23 260 M M 1 29 260
26 61 37 49 3 16 0 0.00 0.0 0 9.6 24 300 M M 1 32 300
27 43 31 37 -9 28 0 0.19 0.7 0 6.9 23 200 M M 9 1238 31 200
28 47 26 37 -10 28 0 0.00 0.0 T 3.9 12 100 M M 4 14 300
29 53 32 43 -4 22 0 0.01 0.0 0 7.9 17 220 M M 6 22 210
30 58 38 48 1 17 0 T 0.0 0 5.6 17 330 M M 6 23 320
31 66 37 52 5 13 0 0.00 0.0 0 9.9 17 120 M M 2 22 130
================================================================================
SM 1794 1081 568 0 1.45 1.7 231.7 M 136
================================================================================
AV 57.9 34.9 7.5 FASTST M M 4 MAX(MPH)
MISC ----> # 33 300 # 41 300
================================================================================
NOTES:
# LAST OF SEVERAL OCCURRENCES
COLUMN 17 PEAK WIND IN M.P.H.
PRELIMINARY LOCAL CLIMATOLOGICAL DATA (WS FORM: F-6) , PAGE 2
STATION: GRAND JUNCTION CO
MONTH: MARCH
YEAR: 2020
LATITUDE: 39 7 N
LONGITUDE: 108 32 W
[TEMPERATURE DATA] [PRECIPITATION DATA] SYMBOLS USED IN COLUMN 16
AVERAGE MONTHLY: 46.4 TOTAL FOR MONTH: 1.45 1 = FOG OR MIST
DPTR FM NORMAL: 2.5 DPTR FM NORMAL: 0.53 2 = FOG REDUCING VISIBILITY
HIGHEST: 70 ON 7 GRTST 24HR 0.90 ON 19-19 TO 1/4 MILE OR LESS
LOWEST: 25 ON 3 3 = THUNDER
SNOW, ICE PELLETS, HAIL 4 = ICE PELLETS
TOTAL MONTH: 1.7 INCHES 5 = HAIL
GRTST 24HR 1.0 ON 19-19 6 = FREEZING RAIN OR DRIZZLE
GRTST DEPTH: T 7 = DUSTSTORM OR SANDSTORM:
VSBY 1/2 MILE OR LESS
8 = SMOKE OR HAZE
[NO. OF DAYS WITH] [WEATHER - DAYS WITH] 9 = BLOWING SNOW
X = TORNADO
MAX 32 OR BELOW: 0 0.01 INCH OR MORE: 10
MAX 90 OR ABOVE: 0 0.10 INCH OR MORE: 3
MIN 32 OR BELOW: 10 0.50 INCH OR MORE: 1
MIN 0 OR BELOW: 0 1.00 INCH OR MORE: 0
[HDD (BASE 65) ]
TOTAL THIS MO. 568 CLEAR (SCALE 0-3) 10
DPTR FM NORMAL -85 PTCLDY (SCALE 4-7) 16
TOTAL FM JUL 1 5073 CLOUDY (SCALE 8-10) 5
DPTR FM NORMAL 41
[CDD (BASE 65) ]
TOTAL THIS MO. 0
DPTR FM NORMAL 0 [PRESSURE DATA]
TOTAL FM JAN 1 0 HIGHEST SLP 30.41 ON 5
DPTR FM NORMAL 0 LOWEST SLP 29.48 ON 19
[REMARKS]
#FINAL-03-20#