000
CXUS54 KFWD 010730
CF6GKY
PRELIMINARY LOCAL CLIMATOLOGICAL DATA (WS FORM: F-6)
STATION: ARLINGTON
MONTH: OCTOBER
YEAR: 2022
LATITUDE: 32 39 N
LONGITUDE: 97 6 W
TEMPERATURE IN F: :PCPN: SNOW: WIND :SUNSHINE: SKY :PK WND
================================================================================
1 2 3 4 5 6A 6B 7 8 9 10 11 12 13 14 15 16 17 18
12Z AVG MX 2MIN
DY MAX MIN AVG DEP HDD CDD WTR SNW DPTH SPD SPD DIR MIN PSBL S-S WX SPD DR
================================================================================
1 82 47 65 -9 0 0 0.00 M M 3.0 13 50 M M 0 18 40
2 83 47 65 -8 0 0 0.00 M M 2.2 14 90 M M 0 19 80
3 85 49 67 -6 0 2 0.00 M M 2.2 10 80 M M 0 16 120
4 86 52 69 -3 0 4 0.00 M M 3.1 13 150 M M 0 20 150
5 88 53 71 -1 0 6 0.00 M M 2.1 12 130 M M 0 15 130
6 89 59 74 2 0 9 0.00 M M 1.8 9 40 M M 0 12 360
7 88 59 74 3 0 9 0.00 M M 4.7 15 10 M M 1 19 10
8 81 60 71 0 0 6 0.00 M M 8.9 16 350 M M 3 20 360
9 83 55 69 -1 0 4 0.00 M M 3.7 12 120 M M 0 15 130
10 88 60 74 4 0 9 T M M 7.0 17 140 M M 0 22 150
11 85 63 74 4 0 9 T M M 10.8 20 150 M M 3 31 140
12 96 69 83 14 0 18 0.00 M M 9.8 18 360 M M 0 26 360
13 83 53 68 -1 0 3 0.00 M M 6.1 15 330 M M 0 23 340
14 88 49 69 0 0 4 0.00 M M 5.5 14 160 M M 0 20 170
15 94 71 83 15 0 18 0.00 M M 9.9 18 150 M M 0 28 170
16 79 65 72 4 0 7 T M M 10.9 29 330 M M 6 13 37 340
17 71 52 62 -5 3 0 M M M 11.3 21 340 M M 1 26 10
18 66 44 55 -12 10 0 0.00 M M 9.5 18 330 M M 0 26 320
19 69 35 52 -15 13 0 0.00 M M 4.0 10 150 M M 0 14 140
20 86 45 66 0 0 1 0.00 M M 5.5 16 270 M M 0 29 280
21 91 45 68 2 0 3 0.00 M M 8.0 18 160 M M 0 30 160
22 87 64 76 10 0 11 0.00 M M 16.5 28 150 M M 0 40 180
23 86 70 78 13 0 13 0.00 M M 18.9 30 150 M M 3 45 170
24 76 58 67 2 0 2 M M M 10.4 32 280 M M 9 13 46 300
25 72 45 59 -5 6 0 M M M 10.8 33 310 M M 3 49 310
26 73 41 57 -7 8 0 0.00 M M 3.8 12 140 M M 0 20 100
27 76 50 63 -1 2 0 0.00 M M 9.5 18 140 M M 0 27 140
28 63 53 58 -5 7 0 1.90 M M 12.1 36 40 M M 9 13 48 50
29 65 56 61 -2 4 0 0.13 M M 9.5 18 310 M M 10 1 24 310
30 76 52 64 2 1 0 0.00 M M 5.2 16 320 M M 0 23 330
31 78 49 64 2 1 0 0.00 M M 0.9 7 20 M M 0 1 9 150
================================================================================
SM 2513 1670 55 138 2.03 M 227.6 M 48
================================================================================
AV 81.1 53.9 7.3 FASTST M M 2 MAX(MPH)
MISC ----> 36 40 49 310
================================================================================
NOTES:
# LAST OF SEVERAL OCCURRENCES
COLUMN 17 PEAK WIND IN M.P.H.
PRELIMINARY LOCAL CLIMATOLOGICAL DATA (WS FORM: F-6) , PAGE 2
STATION: ARLINGTON
MONTH: OCTOBER
YEAR: 2022
LATITUDE: 32 39 N
LONGITUDE: 97 6 W
[TEMPERATURE DATA] [PRECIPITATION DATA] SYMBOLS USED IN COLUMN 16
AVERAGE MONTHLY: 67.5 TOTAL FOR MONTH: 2.03 1 = FOG OR MIST
DPTR FM NORMAL: -0.3 DPTR FM NORMAL: -2.69 2 = FOG REDUCING VISIBILITY
HIGHEST: 96 ON 12 GRTST 24HR 1.96 ON 28-29 TO 1/4 MILE OR LESS
LOWEST: 35 ON 19 3 = THUNDER
SNOW, ICE PELLETS, HAIL 4 = ICE PELLETS
TOTAL MONTH: M 5 = HAIL
GRTST 24HR M ON M 6 = FREEZING RAIN OR DRIZZLE
GRTST DEPTH: M ON M 7 = DUSTSTORM OR SANDSTORM:
VSBY 1/2 MILE OR LESS
8 = SMOKE OR HAZE
[NO. OF DAYS WITH] [WEATHER - DAYS WITH] 9 = BLOWING SNOW
X = TORNADO
MAX 32 OR BELOW: 0 0.01 INCH OR MORE: 2
MAX 90 OR ABOVE: 3 0.10 INCH OR MORE: 2
MIN 32 OR BELOW: 0 0.50 INCH OR MORE: 1
MIN 0 OR BELOW: 0 1.00 INCH OR MORE: 1
[HDD (BASE 65) ]
TOTAL THIS MO. 55 CLEAR (SCALE 0-3) 26
DPTR FM NORMAL -14 PTCLDY (SCALE 4-7) 2
TOTAL FM JUL 1 55 CLOUDY (SCALE 8-10) 3
DPTR FM NORMAL -18
[CDD (BASE 65) ]
TOTAL THIS MO. 138
DPTR FM NORMAL -18 [PRESSURE DATA]
TOTAL FM JAN 1 3258 HIGHEST SLP M ON M
DPTR FM NORMAL 469 LOWEST SLP 29.58 ON 24
[REMARKS]
#FINAL-10-22#