000
CXUS53 KAPX 010730
CF6GLR
PRELIMINARY LOCAL CLIMATOLOGICAL DATA (WS FORM: F-6)
STATION: GAYLORD
MONTH: AUGUST
YEAR: 2022
LATITUDE: 45 0 N
LONGITUDE: 84 42 W
TEMPERATURE IN F: :PCPN: SNOW: WIND :SUNSHINE: SKY :PK WND
================================================================================
1 2 3 4 5 6A 6B 7 8 9 10 11 12 13 14 15 16 17 18
12Z AVG MX 2MIN
DY MAX MIN AVG DEP HDD CDD WTR SNW DPTH SPD SPD DIR MIN PSBL S-S WX SPD DR
================================================================================
1 76 59 68 2 0 3 0.23 M M 8.5 14 270 M M 7 18 27 350
2 82 59 71 5 0 6 0.00 M M 7.5 15 170 M M 4 24 170
3 81 68 75 9 0 10 0.44 M M 13.3 26 240 M M 4 3 36 240
4 81 59 70 4 0 5 0.00 M M 4.6 12 50 M M 1 18 60
5 87 52 70 4 0 5 0.00 M M 4.5 15 180 M M 1 19 170
6 92 66 79 13 0 14 0.00 M M 8.9 21 250 M M 1 29 240
7 78 62 70 4 0 5 0.68 M M 6.2 17 250 M M 8 18 26 240
8 65 58 62 -4 3 0 1.09 M M 5.2 14 30 M M 10 138 25 40
9 77 52 65 -1 0 0 0.00 M M 2.6 8 310 M M 1 14 290
10 83 52 68 2 0 3 0.00 M M 7.1 18 270 M M 1 27 280
11 73 51 62 -3 3 0 0.00 M M 4.5 14 30 M M 0 22 290
12 77 43 60 -5 5 0 0.00 M M 2.0 9 300 M M 0 17 310
13 69 59 64 -1 1 0 0.00 M M 4.9 12 160 M M 9 8 16 160
14 74 58 66 1 0 1 0.00 M M 4.6 12 130 M M 8 19 130
15 78 48 63 -2 2 0 0.00 M M 3.4 13 50 M M 3 18 80
16 80 51 66 1 0 1 0.00 M M 4.7 16 50 M M 1 22 50
17 83 49 66 1 0 1 0.00 M M 2.4 12 50 M M 2 3 16 30
18 82 53 68 4 0 3 0.00 M M 4.5 17 250 M M 2 3 23 250
19 82 57 70 6 0 5 0.38 M M 5.4 26 240 M M 4 138 35 240
20 79 62 71 7 0 6 0.63 M M 3.4 17 240 M M 4 123 23 230
21 79 63 71 7 0 6 0.00 M M 3.6 13 40 M M 5 128 19 40
22 77 55 66 2 0 1 0.00 M M 3.8 9 290 M M 0 14 280
23 81 53 67 3 0 2 0.00 M M 3.1 12 290 M M 3 128 17 310
24 82 60 71 7 0 6 0.22 M M 2.9 13 30 M M 6 3 21 40
25 72 65 69 6 0 4 T M M 4.0 10 170 M M 9 1 14 180
26 74 54 64 1 1 0 0.00 M M 3.8 12 40 M M 4 8 20 30
27 80 53 67 4 0 2 0.00 M M 7.1 15 180 M M 0 23 200
28 83 62 73 10 0 8 0.09 M M 10.4 20 170 M M 3 27 170
29 76 69 73 10 0 8 0.24 M M 12.4 20 220 M M 8 18 31 220
30 71 56 64 2 1 0 0.01 M M 8.1 17 270 M M 6 29 280
31 74 49 62 0 3 0 0.00 M M 7.3 20 260 M M 3 35 270
================================================================================
SM 2428 1757 19 105 4.01 M 174.7 M 118
================================================================================
AV 78.3 56.7 5.6 FASTST M M 4 MAX(MPH)
MISC ----> # 26 240 36 240
================================================================================
NOTES:
# LAST OF SEVERAL OCCURRENCES
COLUMN 17 PEAK WIND IN M.P.H.
PRELIMINARY LOCAL CLIMATOLOGICAL DATA (WS FORM: F-6) , PAGE 2
STATION: GAYLORD
MONTH: AUGUST
YEAR: 2022
LATITUDE: 45 0 N
LONGITUDE: 84 42 W
[TEMPERATURE DATA] [PRECIPITATION DATA] SYMBOLS USED IN COLUMN 16
AVERAGE MONTHLY: 67.5 TOTAL FOR MONTH: 4.01 1 = FOG OR MIST
DPTR FM NORMAL: 2.9 DPTR FM NORMAL: 0.76 2 = FOG REDUCING VISIBILITY
HIGHEST: 92 ON 6 GRTST 24HR 1.69 ON 7- 8 TO 1/4 MILE OR LESS
LOWEST: 43 ON 12 3 = THUNDER
SNOW, ICE PELLETS, HAIL 4 = ICE PELLETS
TOTAL MONTH: M 5 = HAIL
GRTST 24HR M ON M 6 = FREEZING RAIN OR DRIZZLE
GRTST DEPTH: M ON M 7 = DUSTSTORM OR SANDSTORM:
VSBY 1/2 MILE OR LESS
8 = SMOKE OR HAZE
[NO. OF DAYS WITH] [WEATHER - DAYS WITH] 9 = BLOWING SNOW
X = TORNADO
MAX 32 OR BELOW: 0 0.01 INCH OR MORE: 10
MAX 90 OR ABOVE: 1 0.10 INCH OR MORE: 8
MIN 32 OR BELOW: 0 0.50 INCH OR MORE: 3
MIN 0 OR BELOW: 0 1.00 INCH OR MORE: 1
[HDD (BASE 65) ]
TOTAL THIS MO. 19 CLEAR (SCALE 0-3) 16
DPTR FM NORMAL -63 PTCLDY (SCALE 4-7) 10
TOTAL FM JUL 1 34 CLOUDY (SCALE 8-10) 5
DPTR FM NORMAL -104
[CDD (BASE 65) ]
TOTAL THIS MO. 105
DPTR FM NORMAL 36 [PRESSURE DATA]
TOTAL FM JAN 1 391 HIGHEST SLP 30.28 ON 12
DPTR FM NORMAL 144 LOWEST SLP 29.65 ON 3
[REMARKS]
#FINAL-08-22#