000
CXUS53 KAPX 010830
CF6GLR
PRELIMINARY LOCAL CLIMATOLOGICAL DATA (WS FORM: F-6)
STATION: GAYLORD
MONTH: JANUARY
YEAR: 2021
LATITUDE: 45 0 N
LONGITUDE: 84 42 W
TEMPERATURE IN F: :PCPN: SNOW: WIND :SUNSHINE: SKY :PK WND
================================================================================
1 2 3 4 5 6A 6B 7 8 9 10 11 12 13 14 15 16 17 18
12Z AVG MX 2MIN
DY MAX MIN AVG DEP HDD CDD WTR SNW DPTH SPD SPD DIR MIN PSBL S-S WX SPD DR
================================================================================
1 29 20 25 6 40 0 0.00 M M 5.8 15 210 M M 8 22 140
2 35 24 30 11 35 0 0.00 M M 3.4 14 200 M M 7 128 18 210
3 31 24 28 10 37 0 0.00 M M 6.4 14 250 M M 10 18 18 220
4 35 28 32 14 33 0 0.00 M M 8.9 14 220 M M 7 18 18 200
5 35 30 33 15 32 0 T M M 4.0 10 310 M M 10 18 17 320
6 37 32 35 17 30 0 0.00 M M 1.3 6 330 M M 10 10 320
7 35 22 29 11 36 0 0.00 M M 2.2 9 40 M M 6 18 13 40
8 30 10 20 2 45 0 T M M 3.5 10 40 M M 4 18 15 60
9 31 12 22 4 43 0 T M M 3.1 9 290 M M 9 128 14 290
10 32 29 31 14 34 0 0.00 M M 7.7 14 250 M M 10 18 240
11 29 26 28 11 37 0 T M M 12.6 24 250 M M 10 18 33 250
12 34 29 32 15 33 0 0.00 M M 7.3 16 230 M M 10 18 25 240
13 41 30 36 19 29 0 0.00 M M 7.9 17 260 M M 8 18 25 260
14 37 32 35 18 30 0 0.00 M M 7.3 15 130 M M 10 8 23 130
15 38 34 36 19 29 0 0.07 M M 7.5 16 120 M M 10 18 24 130
16 35 32 34 17 31 0 0.05 M M 4.8 9 250 M M 10 128 12 310
17 32 27 30 13 35 0 0.01 M M 3.0 9 270 M M 10 18 16 330
18 30 23 27 10 38 0 0.01 M M 3.7 12 240 M M 10 15 240
19 27 19 23 6 42 0 0.09 M M 8.8 18 250 M M 10 1 24 240
20 27 17 22 5 43 0 T M M 12.0 26 210 M M 9 8 41 180
21 37 24 31 14 34 0 0.13 M M 15.6 28 250 M M 10 128 39 250
22 24 15 20 3 45 0 0.03 M M 8.5 15 280 M M 10 8 27 330
23 24 2 13 -4 52 0 T M M 4.7 16 240 M M 7 8 20 250
24 28 6 17 0 48 0 T M M 7.5 15 170 M M 9 8 22 180
25 28 8 18 1 47 0 0.00 M M 2.1 8 40 M M 5 8 13 30
26 25 17 21 4 44 0 T M M 7.3 18 50 M M 10 8 29 50
27 23 6 15 -2 50 0 T M M 3.5 12 330 M M 7 8 20 350
28 20 16 18 1 47 0 T M M 5.0 14 290 M M 10 24 290
29 25 0 13 -4 52 0 T M M 4.2 10 280 M M 8 18 310
30 29 -5 12 -5 53 0 0.00 M M 3.5 12 120 M M 1 18 17 100
31 31 21 26 9 39 0 0.00 M M 8.3 15 70 M M 8 25 60
================================================================================
SM 954 610 1223 0 0.39 M 191.4 M 263
================================================================================
AV 30.8 19.7 6.2 FASTST M M 8 MAX(MPH)
MISC ----> 28 250 41 180
================================================================================
NOTES:
# LAST OF SEVERAL OCCURRENCES
COLUMN 17 PEAK WIND IN M.P.H.
PRELIMINARY LOCAL CLIMATOLOGICAL DATA (WS FORM: F-6) , PAGE 2
STATION: GAYLORD
MONTH: JANUARY
YEAR: 2021
LATITUDE: 45 0 N
LONGITUDE: 84 42 W
[TEMPERATURE DATA] [PRECIPITATION DATA] SYMBOLS USED IN COLUMN 16
AVERAGE MONTHLY: 25.2 TOTAL FOR MONTH: 0.39 1 = FOG OR MIST
DPTR FM NORMAL: 8.0 DPTR FM NORMAL: -1.46 2 = FOG REDUCING VISIBILITY
HIGHEST: 41 ON 13 GRTST 24HR 0.13 ON 21-21 TO 1/4 MILE OR LESS
LOWEST: -5 ON 30 3 = THUNDER
SNOW, ICE PELLETS, HAIL 4 = ICE PELLETS
TOTAL MONTH: M 5 = HAIL
GRTST 24HR M ON M 6 = FREEZING RAIN OR DRIZZLE
GRTST DEPTH: M ON M 7 = DUSTSTORM OR SANDSTORM:
VSBY 1/2 MILE OR LESS
8 = SMOKE OR HAZE
[NO. OF DAYS WITH] [WEATHER - DAYS WITH] 9 = BLOWING SNOW
X = TORNADO
MAX 32 OR BELOW: 20 0.01 INCH OR MORE: 7
MAX 90 OR ABOVE: 0 0.10 INCH OR MORE: 1
MIN 32 OR BELOW: 30 0.50 INCH OR MORE: 0
MIN 0 OR BELOW: 2 1.00 INCH OR MORE: 0
[HDD (BASE 65) ]
TOTAL THIS MO. 1223 CLEAR (SCALE 0-3) 1
DPTR FM NORMAL -259 PTCLDY (SCALE 4-7) 11
TOTAL FM JUL 1 4123 CLOUDY (SCALE 8-10) 19
DPTR FM NORMAL -641
[CDD (BASE 65) ]
TOTAL THIS MO. 0
DPTR FM NORMAL 0 [PRESSURE DATA]
TOTAL FM JAN 1 0 HIGHEST SLP 30.55 ON 28
DPTR FM NORMAL 0 LOWEST SLP 29.42 ON 21
[REMARKS]
#FINAL-01-21#