000
CXUS54 KMAF 011110
CF6GNC
PRELIMINARY LOCAL CLIMATOLOGICAL DATA (WS FORM: F-6)
STATION: GAINES COUNTY AIRPORT
MONTH: JULY
YEAR: 2023
LATITUDE: 32 40 N
LONGITUDE: 102 39 W
TEMPERATURE IN F: :PCPN: SNOW: WIND :SUNSHINE: SKY :PK WND
================================================================================
1 2 3 4 5 6A 6B 7 8 9 10 11 12 13 14 15 16 17 18
12Z AVG MX 2MIN
DY MAX MIN AVG DEP HDD CDD WTR SNW DPTH SPD SPD DIR MIN PSBL S-S WX SPD DR
================================================================================
1 86 68 77 M 0 12 M M M 10.5 16 110 M M 5 25 90
2 92 65 79 M 0 14 0.09 M M 6.3 17 30 M M 1 31 150
3 94 65 80 M 0 15 0.02 M M 6.8 23 260 M M 0 47 320
4 95 66 81 M 0 16 M M M 4.8 9 170 M M 0 16 200
5 98 72 85 M 0 20 M M M 8.3 16 140 M M 0 22 140
6 96 72 84 M 0 19 M M M 10.4 15 140 M M 1 22 140
7 99 73 86 M 0 21 M M M 11.1 21 160 M M 0 30 170
8 97 73 85 M 0 20 0.04 M M 10.7 20 130 M M 1 28 170
9 99 74 87 M 0 22 M M M 9.8 16 80 M M 0 24 70
10 101 70 86 M 0 21 0.04 M M 8.3 21 250 M M 0 24 250
11 104 75 90 M 0 25 M M M 8.2 12 170 M M 0 20 160
12 109 80 95 M 0 30 0.09 M M 9.7 14 210 M M 0 39 50
13 106 79 93 M 0 28 M M M 6.3 9 190 M M 1 18 310
14 105 82 94 M 0 29 M M M 8.5 14 220 M M 0 18 160
15 99 75 87 M 0 22 M M M 10.7 17 90 M M 0 25 20
16 99 72 86 M 0 21 M M M 7.7 21 20 M M 1 29 20
17 103 73 88 M 0 23 M M M 8.2 13 170 M M 0 20 170
18 106 70 88 M 0 23 M M M 9.9 15 190 M M 0 24 200
19 106 73 90 M 0 25 M M M 9.8 15 180 M M 0 22 180
20 100 75 88 M 0 23 M M M 9.8 17 160 M M 0 22 160
21 99 73 86 M 0 21 M M M 9.6 21 70 M M 0 28 70
22 90 67 79 M 0 14 0.13 M M 6.7 16 80 M M 1 31 20
23 99 71 85 M 0 20 M M M 4.0 8 120 M M 1 M M
24 102 73 88 M 0 23 M M M 7.9 14 200 M M 0 21 120
25 100 73 87 M 0 22 M M M 8.9 13 160 M M 0 22 170
26 99 71 85 M 0 20 M M M 8.4 16 170 M M 0 22 170
27 99 70 85 M 0 20 M M M 7.3 17 150 M M 0 22 160
28 99 71 85 M 0 20 M M M 6.9 13 150 M M 0 20 190
29 98 74 86 M 0 21 M M M 5.9 12 70 M M 0 21 110
30 96 69 83 M 0 18 M M M 5.5 13 110 M M 1 22 120
31 99 71 85 M 0 20 M M M 5.5 14 160 M M 0 20 160
================================================================================
SM 3074 2235 0 648 0.41 M 252.5 M 13
================================================================================
AV 99.2 72.1 8.1 FASTST M M 0 MAX(MPH)
MISC ----> 23 260 47 320
================================================================================
NOTES:
# LAST OF SEVERAL OCCURRENCES
COLUMN 17 PEAK WIND IN M.P.H.
PRELIMINARY LOCAL CLIMATOLOGICAL DATA (WS FORM: F-6) , PAGE 2
STATION: GAINES COUNTY AIRPORT
MONTH: JULY
YEAR: 2023
LATITUDE: 32 40 N
LONGITUDE: 102 39 W
[TEMPERATURE DATA] [PRECIPITATION DATA] SYMBOLS USED IN COLUMN 16
AVERAGE MONTHLY: 85.6 TOTAL FOR MONTH: 0.41 1 = FOG OR MIST
DPTR FM NORMAL: 0.0 DPTR FM NORMAL: M 2 = FOG REDUCING VISIBILITY
HIGHEST: 109 ON 12 GRTST 24HR 0.13 ON 22-22 TO 1/4 MILE OR LESS
LOWEST: 65 ON 3, 2 3 = THUNDER
SNOW, ICE PELLETS, HAIL 4 = ICE PELLETS
TOTAL MONTH: M 5 = HAIL
GRTST 24HR M ON M 6 = FREEZING RAIN OR DRIZZLE
GRTST DEPTH: M ON M 7 = DUSTSTORM OR SANDSTORM:
VSBY 1/2 MILE OR LESS
8 = SMOKE OR HAZE
[NO. OF DAYS WITH] [WEATHER - DAYS WITH] 9 = BLOWING SNOW
X = TORNADO
MAX 32 OR BELOW: 0 0.01 INCH OR MORE: 6
MAX 90 OR ABOVE: 30 0.10 INCH OR MORE: 1
MIN 32 OR BELOW: 0 0.50 INCH OR MORE: 0
MIN 0 OR BELOW: 0 1.00 INCH OR MORE: 0
[HDD (BASE 65) ]
TOTAL THIS MO. 0 CLEAR (SCALE 0-3) 30
DPTR FM NORMAL M PTCLDY (SCALE 4-7) 1
TOTAL FM JUL 1 0 CLOUDY (SCALE 8-10) 0
DPTR FM NORMAL M
[CDD (BASE 65) ]
TOTAL THIS MO. 648
DPTR FM NORMAL M [PRESSURE DATA]
TOTAL FM JAN 1 1415 HIGHEST SLP M ON M
DPTR FM NORMAL M LOWEST SLP M ON M
[REMARKS]
#FINAL-07-23#