000
CXUS52 KJAX 010900
CF6GNV
PRELIMINARY LOCAL CLIMATOLOGICAL DATA (WS FORM: F-6)
STATION: GAINESVILLE
MONTH: DECEMBER
YEAR: 2023
LATITUDE: 29 40 N
LONGITUDE: 82 16 W
TEMPERATURE IN F: :PCPN: SNOW: WIND :SUNSHINE: SKY :PK WND
================================================================================
1 2 3 4 5 6A 6B 7 8 9 10 11 12 13 14 15 16 17 18
12Z AVG MX 2MIN
DY MAX MIN AVG DEP HDD CDD WTR SNW DPTH SPD SPD DIR MIN PSBL S-S WX SPD DR
================================================================================
1 82 52 67 7 0 2 0.00 0.0 0 2.5 13 160 M M 1 1 18 160
2 81 65 73 13 0 8 0.00 0.0 0 2.5 10 220 M M 8 12 16 240
3 75 69 72 13 0 7 0.02 0.0 0 6.0 15 320 M M 8 1 21 310
4 74 56 65 6 0 0 0.00 0.0 0 5.4 14 270 M M 1 1 20 260
5 69 49 59 0 6 0 0.00 0.0 0 5.2 12 290 M M 0 15 330
6 64 39 52 -7 13 0 0.00 0.0 0 7.3 17 340 M M 0 25 340
7 68 37 53 -6 12 0 0.00 0.0 0 1.5 8 170 M M 0 14 140
8 74 47 61 3 4 0 0.01 0.0 0 2.7 14 120 M M 1 18 140
9 82 53 68 10 0 3 0.00 0.0 0 2.3 15 160 M M 2 12 19 170
10 81 56 69 11 0 4 0.56 0.0 0 7.0 24 330 M M 5 12 42 310
11 63 40 52 -6 13 0 0.00 0.0 0 5.9 18 280 M M 2 29 310
12 68 37 53 -5 12 0 0.00 0.0 0 7.7 16 40 M M 1 21 40
13 67 51 59 1 6 0 T 0.0 0 10.3 18 30 M M 5 27 30
14 72 52 62 4 3 0 0.01 0.0 0 13.5 25 40 M M 5 1 45 40
15 73 54 64 7 1 0 0.01 0.0 0 10.6 21 90 M M 5 1 31 60
16 67 56 62 5 3 0 1.91 0.0 0 9.2 16 80 M M 7 1 25 50
17 70 59 65 8 0 0 3.12 0.0 0 14.2 30 360 M M 10 1 55 10
18 67 48 58 1 7 0 0.00 0.0 0 9.4 18 280 M M 2 25 280
19 56 34 45 -12 20 0 0.00 0.0 0 6.7 15 40 M M 0 22 40
20 64 37 51 -6 14 0 0.00 0.0 0 7.7 15 60 M M 1 22 50
21 70 44 57 1 8 0 0.00 0.0 0 5.3 15 60 M M 1 20 50
22 72 50 61 5 4 0 0.00 0.0 0 3.6 14 60 M M 5 18 60
23 75 52 64 8 1 0 0.00 0.0 0 5.7 16 60 M M 2 23 50
24 74 52 63 7 2 0 0.00 0.0 0 5.8 15 90 M M 4 1 22 100
25 71 63 67 11 0 2 0.23 0.0 0 6.9 15 140 M M 8 12 21 140
26 75 62 69 13 0 4 0.00 0.0 0 2.7 10 280 M M 7 12 15 280
27 67 57 62 6 3 0 T 0.0 0 5.4 10 290 M M 4 14 310
28 60 47 54 -1 11 0 0.03 0.0 0 2.3 9 190 M M 9 12 12 230
29 59 34 47 -8 18 0 0.00 0.0 0 8.1 23 270 M M 1 36 240
30 62 34 48 -7 17 0 0.00 0.0 0 5.1 21 250 M M 2 28 250
31 65 34 50 -5 15 0 0.00 0.0 0 2.5 15 250 M M 0 19 240
================================================================================
SM 2167 1520 193 30 5.90 0.0 191.0 M 107
================================================================================
AV 69.9 49.0 6.2 FASTST M M 3 MAX(MPH)
MISC ----> 30 360 55 10
================================================================================
NOTES:
# LAST OF SEVERAL OCCURRENCES
COLUMN 17 PEAK WIND IN M.P.H.
PRELIMINARY LOCAL CLIMATOLOGICAL DATA (WS FORM: F-6) , PAGE 2
STATION: GAINESVILLE
MONTH: DECEMBER
YEAR: 2023
LATITUDE: 29 40 N
LONGITUDE: 82 16 W
[TEMPERATURE DATA] [PRECIPITATION DATA] SYMBOLS USED IN COLUMN 16
AVERAGE MONTHLY: 59.5 TOTAL FOR MONTH: 5.90 1 = FOG OR MIST
DPTR FM NORMAL: 2.2 DPTR FM NORMAL: 3.02 2 = FOG REDUCING VISIBILITY
HIGHEST: 82 ON 9, 1 GRTST 24HR 5.03 ON 16-17 TO 1/4 MILE OR LESS
LOWEST: 34 ON 31,30 3 = THUNDER
SNOW, ICE PELLETS, HAIL 4 = ICE PELLETS
TOTAL MONTH: 0.0 INCH 5 = HAIL
GRTST 24HR 0.0 6 = FREEZING RAIN OR DRIZZLE
GRTST DEPTH: 0 7 = DUSTSTORM OR SANDSTORM:
VSBY 1/2 MILE OR LESS
8 = SMOKE OR HAZE
[NO. OF DAYS WITH] [WEATHER - DAYS WITH] 9 = BLOWING SNOW
X = TORNADO
MAX 32 OR BELOW: 0 0.01 INCH OR MORE: 9
MAX 90 OR ABOVE: 0 0.10 INCH OR MORE: 4
MIN 32 OR BELOW: 0 0.50 INCH OR MORE: 3
MIN 0 OR BELOW: 0 1.00 INCH OR MORE: 2
[HDD (BASE 65) ]
TOTAL THIS MO. 193 CLEAR (SCALE 0-3) 17
DPTR FM NORMAL -75 PTCLDY (SCALE 4-7) 12
TOTAL FM JUL 1 306 CLOUDY (SCALE 8-10) 2
DPTR FM NORMAL -120
[CDD (BASE 65) ]
TOTAL THIS MO. 30
DPTR FM NORMAL 2 [PRESSURE DATA]
TOTAL FM JAN 1 3158 HIGHEST SLP 30.48 ON 14
DPTR FM NORMAL 417 LOWEST SLP 29.44 ON 17
[REMARKS]
#FINAL-12-23#