000
CXUS52 KJAX 012019 RRA
CF6GNV
PRELIMINARY LOCAL CLIMATOLOGICAL DATA (WS FORM: F-6)
STATION: GAINESVILLE
MONTH: NOVEMBER
YEAR: 2023
LATITUDE: 29 40 N
LONGITUDE: 82 16 W
TEMPERATURE IN F: :PCPN: SNOW: WIND :SUNSHINE: SKY :PK WND
================================================================================
1 2 3 4 5 6A 6B 7 8 9 10 11 12 13 14 15 16 17 18
12Z AVG MX 2MIN
DY MAX MIN AVG DEP HDD CDD WTR SNW DPTH SPD SPD DIR MIN PSBL S-S WX SPD DR
================================================================================
1 69 48 59 -7 6 0 0.00 0.0 0 10.3 17 350 M M 4 27 350
2 75 42 59 -7 6 0 T 0.0 0 10.8 23 30 M M 2 30 60
3 75 53 64 -2 1 0 T 0.0 0 9.8 20 50 M M 7 1 29 50
4 79 54 67 2 0 2 0.00 0.0 0 7.0 17 30 M M 7 24 20
5 80 48 64 -1 1 0 0.00 0.0 0 4.9 15 340 M M 0 21 350
6 82 43 63 -2 2 0 0.00 0.0 0 1.9 9 60 M M 0 14 70
7 83 48 66 2 0 1 0.00 0.0 0 1.7 7 70 M M 0 10 350
8 82 47 65 1 0 0 0.00 0.0 0 1.7 10 200 M M 0 14 200
9 84 53 69 5 0 4 0.00 0.0 0 0.9 9 170 M M 1 12 180
10 87 59 73 9 0 8 0.00 0.0 0 2.8 10 250 M M 4 16 250
11 89 64 77 13 0 12 T 0.0 0 4.8 17 50 M M 6 12 23 50
12 68 60 64 1 1 0 0.00 0.0 0 8.5 14 40 M M 10 1 19 40
13 66 59 63 0 2 0 0.00 0.0 0 8.7 14 20 M M 10 1 21 10
14 73 61 67 4 0 2 0.48 0.0 0 10.4 20 50 M M 9 1 26 40
15 72 66 69 6 0 4 0.21 0.0 0 8.6 16 100 M M 10 1 23 90
16 71 67 69 7 0 4 0.44 0.0 0 8.4 15 50 M M 9 1 24 40
17 74 67 71 9 0 6 0.19 0.0 0 7.7 15 20 M M 10 1 23 360
18 81 60 71 9 0 6 0.00 0.0 0 5.3 13 340 M M 6 17 340
19 81 57 69 7 0 4 0.00 0.0 0 1.9 9 210 M M 0 13 220
20 81 56 69 7 0 4 0.00 0.0 0 3.3 10 110 M M 4 12 15 90
21 80 66 73 12 0 8 0.00 0.0 0 6.9 16 150 M M 4 21 150
22 78 53 66 5 0 1 T 0.0 0 8.5 18 260 M M 7 1 25 300
23 63 45 54 -7 11 0 0.00 0.0 0 4.1 12 30 M M 0 15 40
24 62 52 57 -4 8 0 0.02 0.0 0 3.3 9 340 M M 4 1 14 310
25 71 49 60 -1 5 0 0.02 0.0 0 4.3 13 60 M M 5 1 17 60
26 65 59 62 2 3 0 1.03 0.0 0 6.1 15 350 M M 9 1 24 340
27 67 50 59 -1 6 0 0.00 0.0 0 7.8 16 310 M M 4 1 25 320
28 60 37 49 -11 16 0 0.00 0.0 0 4.9 13 360 M M 0 18 320
29 63 35 49 -11 16 0 0.00 0.0 0 3.5 10 10 M M 0 14 340
30 71 33 52 -8 13 0 0.00 0.0 0 3.0 10 90 M M 0 15 60
================================================================================
SM 2232 1591 97 66 2.39 0.0 171.8 M 132
================================================================================
AV 74.4 53.0 5.7 FASTST M M 4 MAX(MPH)
MISC ----> 23 30 30 60
================================================================================
NOTES:
# LAST OF SEVERAL OCCURRENCES
COLUMN 17 PEAK WIND IN M.P.H.
PRELIMINARY LOCAL CLIMATOLOGICAL DATA (WS FORM: F-6) , PAGE 2
STATION: GAINESVILLE
MONTH: NOVEMBER
YEAR: 2023
LATITUDE: 29 40 N
LONGITUDE: 82 16 W
[TEMPERATURE DATA] [PRECIPITATION DATA] SYMBOLS USED IN COLUMN 16
AVERAGE MONTHLY: 63.7 TOTAL FOR MONTH: 2.39 1 = FOG OR MIST
DPTR FM NORMAL: 1.0 DPTR FM NORMAL: 0.60 2 = FOG REDUCING VISIBILITY
HIGHEST: 89 ON 11 GRTST 24HR 1.03 ON 26-26 TO 1/4 MILE OR LESS
LOWEST: 33 ON 30 3 = THUNDER
SNOW, ICE PELLETS, HAIL 4 = ICE PELLETS
TOTAL MONTH: 0.0 INCH 5 = HAIL
GRTST 24HR 0.0 6 = FREEZING RAIN OR DRIZZLE
GRTST DEPTH: 0 7 = DUSTSTORM OR SANDSTORM:
VSBY 1/2 MILE OR LESS
8 = SMOKE OR HAZE
[NO. OF DAYS WITH] [WEATHER - DAYS WITH] 9 = BLOWING SNOW
X = TORNADO
MAX 32 OR BELOW: 0 0.01 INCH OR MORE: 7
MAX 90 OR ABOVE: 0 0.10 INCH OR MORE: 5
MIN 32 OR BELOW: 0 0.50 INCH OR MORE: 1
MIN 0 OR BELOW: 0 1.00 INCH OR MORE: 1
[HDD (BASE 65) ]
TOTAL THIS MO. 97 CLEAR (SCALE 0-3) 11
DPTR FM NORMAL -36 PTCLDY (SCALE 4-7) 12
TOTAL FM JUL 1 113 CLOUDY (SCALE 8-10) 7
DPTR FM NORMAL -44
[CDD (BASE 65) ]
TOTAL THIS MO. 66
DPTR FM NORMAL 4 [PRESSURE DATA]
TOTAL FM JAN 1 3128 HIGHEST SLP 30.36 ON 2
DPTR FM NORMAL 415 LOWEST SLP 29.77 ON 18
[REMARKS]
#FINAL-11-23#