000
CXUS54 KLIX 010910
CF6GPT
PRELIMINARY LOCAL CLIMATOLOGICAL DATA (WS FORM: F-6)
STATION: GULFPORT
MONTH: FEBRUARY
YEAR: 2023
LATITUDE: 30 23 N
LONGITUDE: 89 4 W
TEMPERATURE IN F: :PCPN: SNOW: WIND :SUNSHINE: SKY :PK WND
================================================================================
1 2 3 4 5 6A 6B 7 8 9 10 11 12 13 14 15 16 17 18
12Z AVG MX 2MIN
DY MAX MIN AVG DEP HDD CDD WTR SNW DPTH SPD SPD DIR MIN PSBL S-S WX SPD DR
================================================================================
1 66 57 62 9 3 0 0.00 0.0 M 6.3 14 330 M M 10 12 17 340
2 60 51 56 3 9 0 0.07 0.0 M 7.0 18 350 M M 10 18 26 350
3 62 45 54 1 11 0 0.03 M M 12.2 20 360 M M 3 29 340
4 59 37 48 -6 17 0 0.00 0.0 M 5.4 13 80 M M 0 19 70
5 70 47 59 5 6 0 0.00 0.0 M 2.9 12 210 M M 3 19 260
6 69 42 56 2 9 0 0.00 0.0 M 6.2 16 130 M M 0 21 160
7 72 56 64 10 1 0 0.06 0.0 M 10.1 25 110 M M 8 18 33 110
8 76 66 71 17 0 6 T 0.0 M 14.7 21 150 M M 10 1 29 150
9 69 61 65 11 0 0 0.88 0.0 M 6.6 21 270 M M 10 13 32 260
10 61 53 57 2 8 0 0.07 0.0 M 7.9 16 70 M M 8 23 80
11 54 43 49 -6 16 0 0.38 0.0 M 10.0 23 300 M M 9 1 34 300
12 66 40 53 -2 12 0 0.00 0.0 M 9.6 22 320 M M 2 33 310
13 65 35 50 -5 15 0 0.00 0.0 M 3.1 13 180 M M 0 20 170
14 71 49 60 5 5 0 T M M 9.0 20 150 M M 4 1 28 150
15 74 66 70 14 0 5 0.00 0.0 M 11.0 16 130 M M 8 1 22 120
16 73 64 69 13 0 4 0.03 0.0 M 12.2 22 310 M M 10 12 30 320
17 64 38 51 -5 14 0 0.34 M M 14.7 25 340 M M 5 1 37 340
18 59 34 47 -9 18 0 0.00 0.0 M 4.6 14 50 M M 0 21 40
19 64 43 54 -2 11 0 0.00 0.0 M 4.0 12 190 M M 1 17 150
20 76 50 63 7 2 0 0.00 0.0 M 5.8 15 250 M M 4 1 27 240
21 75 66 71 14 0 6 0.00 0.0 M 7.3 14 200 M M 6 1 22 180
22 79 66 73 16 0 8 0.00 0.0 M 11.1 18 150 M M 9 12 27 170
23 77 67 72 15 0 7 0.09 0.0 M 6.3 20 140 M M 10 18 25 140
24 80 67 74 17 0 9 0.00 0.0 M 5.1 12 190 M M 9 12 19 170
25 80 69 75 17 0 10 0.00 0.0 M 4.0 12 190 M M 5 12 17 220
26 78 64 71 13 0 6 0.00 0.0 M 5.0 15 150 M M 5 12 18 150
27 82 71 77 19 0 12 0.00 0.0 M 9.5 20 230 M M 4 35 200
28 83 70 77 19 0 12 0.00 0.0 M 6.1 15 180 M M 5 1 23 180
================================================================================
SM 1964 1517 157 85 1.95 0.0 217.7 M 158
================================================================================
AV 70.1 54.2 7.8 FASTST M M 6 MAX(MPH)
MISC ----> # 25 110 37 340
================================================================================
NOTES:
# LAST OF SEVERAL OCCURRENCES
COLUMN 17 PEAK WIND IN M.P.H.
PRELIMINARY LOCAL CLIMATOLOGICAL DATA (WS FORM: F-6) , PAGE 2
STATION: GULFPORT
MONTH: FEBRUARY
YEAR: 2023
LATITUDE: 30 23 N
LONGITUDE: 89 4 W
[TEMPERATURE DATA] [PRECIPITATION DATA] SYMBOLS USED IN COLUMN 16
AVERAGE MONTHLY: 62.2 TOTAL FOR MONTH: 1.95 1 = FOG OR MIST
DPTR FM NORMAL: 6.7 DPTR FM NORMAL: -2.49 2 = FOG REDUCING VISIBILITY
HIGHEST: 83 ON 28 GRTST 24HR 0.88 ON 9- 9 TO 1/4 MILE OR LESS
LOWEST: 34 ON 18 3 = THUNDER
SNOW, ICE PELLETS, HAIL 4 = ICE PELLETS
TOTAL MONTH: 0.0 INCH 5 = HAIL
GRTST 24HR 0.0 6 = FREEZING RAIN OR DRIZZLE
GRTST DEPTH: M ON M 7 = DUSTSTORM OR SANDSTORM:
VSBY 1/2 MILE OR LESS
8 = SMOKE OR HAZE
[NO. OF DAYS WITH] [WEATHER - DAYS WITH] 9 = BLOWING SNOW
X = TORNADO
MAX 32 OR BELOW: 0 0.01 INCH OR MORE: 9
MAX 90 OR ABOVE: 0 0.10 INCH OR MORE: 3
MIN 32 OR BELOW: 0 0.50 INCH OR MORE: 1
MIN 0 OR BELOW: 0 1.00 INCH OR MORE: 0
[HDD (BASE 65) ]
TOTAL THIS MO. 157 CLEAR (SCALE 0-3) 8
DPTR FM NORMAL -125 PTCLDY (SCALE 4-7) 9
TOTAL FM JUL 1 908 CLOUDY (SCALE 8-10) 11
DPTR FM NORMAL -383
[CDD (BASE 65) ]
TOTAL THIS MO. 85
DPTR FM NORMAL 69 [PRESSURE DATA]
TOTAL FM JAN 1 122 HIGHEST SLP 30.48 ON 4
DPTR FM NORMAL 96 LOWEST SLP 29.81 ON 27
[REMARKS]
#FINAL-02-23#