000
CXUS54 KLIX 010810
CF6GPT
PRELIMINARY LOCAL CLIMATOLOGICAL DATA (WS FORM: F-6)
STATION: GULFPORT
MONTH: MARCH
YEAR: 2024
LATITUDE: 30 23 N
LONGITUDE: 89 4 W
TEMPERATURE IN F: :PCPN: SNOW: WIND :SUNSHINE: SKY :PK WND
================================================================================
1 2 3 4 5 6A 6B 7 8 9 10 11 12 13 14 15 16 17 18
12Z AVG MX 2MIN
DY MAX MIN AVG DEP HDD CDD WTR SNW DPTH SPD SPD DIR MIN PSBL S-S WX SPD DR
================================================================================
1 70 50 60 2 5 0 1.05 M M 8.9 21 130 M M 10 13 30 110
2 70 57 64 6 1 0 0.00 0.0 M 4.0 13 340 M M 10 1 16 340
3 75 63 69 10 0 4 0.00 0.0 M 8.4 17 130 M M 7 128 22 120
4 75 65 70 11 0 5 0.44 0.0 M 14.1 25 110 M M 10 18 33 100
5 72 59 66 7 0 1 0.32 0.0 M 8.1 21 100 M M 8 18 27 160
6 83 59 71 12 0 6 0.00 0.0 M 4.5 14 320 M M 4 12 20 350
7 75 57 66 7 0 1 0.00 0.0 M 7.3 15 140 M M 0 20 130
8 74 64 69 9 0 4 0.58 0.0 M 11.2 25 140 M M 7 13 38 200
9 71 57 64 4 1 0 0.03 0.0 M 12.1 21 350 M M 6 13 28 350
10 70 46 58 -2 7 0 0.00 0.0 M 8.5 20 340 M M 1 28 330
11 69 46 58 -2 7 0 0.00 0.0 M 3.1 12 80 M M 0 23 60
12 70 43 57 -3 8 0 0.00 0.0 M 3.9 14 160 M M 0 24 140
13 72 53 63 3 2 0 0.00 0.0 M 6.0 15 150 M M 4 23 150
14 77 62 70 9 0 5 0.00 0.0 M 12.4 21 140 M M 7 12 28 140
15 81 63 72 11 0 7 0.93 0.0 M 7.9 25 350 M M 7 123 40 340
16 76 61 69 8 0 4 T 0.0 M 4.8 17 310 M M 2 23 310
17 68 61 65 4 0 0 0.71 0.0 M 4.7 20 310 M M 9 123 25 310
18 71 47 59 -3 6 0 T M M 12.9 25 330 M M 4 36 310
19 61 36 49 -13 16 0 0.00 0.0 M 4.8 13 160 M M 0 19 190
20 69 40 55 -7 10 0 0.00 0.0 M 2.9 13 200 M M 1 21 210
21 68 46 57 -5 8 0 0.08 0.0 M 4.6 14 130 M M 3 1 20 120
22 72 57 65 3 0 0 0.44 0.0 M 8.5 26 110 M M 5 13 33 120
23 77 57 67 5 0 2 0.00 0.0 M 12.5 24 360 M M 5 39 10
24 66 50 58 -5 7 0 0.00 0.0 M 11.0 21 130 M M 0 28 130
25 74 66 70 7 0 5 T 0.0 M 21.2 32 120 M M 9 1 44 110
26 74 57 66 3 0 1 0.37 0.0 M 8.5 30 340 M M 5 13 46 310
27 78 54 66 3 0 1 0.00 0.0 M 9.9 18 340 M M 0 25 340
28 76 48 62 -1 3 0 0.00 0.0 M 7.7 18 30 M M 0 24 330
29 72 43 58 -6 7 0 0.00 0.0 M 5.6 17 140 M M 0 24 150
30 75 53 64 0 1 0 0.00 0.0 M 6.9 18 160 M M 1 27 140
31 78 68 73 9 0 8 0.00 0.0 M 9.2 16 150 M M 6 23 150
================================================================================
SM 2259 1688 89 54 4.95 0.0 256.1 M 131
================================================================================
AV 72.9 54.5 8.3 FASTST M M 4 MAX(MPH)
MISC ----> 32 120 46 310
================================================================================
NOTES:
# LAST OF SEVERAL OCCURRENCES
COLUMN 17 PEAK WIND IN M.P.H.
PRELIMINARY LOCAL CLIMATOLOGICAL DATA (WS FORM: F-6) , PAGE 2
STATION: GULFPORT
MONTH: MARCH
YEAR: 2024
LATITUDE: 30 23 N
LONGITUDE: 89 4 W
[TEMPERATURE DATA] [PRECIPITATION DATA] SYMBOLS USED IN COLUMN 16
AVERAGE MONTHLY: 63.7 TOTAL FOR MONTH: 4.95 1 = FOG OR MIST
DPTR FM NORMAL: 2.6 DPTR FM NORMAL: -0.27 2 = FOG REDUCING VISIBILITY
HIGHEST: 83 ON 6 GRTST 24HR 1.05 ON 29- 1 TO 1/4 MILE OR LESS
LOWEST: 36 ON 19 3 = THUNDER
SNOW, ICE PELLETS, HAIL 4 = ICE PELLETS
TOTAL MONTH: 0.0 INCH 5 = HAIL
GRTST 24HR 0.0 6 = FREEZING RAIN OR DRIZZLE
GRTST DEPTH: M ON M 7 = DUSTSTORM OR SANDSTORM:
VSBY 1/2 MILE OR LESS
8 = SMOKE OR HAZE
[NO. OF DAYS WITH] [WEATHER - DAYS WITH] 9 = BLOWING SNOW
X = TORNADO
MAX 32 OR BELOW: 0 0.01 INCH OR MORE: 10
MAX 90 OR ABOVE: 0 0.10 INCH OR MORE: 8
MIN 32 OR BELOW: 0 0.50 INCH OR MORE: 4
MIN 0 OR BELOW: 0 1.00 INCH OR MORE: 1
[HDD (BASE 65) ]
TOTAL THIS MO. 89 CLEAR (SCALE 0-3) 13
DPTR FM NORMAL -77 PTCLDY (SCALE 4-7) 13
TOTAL FM JUL 1 1199 CLOUDY (SCALE 8-10) 5
DPTR FM NORMAL -258
[CDD (BASE 65) ]
TOTAL THIS MO. 54
DPTR FM NORMAL 9 [PRESSURE DATA]
TOTAL FM JAN 1 77 HIGHEST SLP M ON M
DPTR FM NORMAL 8 LOWEST SLP 29.65 ON 8
[REMARKS]
#FINAL-03-24#