000
CXUS54 KLIX 010810
CF6GPT
PRELIMINARY LOCAL CLIMATOLOGICAL DATA (WS FORM: F-6)
STATION: GULFPORT
MONTH: AUGUST
YEAR: 2020
LATITUDE: 30 23 N
LONGITUDE: 89 4 W
TEMPERATURE IN F: :PCPN: SNOW: WIND :SUNSHINE: SKY :PK WND
================================================================================
1 2 3 4 5 6A 6B 7 8 9 10 11 12 13 14 15 16 17 18
12Z AVG MX 2MIN
DY MAX MIN AVG DEP HDD CDD WTR SNW DPTH SPD SPD DIR MIN PSBL S-S WX SPD DR
================================================================================
1 92 78 85 2 0 20 0.00 0.0 M 5.1 14 160 M M 2 19 160
2 92 75 84 1 0 19 0.00 0.0 M 2.8 12 160 M M 1 16 160
3 92 75 84 1 0 19 0.00 0.0 M 3.3 13 160 M M 3 15 150
4 94 73 84 1 0 19 0.00 0.0 M 4.0 14 300 M M 1 19 220
5 95 72 84 1 0 19 0.00 0.0 M 4.7 13 200 M M 1 20 310
6 94 73 84 1 0 19 0.00 0.0 M 3.1 12 360 M M 1 17 310
7 93 71 82 -1 0 17 0.00 0.0 M 2.7 12 160 M M 1 15 140
8 92 75 84 1 0 19 0.00 0.0 M 3.3 14 140 M M 2 3 17 170
9 93 75 84 1 0 19 0.00 0.0 M 3.8 14 180 M M 1 20 190
10 94 76 85 2 0 20 0.00 0.0 M 4.6 12 180 M M 1 18 200
11 95 76 86 3 0 21 0.01 0.0 M 5.7 20 90 M M 2 3 27 90
12 93 74 84 1 0 19 0.00 0.0 M 4.5 17 350 M M 1 3 21 350
13 91 75 83 0 0 18 0.09 0.0 M 2.1 18 340 M M 2 13 27 350
14 92 74 83 0 0 18 0.26 0.0 M 3.1 26 330 M M 3 138 39 330
15 92 75 84 1 0 19 0.06 0.0 M 4.6 22 300 M M 2 3 29 290
16 96 75 86 4 0 21 0.00 0.0 M 5.5 25 340 M M 2 40 340
17 96 72 84 2 0 19 0.00 0.0 M 5.1 13 300 M M 1 16 300
18 93 75 84 2 0 19 0.02 0.0 M 3.6 13 160 M M 1 3 18 150
19 91 74 83 1 0 18 0.00 0.0 M 3.5 13 150 M M 1 3 17 150
20 87 72 80 -2 0 15 0.00 0.0 M 6.3 21 150 M M 1 3 26 140
21 91 71 81 -1 0 16 0.03 0.0 M 5.4 16 160 M M 1 3 24 150
22 91 72 82 0 0 17 0.01 0.0 M 5.8 16 140 M M 2 8 19 160
23 89 76 83 1 0 18 0.02 0.0 M 7.3 22 130 M M 2 3 26 140
24 91 74 83 1 0 18 0.09 0.0 M 11.8 24 70 M M 7 1 32 90
25 91 78 85 3 0 20 0.13 0.0 M 14.1 30 110 M M 8 13 37 110
26 89 80 85 3 0 20 0.00 0.0 M 16.3 24 110 M M 3 32 110
27 89 77 83 1 0 18 0.93 0.0 M 13.3 26 140 M M 5 13 34 150
28 89 76 83 1 0 18 1.84 0.0 M 6.0 17 180 M M 5 18 25 160
29 90 77 84 2 0 19 0.36 0.0 M 2.5 17 270 M M 2 13 24 290
30 88 77 83 1 0 18 0.68 0.0 M 4.3 16 220 M M 4 138 25 290
31 92 78 85 4 0 20 0.00 0.0 M 4.0 17 260 M M 2 3 23 260
================================================================================
SM 2847 2321 0 579 4.53 0.0 172.2 M 71
================================================================================
AV 91.8 74.9 5.6 FASTST M M 2 MAX(MPH)
MISC ----> 30 110 40 340
================================================================================
NOTES:
# LAST OF SEVERAL OCCURRENCES
COLUMN 17 PEAK WIND IN M.P.H.
PRELIMINARY LOCAL CLIMATOLOGICAL DATA (WS FORM: F-6) , PAGE 2
STATION: GULFPORT
MONTH: AUGUST
YEAR: 2020
LATITUDE: 30 23 N
LONGITUDE: 89 4 W
[TEMPERATURE DATA] [PRECIPITATION DATA] SYMBOLS USED IN COLUMN 16
AVERAGE MONTHLY: 83.4 TOTAL FOR MONTH: 4.53 1 = FOG OR MIST
DPTR FM NORMAL: 1.0 DPTR FM NORMAL: -1.75 2 = FOG REDUCING VISIBILITY
HIGHEST: 96 ON 17,16 GRTST 24HR 2.37 ON 27-28 TO 1/4 MILE OR LESS
LOWEST: 71 ON 21, 7 3 = THUNDER
SNOW, ICE PELLETS, HAIL 4 = ICE PELLETS
TOTAL MONTH: 0.0 INCH 5 = HAIL
GRTST 24HR 0.0 6 = FREEZING RAIN OR DRIZZLE
GRTST DEPTH: M ON M 7 = DUSTSTORM OR SANDSTORM:
VSBY 1/2 MILE OR LESS
8 = SMOKE OR HAZE
[NO. OF DAYS WITH] [WEATHER - DAYS WITH] 9 = BLOWING SNOW
X = TORNADO
MAX 32 OR BELOW: 0 0.01 INCH OR MORE: 14
MAX 90 OR ABOVE: 25 0.10 INCH OR MORE: 6
MIN 32 OR BELOW: 0 0.50 INCH OR MORE: 3
MIN 0 OR BELOW: 0 1.00 INCH OR MORE: 1
[HDD (BASE 65) ]
TOTAL THIS MO. 0 CLEAR (SCALE 0-3) 25
DPTR FM NORMAL 0 PTCLDY (SCALE 4-7) 6
TOTAL FM JUL 1 0 CLOUDY (SCALE 8-10) 0
DPTR FM NORMAL 0
[CDD (BASE 65) ]
TOTAL THIS MO. 579
DPTR FM NORMAL 41 [PRESSURE DATA]
TOTAL FM JAN 1 2257 HIGHEST SLP M ON M
DPTR FM NORMAL 285 LOWEST SLP 29.78 ON 19
[REMARKS]
#FINAL-08-20#