000
CXUS53 KGRB 010915
CF6GRB
PRELIMINARY LOCAL CLIMATOLOGICAL DATA (WS FORM: F-6)
STATION: GREEN BAY WI
MONTH: JULY
YEAR: 2021
LATITUDE: 44 28 N
LONGITUDE: 88 8 W
TEMPERATURE IN F: :PCPN: SNOW: WIND :SUNSHINE: SKY :PK WND
================================================================================
1 2 3 4 5 6A 6B 7 8 9 10 11 12 13 14 15 16 17 18
12Z AVG MX 2MIN
DY MAX MIN AVG DEP HDD CDD WTR SNW DPTH SPD SPD DIR MIN PSBL S-S WX SPD DR
================================================================================
1 73 58 66 -4 0 1 0.00 0.0 0 10.1 18 30 M M 1 26 30
2 76 51 64 -6 1 0 0.00 0.0 0 4.2 10 330 M M 0 14 320
3 91 60 76 6 0 11 0.00 0.0 0 9.8 18 290 M M 0 26 280
4 89 66 78 8 0 13 0.00 0.0 0 6.2 15 220 M M 0 22 220
5 91 70 81 11 0 16 0.24 0.0 0 9.6 29 260 M M 1 13 40 260
6 89 60 75 5 0 10 0.59 0.0 0 8.0 23 20 M M 4 13 33 20
7 65 57 61 -9 4 0 0.59 0.0 0 10.8 24 40 M M 10 1 36 40
8 70 55 63 -7 2 0 0.00 0.0 0 7.4 16 10 M M 6 21 350
9 77 52 65 -6 0 0 0.00 0.0 0 3.6 12 360 M M 0 1 16 50
10 77 53 65 -6 0 0 0.00 0.0 0 3.1 14 40 M M 0 21 20
11 78 55 67 -4 0 2 0.00 0.0 0 8.8 17 50 M M 0 22 20
12 79 54 67 -4 0 2 0.00 0.0 0 6.2 14 50 M M 3 26 50
13 84 65 75 4 0 10 0.00 0.0 0 3.9 12 260 M M 6 18 16 270
14 82 64 73 2 0 8 2.01 0.0 0 7.4 22 230 M M 4 13 36 230
15 80 62 71 0 0 6 0.10 0.0 0 6.5 13 350 M M 7 1 19 340
16 78 58 68 -3 0 3 0.00 0.0 0 5.3 14 40 M M 0 1 19 50
17 80 59 70 -1 0 5 0.00 0.0 0 5.3 14 40 M M 0 18 60
18 84 57 71 0 0 6 0.00 0.0 0 2.0 8 110 M M 0 13 50
19 84 62 73 2 0 8 0.00 0.0 0 4.9 13 300 M M 0 1 19 300
20 82 61 72 1 0 7 0.00 0.0 0 9.9 17 40 M M 3 8 22 50
21 75 52 64 -7 1 0 0.00 0.0 0 4.9 16 20 M M 1 20 80
22 78 59 69 -2 0 4 0.00 0.0 0 3.8 12 170 M M 4 14 170
23 88 66 77 6 0 12 0.00 0.0 0 5.1 14 200 M M 3 18 20 210
24 87 65 76 5 0 11 0.13 0.0 0 7.8 15 260 M M 3 13 22 260
25 88 62 75 4 0 10 0.00 0.0 0 7.1 16 280 M M 0 21 280
26 90 61 76 5 0 11 T 0.0 0 7.1 41 300 M M 0 3 61 300
27 85 64 75 4 0 10 0.66 0.0 0 6.9 28 340 M M 6 13 48 330
28 83 64 74 4 0 9 0.09 0.0 0 5.3 17 10 M M 2 13 22 10
29 81 62 72 2 0 7 T 0.0 0 11.3 21 40 M M 5 29 60
30 73 54 64 -6 1 0 0.00 0.0 0 5.4 13 20 M M 0 19 20
31 80 58 69 -1 0 4 0.01 0.0 0 7.9 18 300 M M 4 138 26 250
================================================================================
SM 2517 1846 9 186 4.42 0.0 205.6 M 73
================================================================================
AV 81.2 59.5 6.6 FASTST M M 2 MAX(MPH)
MISC ----> 41 300 61 300
================================================================================
NOTES:
# LAST OF SEVERAL OCCURRENCES
COLUMN 17 PEAK WIND IN M.P.H.
PRELIMINARY LOCAL CLIMATOLOGICAL DATA (WS FORM: F-6) , PAGE 2
STATION: GREEN BAY WI
MONTH: JULY
YEAR: 2021
LATITUDE: 44 28 N
LONGITUDE: 88 8 W
[TEMPERATURE DATA] [PRECIPITATION DATA] SYMBOLS USED IN COLUMN 16
AVERAGE MONTHLY: 70.4 TOTAL FOR MONTH: 4.42 1 = FOG OR MIST
DPTR FM NORMAL: -0.1 DPTR FM NORMAL: 0.80 2 = FOG REDUCING VISIBILITY
HIGHEST: 91 ON 5, 3 GRTST 24HR 2.11 ON 14-15 TO 1/4 MILE OR LESS
LOWEST: 51 ON 2 3 = THUNDER
SNOW, ICE PELLETS, HAIL 4 = ICE PELLETS
TOTAL MONTH: 0.0 INCH 5 = HAIL
GRTST 24HR 0.0 6 = FREEZING RAIN OR DRIZZLE
GRTST DEPTH: 0 7 = DUSTSTORM OR SANDSTORM:
VSBY 1/2 MILE OR LESS
8 = SMOKE OR HAZE
[NO. OF DAYS WITH] [WEATHER - DAYS WITH] 9 = BLOWING SNOW
X = TORNADO
MAX 32 OR BELOW: 0 0.01 INCH OR MORE: 9
MAX 90 OR ABOVE: 3 0.10 INCH OR MORE: 7
MIN 32 OR BELOW: 0 0.50 INCH OR MORE: 4
MIN 0 OR BELOW: 0 1.00 INCH OR MORE: 1
[HDD (BASE 65) ]
TOTAL THIS MO. 9 CLEAR (SCALE 0-3) 20
DPTR FM NORMAL -5 PTCLDY (SCALE 4-7) 10
TOTAL FM JUL 1 9 CLOUDY (SCALE 8-10) 1
DPTR FM NORMAL 5
[CDD (BASE 65) ]
TOTAL THIS MO. 186
DPTR FM NORMAL 0 [PRESSURE DATA]
TOTAL FM JAN 1 440 HIGHEST SLP 30.27 ON 18
DPTR FM NORMAL 120 LOWEST SLP 29.75 ON 24
[REMARKS]
#FINAL-07-21#