000
CXUS53 KIWX 010810
CF6GSH
PRELIMINARY LOCAL CLIMATOLOGICAL DATA (WS FORM: F-6)
STATION: GOSHEN
MONTH: MAY
YEAR: 2023
LATITUDE: 41 31 N
LONGITUDE: 85 47 W
TEMPERATURE IN F: :PCPN: SNOW: WIND :SUNSHINE: SKY :PK WND
================================================================================
1 2 3 4 5 6A 6B 7 8 9 10 11 12 13 14 15 16 17 18
12Z AVG MX 2MIN
DY MAX MIN AVG DEP HDD CDD WTR SNW DPTH SPD SPD DIR MIN PSBL S-S WX SPD DR
================================================================================
1 42 37 40 -15 25 0 0.40 M M 17.3 28 300 M M 10 1 36 310
2 46 39 43 -12 22 0 0.10 M M 17.3 28 290 M M 10 1 38 300
3 51 39 45 -11 20 0 T M M 13.7 24 330 M M 6 1 32 330
4 66 37 52 -4 13 0 0.00 M M 1.8 5 300 M M 5 M M
5 73 44 59 3 6 0 0.00 M M 10.0 20 130 M M M 28 120
6 74 51 63 6 2 0 0.02 M M M M M M M M M M
7 80 58 69 12 0 4 0.19 M M 9.8 20 150 M M 5 13 28 130
8 64 56 60 3 5 0 0.07 M M 8.0 17 100 M M 7 1 23 100
9 72 49 61 3 4 0 0.00 M M 6.2 16 30 M M 2 23 50
10 77 44 61 3 4 0 0.00 M M 3.2 10 140 M M 0 14 140
11 81 47 64 6 1 0 0.00 M M 4.6 15 170 M M 0 22 170
12 77 61 69 10 0 4 0.04 M M 6.4 14 60 M M 4 1 19 50
13 71 63 67 8 0 2 0.10 M M 6.3 16 90 M M 10 18 22 80
14 70 57 64 4 1 0 T M M 9.2 16 80 M M 9 24 50
15 74 50 62 2 3 0 0.00 M M 5.3 12 330 M M 3 15 70
16 76 45 61 1 4 0 0.00 M M 6.9 21 320 M M 0 29 320
17 66 47 57 -4 8 0 0.00 M M 7.5 14 40 M M 0 19 30
18 71 39 55 -6 10 0 0.00 0.0 0 7.6 15 140 M M 0 20 150
19 77 49 63 2 2 0 0.10 0.0 0 10.1 20 230 M M 5 1 30 230
20 61 45 53 -9 12 0 0.00 M M 9.9 20 320 M M 1 1 27 320
21 77 41 59 -3 6 0 0.00 M M 3.7 16 330 M M 0 23 320
22 81 43 62 0 3 0 T M M 3.4 13 110 M M 0 1 19 100
23 83 50 67 4 0 2 0.00 0.0 0 3.9 12 140 M M 0 15 350
24 84 50 67 4 0 2 0.00 0.0 0 9.1 21 30 M M 0 18 28 40
25 70 44 57 -7 8 0 0.00 0.0 0 10.4 17 70 M M 0 24 20
26 77 43 60 -4 5 0 0.00 M M 8.7 18 70 M M 0 25 120
27 80 42 61 -3 4 0 0.00 M M 6.2 15 120 M M 0 21 90
28 83 53 68 3 0 3 0.00 M M 5.1 18 100 M M 0 23 100
29 88 49 69 4 0 4 0.00 M M 2.9 15 70 M M 1 21 70
30 91 58 75 10 0 10 0.00 M M 5.8 16 150 M M 1 24 140
31 91 65 78 12 0 13 0.00 M M 6.5 17 130 M M 2 25 150
================================================================================
SM 2274 1495 168 44 1.02 0.0 226.8 M 81
================================================================================
AV 73.4 48.2 7.6 FASTST M M 3 MAX(MPH)
MISC ----> # 28 300 38 300
================================================================================
NOTES:
# LAST OF SEVERAL OCCURRENCES
COLUMN 17 PEAK WIND IN M.P.H.
PRELIMINARY LOCAL CLIMATOLOGICAL DATA (WS FORM: F-6) , PAGE 2
STATION: GOSHEN
MONTH: MAY
YEAR: 2023
LATITUDE: 41 31 N
LONGITUDE: 85 47 W
[TEMPERATURE DATA] [PRECIPITATION DATA] SYMBOLS USED IN COLUMN 16
AVERAGE MONTHLY: 60.8 TOTAL FOR MONTH: 1.02 1 = FOG OR MIST
DPTR FM NORMAL: 0.5 DPTR FM NORMAL: -3.18 2 = FOG REDUCING VISIBILITY
HIGHEST: 91 ON 31,30 GRTST 24HR 0.44 ON 1- 2 TO 1/4 MILE OR LESS
LOWEST: 37 ON 4, 1 3 = THUNDER
SNOW, ICE PELLETS, HAIL 4 = ICE PELLETS
TOTAL MONTH: 0.0 INCH 5 = HAIL
GRTST 24HR 0.0 6 = FREEZING RAIN OR DRIZZLE
GRTST DEPTH: 0 7 = DUSTSTORM OR SANDSTORM:
VSBY 1/2 MILE OR LESS
8 = SMOKE OR HAZE
[NO. OF DAYS WITH] [WEATHER - DAYS WITH] 9 = BLOWING SNOW
X = TORNADO
MAX 32 OR BELOW: 0 0.01 INCH OR MORE: 8
MAX 90 OR ABOVE: 2 0.10 INCH OR MORE: 5
MIN 32 OR BELOW: 0 0.50 INCH OR MORE: 0
MIN 0 OR BELOW: 0 1.00 INCH OR MORE: 0
[HDD (BASE 65) ]
TOTAL THIS MO. 168 CLEAR (SCALE 0-3) 19
DPTR FM NORMAL -35 PTCLDY (SCALE 4-7) 6
TOTAL FM JUL 1 5374 CLOUDY (SCALE 8-10) 6
DPTR FM NORMAL -774
[CDD (BASE 65) ]
TOTAL THIS MO. 44
DPTR FM NORMAL -11 [PRESSURE DATA]
TOTAL FM JAN 1 53 HIGHEST SLP 30.37 ON 15
DPTR FM NORMAL -10 LOWEST SLP 29.33 ON 1
[REMARKS]
#FINAL-05-23#