000
CXUS53 KIWX 010810
CF6GSH
PRELIMINARY LOCAL CLIMATOLOGICAL DATA (WS FORM: F-6)
STATION: GOSHEN
MONTH: OCTOBER
YEAR: 2022
LATITUDE: 41 31 N
LONGITUDE: 85 47 W
TEMPERATURE IN F: :PCPN: SNOW: WIND :SUNSHINE: SKY :PK WND
================================================================================
1 2 3 4 5 6A 6B 7 8 9 10 11 12 13 14 15 16 17 18
12Z AVG MX 2MIN
DY MAX MIN AVG DEP HDD CDD WTR SNW DPTH SPD SPD DIR MIN PSBL S-S WX SPD DR
================================================================================
1 70 40 55 -3 10 0 0.00 M M 8.3 18 10 M M 0 1 25 20
2 68 48 58 0 7 0 0.00 M M 9.9 20 20 M M 2 27 10
3 68 34 51 -7 14 0 0.00 M M 3.2 10 50 M M 0 128 16 40
4 71 34 53 -4 12 0 0.00 M M 1.6 8 350 M M 0 1 12 10
5 74 39 57 0 8 0 0.00 M M 1.2 9 270 M M 0 18 14 270
6 72 47 60 4 5 0 0.00 M M 7.3 24 10 M M 7 33 10
7 55 38 47 -9 18 0 0.00 M M 12.2 21 10 M M 4 28 10
8 56 34 45 -11 20 0 0.00 M M 8.9 20 260 M M 5 26 260
9 67 37 52 -3 13 0 0.00 M M 7.6 22 240 M M 2 30 270
10 74 37 56 1 9 0 0.00 M M 4.3 15 220 M M 1 22 220
11 74 47 61 7 4 0 0.16 M M 11.9 28 210 M M 5 1 35 210
12 72 46 59 5 6 0 0.34 M M 14.4 36 210 M M 8 1 46 210
13 57 37 47 -7 18 0 0.02 0.0 0 14.1 33 270 M M 3 1 45 260
14 59 35 47 -6 18 0 0.10 0.0 0 10.7 28 270 M M 3 1 37 270
15 53 36 45 -8 20 0 0.00 0.0 0 11.5 24 250 M M 3 30 270
16 59 39 49 -3 16 0 0.01 0.0 0 8.1 21 310 M M 6 28 280
17 43 33 38 -14 27 0 0.37 M M 17.2 27 250 M M 9 1 38 260
18 43 33 38 -14 27 0 0.22 M M 14.2 28 260 M M 10 1 37 270
19 47 35 41 -10 24 0 0.14 M M 13.4 25 280 M M 6 1 40 340
20 56 31 44 -7 21 0 T M M 9.9 17 250 M M 5 24 240
21 73 42 58 8 7 0 0.00 M M 13.3 24 210 M M 0 32 230
22 77 51 64 14 1 0 0.00 M M 12.4 21 190 M M 0 31 200
23 77 56 67 17 0 2 0.00 M M 13.7 30 180 M M 1 40 190
24 75 57 66 17 0 1 0.00 M M 11.4 18 170 M M 1 25 160
25 75 56 66 17 0 1 0.54 M M 11.0 24 190 M M 6 1 33 170
26 62 39 51 2 14 0 0.21 M M 13.6 26 330 M M 10 1 38 320
27 55 29 42 -6 23 0 0.00 M M 5.2 14 70 M M 0 6 18 90
28 62 40 51 3 14 0 0.00 M M 5.7 10 60 M M 0 14 120
29 66 31 49 2 16 0 0.00 M M 2.7 10 140 M M 0 8 14 140
30 65 37 51 4 14 0 0.06 M M 4.9 13 140 M M 3 18 18 150
31 64 55 60 13 5 0 0.33 M M 4.5 13 290 M M 7 12 16 210
================================================================================
SM 1989 1253 391 4 2.50 0.0 288.3 M 107
================================================================================
AV 64.2 40.4 9.3 FASTST M M 3 MAX(MPH)
MISC ----> 36 210 46 210
================================================================================
NOTES:
# LAST OF SEVERAL OCCURRENCES
COLUMN 17 PEAK WIND IN M.P.H.
PRELIMINARY LOCAL CLIMATOLOGICAL DATA (WS FORM: F-6) , PAGE 2
STATION: GOSHEN
MONTH: OCTOBER
YEAR: 2022
LATITUDE: 41 31 N
LONGITUDE: 85 47 W
[TEMPERATURE DATA] [PRECIPITATION DATA] SYMBOLS USED IN COLUMN 16
AVERAGE MONTHLY: 52.3 TOTAL FOR MONTH: 2.50 1 = FOG OR MIST
DPTR FM NORMAL: -0.2 DPTR FM NORMAL: -0.48 2 = FOG REDUCING VISIBILITY
HIGHEST: 77 ON 23,22 GRTST 24HR 0.75 ON 25-26 TO 1/4 MILE OR LESS
LOWEST: 29 ON 27 3 = THUNDER
SNOW, ICE PELLETS, HAIL 4 = ICE PELLETS
TOTAL MONTH: 0.0 INCH 5 = HAIL
GRTST 24HR 0.0 6 = FREEZING RAIN OR DRIZZLE
GRTST DEPTH: 0 7 = DUSTSTORM OR SANDSTORM:
VSBY 1/2 MILE OR LESS
8 = SMOKE OR HAZE
[NO. OF DAYS WITH] [WEATHER - DAYS WITH] 9 = BLOWING SNOW
X = TORNADO
MAX 32 OR BELOW: 0 0.01 INCH OR MORE: 12
MAX 90 OR ABOVE: 0 0.10 INCH OR MORE: 9
MIN 32 OR BELOW: 3 0.50 INCH OR MORE: 1
MIN 0 OR BELOW: 0 1.00 INCH OR MORE: 0
[HDD (BASE 65) ]
TOTAL THIS MO. 391 CLEAR (SCALE 0-3) 17
DPTR FM NORMAL -9 PTCLDY (SCALE 4-7) 11
TOTAL FM JUL 1 503 CLOUDY (SCALE 8-10) 3
DPTR FM NORMAL -20
[CDD (BASE 65) ]
TOTAL THIS MO. 4
DPTR FM NORMAL -8 [PRESSURE DATA]
TOTAL FM JAN 1 814 HIGHEST SLP 30.45 ON 28
DPTR FM NORMAL 49 LOWEST SLP 29.55 ON 26
[REMARKS]
#FINAL-10-22#