000
CXGM50 PGUM 172328
CF6GSN
PRELIMINARY LOCAL CLIMATOLOGICAL DATA (WS FORM: F-6)
STATION: SAIPAN/ISLEY_(CGS) MP
MONTH: AUGUST
YEAR: 2022
LATITUDE: 15 7 N
LONGITUDE: 145-44 E
TEMPERATURE IN F: :PCPN: SNOW: WIND :SUNSHINE: SKY :PK WND
================================================================================
1 2 3 4 5 6A 6B 7 8 9 10 11 12 13 14 15 16 17 18
12Z AVG MX 2MIN
DY MAX MIN AVG DEP HDD CDD WTR SNW DPTH SPD SPD DIR MIN PSBL S-S WX SPD DR
================================================================================
1 88 79 84 2 0 19 0.01 0.0 0 10.3 20 70 M M 4 27 80
2 86 81 84 2 0 19 0.20 0.0 0 10.1 21 40 M M 5 25 60
3 88 79 84 2 0 19 0.22 0.0 0 8.5 16 40 M M 5 20 50
4 86 76 81 -1 0 16 0.61 0.0 0 6.2 17 140 M M 3 3 22 140
5 89 79 84 2 0 19 T 0.0 0 8.1 15 90 M M 2 19 110
6 89 77 83 1 0 18 0.54 0.0 0 7.8 16 130 M M 3 23 130
7 88 79 84 2 0 19 0.25 0.0 0 7.4 20 140 M M 4 3 26 140
8 86 79 83 1 0 18 0.01 0.0 0 6.4 14 70 M M 4 17 70
9 88 79 84 2 0 19 0.01 0.0 0 7.1 13 110 M M 2 16 150
10 84 75 80 -2 0 15 0.39 0.0 0 11.4 26 90 M M 5 33 100
11 88 79 84 2 0 19 0.48 0.0 0 7.0 15 80 M M 5 20 90
12 88 79 84 2 0 19 0.04 0.0 0 8.5 18 100 M M 5 24 70
13 86 79 83 1 0 18 0.92 0.0 0 8.4 22 100 M M 5 27 100
14 88 76 82 0 0 17 0.31 0.0 0 11.5 20 90 M M 5 25 90
15 88 81 85 3 0 20 T 0.0 0 11.9 16 70 M M 3 20 90
16 90 81 86 4 0 21 0.56 0.0 0 15.8 22 70 M M 4 31 120
17 88 79 84 2 0 19 1.13 0.0 0 9.0 31 170 M M 4 43 160
18 88 77 83 1 0 18 0.00 0.0 0 7.5 15 40 M M 2 21 60
19 84 75 80 -2 0 15 0.05 0.0 0 9.3 26 50 M M 6 32 50
20 84 75 80 -2 0 15 0.33 0.0 0 5.1 14 180 M M 4 18 180
21 86 75 81 -1 0 16 1.12 0.0 0 7.3 16 340 M M 5 20 340
22 82 77 80 -2 0 15 0.08 0.0 0 6.4 16 210 M M 5 22 200
23 86 77 82 0 0 17 0.17 0.0 0 8.0 15 170 M M 4 20 170
24 88 79 84 2 0 19 0.03 0.0 0 9.2 15 200 M M 2 20 180
25 90 79 85 3 0 20 0.00 0.0 0 4.5 10 140 M M 2 14 170
26 89 79 84 2 0 19 0.20 0.0 0 4.3 17 150 M M 5 23 140
27 90 81 86 4 0 21 T 0.0 0 5.0 14 160 M M 2 18 180
28 91 80 86 4 0 21 0.01 0.0 0 5.8 10 150 M M 2 15 110
29 90 78 84 2 0 19 0.10 0.0 0 4.1 17 110 M M 3 23 80
30 89 78 84 2 0 19 2.30 0.0 0 8.5 20 90 M M 4 26 90
31 87 77 82 0 0 17 0.56 0.0 0 7.8 17 160 M M 5 24 150
================================================================================
SM 2712 2424 0 565 10.63 0.0 248.2 M 119
================================================================================
AV 87.5 78.2 8.0 FASTST M M 4 MAX(MPH)
MISC ----> 31 170 43 160
================================================================================
NOTES:
# LAST OF SEVERAL OCCURRENCES
COLUMN 17 PEAK WIND IN M.P.H.
PRELIMINARY LOCAL CLIMATOLOGICAL DATA (WS FORM: F-6) , PAGE 2
STATION: SAIPAN/ISLEY_(CGS) MP
MONTH: AUGUST
YEAR: 2022
LATITUDE: 15 7 N
LONGITUDE: 145-44 E
[TEMPERATURE DATA] [PRECIPITATION DATA] SYMBOLS USED IN COLUMN 16
AVERAGE MONTHLY: 82.8 TOTAL FOR MONTH: 10.63 1 = FOG OR MIST
DPTR FM NORMAL: 0.4 DPTR FM NORMAL: -2.23 2 = FOG REDUCING VISIBILITY
HIGHEST: 91 ON 28 GRTST 24HR 2.30 ON 30-30 TO 1/4 MILE OR LESS
LOWEST: 75 ON 21,20 3 = THUNDER
SNOW, ICE PELLETS, HAIL 4 = ICE PELLETS
TOTAL MONTH: 0.0 INCH 5 = HAIL
GRTST 24HR 0.0 6 = FREEZING RAIN OR DRIZZLE
GRTST DEPTH: 0 7 = DUSTSTORM OR SANDSTORM:
VSBY 1/2 MILE OR LESS
8 = SMOKE OR HAZE
[NO. OF DAYS WITH] [WEATHER - DAYS WITH] 9 = BLOWING SNOW
X = TORNADO
MAX 32 OR BELOW: 0 0.01 INCH OR MORE: 26
MAX 90 OR ABOVE: 5 0.10 INCH OR MORE: 18
MIN 32 OR BELOW: 0 0.50 INCH OR MORE: 8
MIN 0 OR BELOW: 0 1.00 INCH OR MORE: 3
[HDD (BASE 65) ]
TOTAL THIS MO. 0 CLEAR (SCALE 0-3) 10
DPTR FM NORMAL 0 PTCLDY (SCALE 4-7) 21
TOTAL FM JUL 1 0 CLOUDY (SCALE 8-10) 0
DPTR FM NORMAL 0
[CDD (BASE 65) ]
TOTAL THIS MO. 565
DPTR FM NORMAL 27 [PRESSURE DATA]
TOTAL FM JAN 1 4206 HIGHEST SLP 29.97 ON 1
DPTR FM NORMAL 179 LOWEST SLP 29.89 ON 1
[REMARKS]
#FINAL-08-22#