000
CXUS52 KRAH 010845
CF6GSO
PRELIMINARY LOCAL CLIMATOLOGICAL DATA (WS FORM: F-6)
STATION: GREENSBORO NC
MONTH: MAY
YEAR: 2023
LATITUDE: 36 4 N
LONGITUDE: 79 57 W
TEMPERATURE IN F: :PCPN: SNOW: WIND :SUNSHINE: SKY :PK WND
================================================================================
1 2 3 4 5 6A 6B 7 8 9 10 11 12 13 14 15 16 17 18
12Z AVG MX 2MIN
DY MAX MIN AVG DEP HDD CDD WTR SNW DPTH SPD SPD DIR MIN PSBL S-S WX SPD DR
================================================================================
1 65 44 55 -9 10 0 T 0.0 0 12.2 26 230 M M 5 32 260
2 69 45 57 -7 8 0 0.00 0.0 0 13.2 30 290 M M 3 42 300
3 61 44 53 -11 12 0 0.00 0.0 0 12.7 29 310 M M 5 37 320
4 69 41 55 -10 10 0 0.00 0.0 0 6.2 13 310 M M 4 21 310
5 71 44 58 -7 7 0 0.00 0.0 0 3.8 12 290 M M 6 17 320
6 77 48 63 -2 2 0 0.00 0.0 0 3.2 13 230 M M 4 17 200
7 79 56 68 3 0 3 T 0.0 0 10.8 23 250 M M 6 30 250
8 81 62 72 6 0 7 0.00 0.0 0 7.2 15 270 M M 8 19 270
9 84 61 73 7 0 8 T 0.0 0 10.4 26 50 M M 7 35 60
10 76 55 66 0 0 1 0.00 0.0 0 5.7 13 60 M M 3 18 20
11 79 54 67 1 0 2 0.00 0.0 0 7.3 15 240 M M 6 19 220
12 81 60 71 5 0 6 0.00 0.0 0 10.0 16 200 M M 7 21 180
13 82 65 74 7 0 9 0.83 0.0 0 9.1 18 320 M M 9 13 24 330
14 79 63 71 4 0 6 0.00 0.0 0 7.6 16 60 M M 8 1 21 60
15 75 62 69 2 0 4 T 0.0 0 5.5 14 140 M M 10 21 130
16 83 62 73 5 0 8 0.41 0.0 0 11.6 32 260 M M 9 13 48 270
17 80 63 72 4 0 7 0.00 0.0 0 6.4 13 60 M M 8 17 80
18 69 59 64 -4 1 0 0.00 0.0 0 10.8 17 80 M M 10 22 60
19 66 55 61 -7 4 0 0.01 0.0 0 7.7 15 60 M M 10 18 25 50
20 74 62 68 0 0 3 T 0.0 0 4.4 13 220 M M 9 22 230
21 76 59 68 -1 0 3 0.00 0.0 0 6.3 15 40 M M 6 20 40
22 77 53 65 -4 0 0 0.00 0.0 0 6.4 17 110 M M 8 26 120
23 74 56 65 -4 0 0 0.00 0.0 0 10.7 21 60 M M 10 26 60
24 74 54 64 -6 1 0 0.00 0.0 0 8.4 20 70 M M 7 24 70
25 73 52 63 -7 2 0 0.00 0.0 0 9.9 21 60 M M 7 32 60
26 70 51 61 -9 4 0 0.00 0.0 0 12.0 23 60 M M 9 29 50
27 61 53 57 -13 8 0 0.15 0.0 0 12.7 21 50 M M 10 1 27 50
28 61 53 57 -14 8 0 1.19 0.0 0 11.3 24 50 M M 10 13 31 40
29 72 59 66 -5 0 1 0.30 0.0 0 5.6 13 30 M M 9 13 19 10
30 73 60 67 -4 0 2 0.28 0.0 0 10.4 20 50 M M 9 12 24 60
31 75 61 68 -3 0 3 T 0.0 0 5.7 13 50 M M 9 1 17 50
================================================================================
SM 2286 1716 77 73 3.17 0.0 265.2 M 231
================================================================================
AV 73.7 55.4 8.6 FASTST M M 7 MAX(MPH)
MISC ----> 32 260 48 270
================================================================================
NOTES:
# LAST OF SEVERAL OCCURRENCES
COLUMN 17 PEAK WIND IN M.P.H.
PRELIMINARY LOCAL CLIMATOLOGICAL DATA (WS FORM: F-6) , PAGE 2
STATION: GREENSBORO NC
MONTH: MAY
YEAR: 2023
LATITUDE: 36 4 N
LONGITUDE: 79 57 W
[TEMPERATURE DATA] [PRECIPITATION DATA] SYMBOLS USED IN COLUMN 16
AVERAGE MONTHLY: 64.5 TOTAL FOR MONTH: 3.17 1 = FOG OR MIST
DPTR FM NORMAL: -3.0 DPTR FM NORMAL: -0.32 2 = FOG REDUCING VISIBILITY
HIGHEST: 84 ON 9 GRTST 24HR 1.30 ON 28-29 TO 1/4 MILE OR LESS
LOWEST: 41 ON 4 3 = THUNDER
SNOW, ICE PELLETS, HAIL 4 = ICE PELLETS
TOTAL MONTH: 0.0 INCH 5 = HAIL
GRTST 24HR 0.0 6 = FREEZING RAIN OR DRIZZLE
GRTST DEPTH: 0 7 = DUSTSTORM OR SANDSTORM:
VSBY 1/2 MILE OR LESS
8 = SMOKE OR HAZE
[NO. OF DAYS WITH] [WEATHER - DAYS WITH] 9 = BLOWING SNOW
X = TORNADO
MAX 32 OR BELOW: 0 0.01 INCH OR MORE: 7
MAX 90 OR ABOVE: 0 0.10 INCH OR MORE: 6
MIN 32 OR BELOW: 0 0.50 INCH OR MORE: 2
MIN 0 OR BELOW: 0 1.00 INCH OR MORE: 1
[HDD (BASE 65) ]
TOTAL THIS MO. 77 CLEAR (SCALE 0-3) 1
DPTR FM NORMAL 18 PTCLDY (SCALE 4-7) 15
TOTAL FM JUL 1 3115 CLOUDY (SCALE 8-10) 15
DPTR FM NORMAL -380
[CDD (BASE 65) ]
TOTAL THIS MO. 73
DPTR FM NORMAL -65 [PRESSURE DATA]
TOTAL FM JAN 1 117 HIGHEST SLP 30.28 ON 15
DPTR FM NORMAL -66 LOWEST SLP 29.49 ON 1
[REMARKS]
#FINAL-05-23#