000
CXUS54 KAMA 011628
CF6GUY
PRELIMINARY LOCAL CLIMATOLOGICAL DATA (WS FORM: F-6)
STATION: GUYMON
MONTH: OCTOBER
YEAR: 2020
LATITUDE: 36 41 N
LONGITUDE: 101 30 W
TEMPERATURE IN F: :PCPN: SNOW: WIND :SUNSHINE: SKY :PK WND
================================================================================
1 2 3 4 5 6A 6B 7 8 9 10 11 12 13 14 15 16 17 18
12Z AVG MX 2MIN
DY MAX MIN AVG DEP HDD CDD WTR SNW DPTH SPD SPD DIR MIN PSBL S-S WX SPD DR
================================================================================
1 71 44 58 -5 7 0 0.00 M M 6.7 16 50 M M 1 21 20
2 80 42 61 -2 4 0 0.00 M M 11.3 31 210 M M 0 37 200
3 74 46 60 -2 5 0 0.00 M M 9.8 23 20 M M 0 30 10
4 80 39 60 -2 5 0 0.00 M M 12.0 26 210 M M 0 31 220
5 91 52 72 10 0 7 0.00 M M 9.1 20 200 M M 0 26 190
6 87 50 69 8 0 4 0.00 M M 8.3 15 310 M M 0 17 310
7 95 47 71 10 0 6 0.00 M M 9.0 21 210 M M 0 8 25 210
8 92 47 70 10 0 5 0.00 M M 11.6 25 200 M M 0 31 200
9 92 53 73 13 0 8 0.00 M M 6.8 17 220 M M 0 8 21 220
10 92 49 71 12 0 6 0.00 M M 7.6 15 170 M M 0 21 170
11 94 50 72 13 0 7 0.00 M M 16.9 43 350 M M 1 8 54 360
12 75 39 57 -2 8 0 0.00 M M 10.4 24 220 M M 0 29 210
13 81 41 61 3 4 0 0.00 M M 9.8 21 20 M M 0 26 30
14 97 47 72 14 0 7 0.00 M M 11.5 30 40 M M 0 38 40
15 62 39 51 -6 14 0 0.00 M M 11.4 18 30 M M 0 24 40
16 69 31 50 -7 15 0 0.00 M M 13.1 32 200 M M 0 39 200
17 82 44 63 6 2 0 0.00 M M 9.4 22 190 M M 0 27 200
18 57 37 47 -9 18 0 T M M 13.0 29 20 M M 8 1 37 10
19 57 40 49 -7 16 0 0.00 M M 4.2 12 130 M M 5 16 160
20 82 35 59 3 6 0 0.00 M M 7.8 25 70 M M 2 33 80
21 70 47 59 4 6 0 0.00 M M 7.6 23 180 M M 6 1 32 170
22 91 40 66 11 0 1 T M M 21.2 31 360 M M 2 39 360
23 46 29 38 -17 27 0 0.00 M M 16.4 30 360 M M 6 37 360
24 72 24 48 -6 17 0 0.00 M M 12.7 22 210 M M 0 29 190
25 42 24 33 -21 32 0 0.04 M M 15.9 24 20 M M 10 1 29 10
26 24 18 21 -33 44 0 0.14 M M 15.5 25 10 M M 10 1 32 10
27 32 18 25 -28 40 0 0.18 M M 7.2 22 360 M M 10 1 27 360
28 41 30 36 -17 29 0 0.91 M M 10.7 33 10 M M 10 18 44 360
29 59 35 47 -6 18 0 T M M 11.2 23 340 M M 1 28 350
30 63 31 47 -5 18 0 0.00 M M 8.7 20 180 M M 0 25 190
31 75 39 57 5 8 0 0.00 M M 11.8 26 20 M M 0 33 20
================================================================================
SM 2225 1207 343 51 1.27 M 338.6 M 72
================================================================================
AV 71.8 38.9 10.9 FASTST M M 2 MAX(MPH)
MISC ----> 43 350 54 360
================================================================================
NOTES:
# LAST OF SEVERAL OCCURRENCES
COLUMN 17 PEAK WIND IN M.P.H.
PRELIMINARY LOCAL CLIMATOLOGICAL DATA (WS FORM: F-6) , PAGE 2
STATION: GUYMON
MONTH: OCTOBER
YEAR: 2020
LATITUDE: 36 41 N
LONGITUDE: 101 30 W
[TEMPERATURE DATA] [PRECIPITATION DATA] SYMBOLS USED IN COLUMN 16
AVERAGE MONTHLY: 55.4 TOTAL FOR MONTH: 1.27 1 = FOG OR MIST
DPTR FM NORMAL: -1.9 DPTR FM NORMAL: -0.30 2 = FOG REDUCING VISIBILITY
HIGHEST: 97 ON 14 GRTST 24HR 0.91 ON 28-28 TO 1/4 MILE OR LESS
LOWEST: 18 ON 27,26 3 = THUNDER
SNOW, ICE PELLETS, HAIL 4 = ICE PELLETS
TOTAL MONTH: M 5 = HAIL
GRTST 24HR M ON M 6 = FREEZING RAIN OR DRIZZLE
GRTST DEPTH: M ON M 7 = DUSTSTORM OR SANDSTORM:
VSBY 1/2 MILE OR LESS
8 = SMOKE OR HAZE
[NO. OF DAYS WITH] [WEATHER - DAYS WITH] 9 = BLOWING SNOW
X = TORNADO
MAX 32 OR BELOW: 2 0.01 INCH OR MORE: 4
MAX 90 OR ABOVE: 8 0.10 INCH OR MORE: 3
MIN 32 OR BELOW: 8 0.50 INCH OR MORE: 1
MIN 0 OR BELOW: 0 1.00 INCH OR MORE: 0
[HDD (BASE 65) ]
TOTAL THIS MO. 343 CLEAR (SCALE 0-3) 23
DPTR FM NORMAL 77 PTCLDY (SCALE 4-7) 4
TOTAL FM JUL 1 405 CLOUDY (SCALE 8-10) 4
DPTR FM NORMAL 96
[CDD (BASE 65) ]
TOTAL THIS MO. 51
DPTR FM NORMAL 24 [PRESSURE DATA]
TOTAL FM JAN 1 1771 HIGHEST SLP 30.45 ON 26
DPTR FM NORMAL 290 LOWEST SLP 29.45 ON 11
[REMARKS]
#FINAL-10-20#