000
CXUS54 KFWD 010730
CF6GVT
PRELIMINARY LOCAL CLIMATOLOGICAL DATA (WS FORM: F-6)
STATION: GREENVILLE
MONTH: APRIL
YEAR: 2023
LATITUDE: 33 4 N
LONGITUDE: 96 4 W
TEMPERATURE IN F: :PCPN: SNOW: WIND :SUNSHINE: SKY :PK WND
================================================================================
1 2 3 4 5 6A 6B 7 8 9 10 11 12 13 14 15 16 17 18
12Z AVG MX 2MIN
DY MAX MIN AVG DEP HDD CDD WTR SNW DPTH SPD SPD DIR MIN PSBL S-S WX SPD DR
================================================================================
1 73 48 61 0 4 0 0.00 M M 6.5 13 350 M M 0 8 21 360
2 79 46 63 2 2 0 1.08 M M 7.8 17 160 M M 7 1 36 360
3 87 59 73 12 0 8 0.00 M M 13.7 21 190 M M 3 18 28 210
4 79 69 74 12 0 9 0.00 M M 15.1 23 190 M M 6 1 31 180
5 76 51 64 2 1 0 0.33 M M 12.5 18 180 M M 6 25 180
6 55 48 52 -10 13 0 0.00 M M 9.4 15 50 M M 5 20 50
7 58 51 55 -7 10 0 0.00 M M 7.3 10 60 M M 10 18 60
8 71 52 62 -1 3 0 0.00 M M 3.1 8 100 M M 5 M M
9 73 49 61 -2 4 0 0.00 M M 4.5 10 50 M M 2 M M
10 73 51 62 -1 3 0 0.00 M M 3.5 9 80 M M 6 1 M M
11 74 45 60 -3 5 0 0.00 M M 3.4 9 100 M M 3 1 M M
12 76 45 61 -3 4 0 0.00 M M 4.9 13 170 M M 1 1 16 190
13 75 51 63 -1 2 0 0.00 M M 8.6 13 160 M M 0 8 17 160
14 81 54 68 4 0 3 0.00 M M 12.8 21 160 M M 4 31 170
15 83 56 70 6 0 5 0.00 M M 15.3 22 330 M M 5 29 330
16 71 43 57 -8 8 0 0.00 M M 8.0 16 310 M M 0 24 310
17 77 38 58 -7 7 0 0.00 M M 7.7 17 170 M M 0 23 180
18 75 55 65 0 0 0 0.00 M M 14.1 22 150 M M 4 28 160
19 80 63 72 6 0 7 0.00 M M 15.8 21 170 M M 7 31 170
20 82 62 72 6 0 7 0.24 M M 12.0 20 180 M M 8 1 25 170
21 73 48 61 -5 4 0 0.00 M M 6.9 17 50 M M 2 23 50
22 73 47 60 -6 5 0 0.00 M M 7.0 16 30 M M 4 26 30
23 55 45 50 -17 15 0 0.09 M M 7.8 14 50 M M 9 1 20 360
24 69 39 54 -13 11 0 0.00 M M 7.5 13 100 M M 4 18 110
25 71 55 63 -4 2 0 0.00 M M 7.7 13 100 M M 10 20 110
26 60 51 56 -12 9 0 0.13 M M 9.6 16 80 M M 10 1 23 60
27 69 48 59 -9 6 0 0.04 M M 6.8 15 280 M M 7 1 21 290
28 73 45 59 -9 6 0 0.01 M M 6.4 15 330 M M 6 1 22 330
29 70 53 62 -6 3 0 0.01 M M 12.2 18 330 M M 6 27 330
30 77 45 61 -8 4 0 0.00 M M 6.2 10 30 M M 0 M M
================================================================================
SM 2188 1512 131 39 1.93 M 264.0 M 140
================================================================================
AV 72.9 50.4 8.8 FASTST M M 5 MAX(MPH)
MISC ----> 23 190 36 360
================================================================================
NOTES:
# LAST OF SEVERAL OCCURRENCES
COLUMN 17 PEAK WIND IN M.P.H.
PRELIMINARY LOCAL CLIMATOLOGICAL DATA (WS FORM: F-6) , PAGE 2
STATION: GREENVILLE
MONTH: APRIL
YEAR: 2023
LATITUDE: 33 4 N
LONGITUDE: 96 4 W
[TEMPERATURE DATA] [PRECIPITATION DATA] SYMBOLS USED IN COLUMN 16
AVERAGE MONTHLY: 61.7 TOTAL FOR MONTH: 1.93 1 = FOG OR MIST
DPTR FM NORMAL: -2.9 DPTR FM NORMAL: -1.55 2 = FOG REDUCING VISIBILITY
HIGHEST: 87 ON 3 GRTST 24HR 1.08 ON 2- 2 TO 1/4 MILE OR LESS
LOWEST: 38 ON 17 3 = THUNDER
SNOW, ICE PELLETS, HAIL 4 = ICE PELLETS
TOTAL MONTH: M 5 = HAIL
GRTST 24HR M ON M 6 = FREEZING RAIN OR DRIZZLE
GRTST DEPTH: M ON M 7 = DUSTSTORM OR SANDSTORM:
VSBY 1/2 MILE OR LESS
8 = SMOKE OR HAZE
[NO. OF DAYS WITH] [WEATHER - DAYS WITH] 9 = BLOWING SNOW
X = TORNADO
MAX 32 OR BELOW: 0 0.01 INCH OR MORE: 8
MAX 90 OR ABOVE: 0 0.10 INCH OR MORE: 4
MIN 32 OR BELOW: 0 0.50 INCH OR MORE: 1
MIN 0 OR BELOW: 0 1.00 INCH OR MORE: 1
[HDD (BASE 65) ]
TOTAL THIS MO. 131 CLEAR (SCALE 0-3) 8
DPTR FM NORMAL 32 PTCLDY (SCALE 4-7) 17
TOTAL FM JUL 1 2233 CLOUDY (SCALE 8-10) 5
DPTR FM NORMAL -160
[CDD (BASE 65) ]
TOTAL THIS MO. 39
DPTR FM NORMAL -50 [PRESSURE DATA]
TOTAL FM JAN 1 86 HIGHEST SLP M ON M
DPTR FM NORMAL -36 LOWEST SLP M ON M
[REMARKS]
#FINAL-04-23#