000
CXUS54 KFWD 010731
CF6GYI
PRELIMINARY LOCAL CLIMATOLOGICAL DATA (WS FORM: F-6)
STATION: SHERMAN/DENISON
MONTH: APRIL
YEAR: 2021
LATITUDE: 33 42 N
LONGITUDE: 96 40 W
TEMPERATURE IN F: :PCPN: SNOW: WIND :SUNSHINE: SKY :PK WND
================================================================================
1 2 3 4 5 6A 6B 7 8 9 10 11 12 13 14 15 16 17 18
12Z AVG MX 2MIN
DY MAX MIN AVG DEP HDD CDD WTR SNW DPTH SPD SPD DIR MIN PSBL S-S WX SPD DR
================================================================================
1 66 38 52 -7 13 0 0.00 M M 3.5 10 350 M M 0 M M
2 67 38 53 -6 12 0 0.00 M M 10.0 16 140 M M 2 21 140
3 70 56 63 4 2 0 0.00 M M 10.4 16 150 M M 6 21 180
4 70 58 64 5 1 0 0.00 M M 8.3 13 200 M M 10 M M
5 76 57 67 7 0 2 0.00 M M 13.0 21 180 M M 2 26 160
6 81 63 72 12 0 7 0.00 M M 18.0 28 150 M M 6 35 160
7 76 49 63 3 2 0 0.00 M M 16.4 29 170 M M 4 35 170
8 81 42 62 2 3 0 0.00 M M 5.9 14 190 M M 1 18 210
9 79 55 67 6 0 2 0.18 M M 11.8 18 160 M M 3 8 47 190
10 70 44 57 -4 8 0 0.00 M M 10.8 20 320 M M 0 25 310
11 83 47 65 4 0 0 0.00 M M 10.2 16 200 M M 0 20 150
12 80 52 66 5 0 1 0.00 0.0 M 5.9 9 20 M M 0 18 360
13 75 55 65 3 0 0 0.00 M M 10.4 15 360 M M 3 23 10
14 65 54 60 -2 5 0 0.08 M M 10.5 17 20 M M 10 26 20
15 64 54 59 -3 6 0 0.13 M M 7.1 13 50 M M 9 17 50
16 56 50 53 -9 12 0 0.02 M M 8.4 16 100 M M 10 1 22 340
17 61 43 52 -11 13 0 0.00 M M 9.9 15 330 M M 5 23 330
18 67 39 53 -10 12 0 0.00 M M 4.5 10 290 M M 1 20 300
19 73 39 56 -7 9 0 0.00 M M 6.7 14 170 M M 1 8 16 160
20 56 37 47 -17 18 0 0.00 M M 12.3 23 350 M M 2 32 350
21 62 31 47 -17 18 0 0.00 M M 2.5 8 40 M M 2 8 17 40
22 61 50 56 -8 9 0 M M M 6.4 12 100 M M 10 M M
23 70 55 63 -1 2 0 1.24 M M 8.7 20 130 M M 10 38 29 130
24 66 49 58 -7 7 0 M M M 7.6 20 320 M M 4 22 300
25 77 46 62 -3 3 0 0.00 M M 11.4 17 150 M M 0 24 150
26 78 63 71 6 0 6 0.00 M M 15.5 24 150 M M 0 31 150
27 74 65 70 5 0 5 M M M 14.4 21 150 M M 6 29 130
28 72 66 69 3 0 4 0.71 M M 7.0 13 130 M M 9 13 31 280
29 66 60 63 -3 2 0 0.38 M M 6.8 14 340 M M 8 1 21 340
30 75 59 67 1 0 2 0.00 M M 7.9 14 60 M M 7 22 80
================================================================================
SM 2117 1514 157 29 2.74 0.0 282.3 M 131
================================================================================
AV 70.6 50.5 9.4 FASTST M M 4 MAX(MPH)
MISC ----> 29 170 47 190
================================================================================
NOTES:
# LAST OF SEVERAL OCCURRENCES
COLUMN 17 PEAK WIND IN M.P.H.
PRELIMINARY LOCAL CLIMATOLOGICAL DATA (WS FORM: F-6) , PAGE 2
STATION: SHERMAN/DENISON
MONTH: APRIL
YEAR: 2021
LATITUDE: 33 42 N
LONGITUDE: 96 40 W
[TEMPERATURE DATA] [PRECIPITATION DATA] SYMBOLS USED IN COLUMN 16
AVERAGE MONTHLY: 60.5 TOTAL FOR MONTH: 2.74 1 = FOG OR MIST
DPTR FM NORMAL: -1.8 DPTR FM NORMAL: -0.81 2 = FOG REDUCING VISIBILITY
HIGHEST: 83 ON 11 GRTST 24HR 1.24 ON 23-23 TO 1/4 MILE OR LESS
LOWEST: 31 ON 21 3 = THUNDER
SNOW, ICE PELLETS, HAIL 4 = ICE PELLETS
TOTAL MONTH: 0.0 INCH 5 = HAIL
GRTST 24HR 0.0 6 = FREEZING RAIN OR DRIZZLE
GRTST DEPTH: M ON M 7 = DUSTSTORM OR SANDSTORM:
VSBY 1/2 MILE OR LESS
8 = SMOKE OR HAZE
[NO. OF DAYS WITH] [WEATHER - DAYS WITH] 9 = BLOWING SNOW
X = TORNADO
MAX 32 OR BELOW: 0 0.01 INCH OR MORE: 7
MAX 90 OR ABOVE: 0 0.10 INCH OR MORE: 5
MIN 32 OR BELOW: 1 0.50 INCH OR MORE: 2
MIN 0 OR BELOW: 0 1.00 INCH OR MORE: 1
[HDD (BASE 65) ]
TOTAL THIS MO. 157 CLEAR (SCALE 0-3) 14
DPTR FM NORMAL 20 PTCLDY (SCALE 4-7) 8
TOTAL FM JUL 1 2601 CLOUDY (SCALE 8-10) 8
DPTR FM NORMAL -246
[CDD (BASE 65) ]
TOTAL THIS MO. 29
DPTR FM NORMAL -29 [PRESSURE DATA]
TOTAL FM JAN 1 59 HIGHEST SLP M ON M
DPTR FM NORMAL -15 LOWEST SLP M ON M
[REMARKS]
#FINAL-04-21#