000
CXUS51 KGYX 022104
CF6GYX
PRELIMINARY LOCAL CLIMATOLOGICAL DATA (WS FORM: F-6)
STATION: GRAY ME
MONTH: DECEMBER
YEAR: 2020
LATITUDE: 43 53 N
LONGITUDE: 70 15 W
TEMPERATURE IN F: :PCPN: SNOW: WIND :SUNSHINE: SKY :PK WND
================================================================================
1 2 3 4 5 6A 6B 7 8 9 10 11 12 13 14 15 16 17 18
12Z AVG MX 2MIN
DY MAX MIN AVG DEP HDD CDD WTR SNW DPTH SPD SPD DIR MIN PSBL S-S WX SPD DR
================================================================================
1 57 41 49 17 16 0 0.88 0.0 0 M M M M M M M M
2 41 30 36 4 29 0 0.00 0.0 0 M M M M M M M M
3 42 27 35 3 30 0 0.00 0.0 0 M M M M M M M M
4 50 31 41 10 24 0 0.00 0.0 0 M M M M M M M M
5 41 32 37 6 28 0 1.86 4.9 0 M M M M M M M M
6 32 26 29 -1 36 0 0.02 0.4 5 M M M M M M M M
7 31 23 27 -3 38 0 0.00 0.0 4 M M M M M M M M
8 29 22 26 -4 39 0 0.00 0.0 4 M M M M M M M M
9 31 18 25 -5 40 0 0.01 0.2 4 M M M M M M M M
10 40 24 32 3 33 0 T T 4 M M M M M M M M
11 41 29 35 6 30 0 0.00 0.0 4 M M M M M M M M
12 39 29 34 6 31 0 0.18 0.0 3 M M M M M M M M
13 39 32 36 8 29 0 0.02 0.0 3 M M M M M M M M
14 35 27 31 3 34 0 T T 2 M M M M M M M M
15 30 11 21 -6 44 0 0.00 0.0 2 M M M M M M M M
16 18 7 13 -14 52 0 0.00 0.0 2 M M M M M M M M
17 19 10 15 -12 50 0 0.68 11.7 4 M M M M M M M M
18 26 15 21 -5 44 0 0.00 0.0 11 M M M M M M M M
19 29 10 20 -6 45 0 0.00 0.0 9 M M M M M M M M
20 31 19 25 -1 40 0 0.09 1.4 7 M M M M M M M M
21 30 23 27 1 38 0 0.01 0.1 8 M M M M M M M M
22 41 22 32 7 33 0 T 0.1 7 M M M M M M M M
23 33 24 29 4 36 0 0.00 0.0 6 M M M M M M M M
24 47 25 36 11 29 0 0.06 0.0 6 M M M M M M M M
25 52 44 48 24 17 0 1.37 0.0 3 M M M M M M M M
26 45 27 36 12 29 0 0.00 0.0 T M M M M M M M M
27 34 22 28 4 37 0 0.00 0.0 T M M M M M M M M
28 41 25 33 9 32 0 0.01 T T M M M M M M M M
29 38 15 27 4 38 0 T T T M M M M M M M M
30 33 14 24 1 41 0 0.01 0.0 T M M M M M M 6 M M
31 42 29 36 13 29 0 0.01 0.0 T M M M M M M 6 M M
================================================================================
SM 1137 733 1071 0 5.21 18.8 M M M
================================================================================
AV 36.7 23.6 M FASTST M M M MAX(MPH)
MISC ----> M M M M
================================================================================
NOTES:
# LAST OF SEVERAL OCCURRENCES
COLUMN 17 PEAK WIND IN M.P.H.
PRELIMINARY LOCAL CLIMATOLOGICAL DATA (WS FORM: F-6) , PAGE 2
STATION: GRAY ME
MONTH: DECEMBER
YEAR: 2020
LATITUDE: 43 53 N
LONGITUDE: 70 15 W
[TEMPERATURE DATA] [PRECIPITATION DATA] SYMBOLS USED IN COLUMN 16
AVERAGE MONTHLY: 30.2 TOTAL FOR MONTH: 5.21 1 = FOG OR MIST
DPTR FM NORMAL: 2.9 DPTR FM NORMAL: 1.15 2 = FOG REDUCING VISIBILITY
HIGHEST: 57 ON 1 GRTST 24HR 1.86 ON 5- 5 TO 1/4 MILE OR LESS
LOWEST: 7 ON 16 3 = THUNDER
SNOW, ICE PELLETS, HAIL 4 = ICE PELLETS
TOTAL MONTH: 18.8 INCHES 5 = HAIL
GRTST 24HR 11.7 ON 17-17 6 = FREEZING RAIN OR DRIZZLE
GRTST DEPTH: 11 ON 18 7 = DUSTSTORM OR SANDSTORM:
VSBY 1/2 MILE OR LESS
8 = SMOKE OR HAZE
[NO. OF DAYS WITH] [WEATHER - DAYS WITH] 9 = BLOWING SNOW
X = TORNADO
MAX 32 OR BELOW: 11 0.01 INCH OR MORE: 14
MAX 90 OR ABOVE: 0 0.10 INCH OR MORE: 5
MIN 32 OR BELOW: 29 0.50 INCH OR MORE: 4
MIN 0 OR BELOW: 0 1.00 INCH OR MORE: 2
[HDD (BASE 65) ]
TOTAL THIS MO. 1071 CLEAR (SCALE 0-3) 0
DPTR FM NORMAL -98 PTCLDY (SCALE 4-7) 0
TOTAL FM JUL 1 2455 CLOUDY (SCALE 8-10) 31
DPTR FM NORMAL -212
[CDD (BASE 65) ]
TOTAL THIS MO. 0
DPTR FM NORMAL 0 [PRESSURE DATA]
TOTAL FM JAN 1 548 HIGHEST SLP M ON M
DPTR FM NORMAL 159 LOWEST SLP M ON M
[REMARKS]
#FINAL-12-20#