000
CXUS54 KJAN 011414
CF6HBG
PRELIMINARY LOCAL CLIMATOLOGICAL DATA (WS FORM: F-6)
STATION: HATTIESBURG
MONTH: MAY
YEAR: 2020
LATITUDE: 31 16 N
LONGITUDE: 89 15 W
TEMPERATURE IN F: :PCPN: SNOW: WIND :SUNSHINE: SKY :PK WND
================================================================================
1 2 3 4 5 6A 6B 7 8 9 10 11 12 13 14 15 16 17 18
12Z AVG MX 2MIN
DY MAX MIN AVG DEP HDD CDD WTR SNW DPTH SPD SPD DIR MIN PSBL S-S WX SPD DR
================================================================================
1 81 47 64 -6 1 0 0.00 0.0 0 2.4 9 50 M M 0 8 13 360
2 84 52 68 -2 0 3 0.00 0.0 0 4.4 14 170 M M 0 20 170
3 85 55 70 0 0 5 0.00 0.0 0 5.0 15 200 M M 0 21 190
4 86 59 73 2 0 8 0.00 0.0 0 5.5 13 180 M M 1 19 190
5 85 62 74 3 0 9 0.00 0.0 0 5.2 17 250 M M 4 21 260
6 81 58 70 -1 0 5 0.01 0.0 0 7.6 17 310 M M 2 3 27 310
7 75 48 62 -10 3 0 0.00 0.0 0 4.0 13 350 M M 0 16 30
8 73 55 64 -8 1 0 0.73 0.0 0 8.2 17 210 M M 5 13 27 200
9 70 51 61 -11 4 0 0.00 0.0 0 5.9 17 40 M M 0 26 40
10 77 49 63 -9 2 0 0.00 0.0 0 3.4 12 20 M M 2 18 330
11 79 49 64 -9 1 0 0.00 0.0 0 3.6 13 310 M M 0 18 310
12 82 50 66 -7 0 1 0.00 0.0 0 5.2 15 140 M M 0 21 110
13 86 56 71 -2 0 6 0.00 0.0 0 7.2 17 180 M M 2 24 160
14 82 66 74 1 0 9 0.41 0.0 0 6.3 24 140 M M 7 13 32 140
15 80 68 74 0 0 9 0.62 0.0 0 6.1 17 140 M M 9 138 24 120
16 85 69 77 3 0 12 0.01 0.0 0 9.5 24 150 M M 9 1 31 150
17 88 70 79 5 0 14 T 0.0 0 8.9 22 170 M M 5 3 34 160
18 82 61 72 -2 0 7 0.01 0.0 0 6.0 17 300 M M 6 1 24 340
19 85 58 72 -3 0 7 0.00 0.0 0 4.6 16 300 M M 4 23 270
20 77 63 70 -5 0 5 0.02 0.0 0 2.3 10 240 M M 7 3 15 250
21 90 60 75 0 0 10 0.00 0.0 0 3.8 14 230 M M 3 1 21 240
22 90 69 80 5 0 15 0.13 0.0 0 7.0 20 210 M M 4 138 32 190
23 89 68 79 4 0 14 0.13 0.0 0 5.8 24 280 M M 5 138 43 280
24 90 66 78 2 0 13 0.84 0.0 0 4.1 43 140 M M 4 13 60 140
25 90 64 77 1 0 12 0.00 0.0 0 6.6 21 130 M M 4 12 28 140
26 83 70 77 1 0 12 0.64 0.0 0 3.8 17 200 M M 8 13 25 200
27 80 66 73 -3 0 8 0.27 0.0 0 4.1 18 310 M M 5 13 27 310
28 87 62 75 -1 0 10 0.00 0.0 0 3.0 13 210 M M 2 12 18 260
29 87 68 78 1 0 13 0.00 0.0 0 0.9 8 250 M M 3 13 200
30 88 68 78 1 0 13 0.00 0.0 0 3.1 10 30 M M 2 1 16 350
31 87 64 76 -1 0 11 T 0.0 0 3.3 12 10 M M 0 20 10
================================================================================
SM 2584 1871 12 231 3.82 0.0 156.8 M 103
================================================================================
AV 83.4 60.4 5.1 FASTST M M 3 MAX(MPH)
MISC ----> # 43 140 # 60 140
================================================================================
NOTES:
# LAST OF SEVERAL OCCURRENCES
COLUMN 17 PEAK WIND IN M.P.H.
PRELIMINARY LOCAL CLIMATOLOGICAL DATA (WS FORM: F-6) , PAGE 2
STATION: HATTIESBURG
MONTH: MAY
YEAR: 2020
LATITUDE: 31 16 N
LONGITUDE: 89 15 W
[TEMPERATURE DATA] [PRECIPITATION DATA] SYMBOLS USED IN COLUMN 16
AVERAGE MONTHLY: 71.9 TOTAL FOR MONTH: 3.82 1 = FOG OR MIST
DPTR FM NORMAL: -1.8 DPTR FM NORMAL: -1.16 2 = FOG REDUCING VISIBILITY
HIGHEST: 90 ON 25,24 GRTST 24HR 0.84 ON 24-24 TO 1/4 MILE OR LESS
LOWEST: 47 ON 1 3 = THUNDER
SNOW, ICE PELLETS, HAIL 4 = ICE PELLETS
TOTAL MONTH: 0.0 INCH 5 = HAIL
GRTST 24HR 0.0 6 = FREEZING RAIN OR DRIZZLE
GRTST DEPTH: 0 7 = DUSTSTORM OR SANDSTORM:
VSBY 1/2 MILE OR LESS
8 = SMOKE OR HAZE
[NO. OF DAYS WITH] [WEATHER - DAYS WITH] 9 = BLOWING SNOW
X = TORNADO
MAX 32 OR BELOW: 0 0.01 INCH OR MORE: 12
MAX 90 OR ABOVE: 4 0.10 INCH OR MORE: 8
MIN 32 OR BELOW: 0 0.50 INCH OR MORE: 4
MIN 0 OR BELOW: 0 1.00 INCH OR MORE: 0
[HDD (BASE 65) ]
TOTAL THIS MO. 12 CLEAR (SCALE 0-3) 15
DPTR FM NORMAL 5 PTCLDY (SCALE 4-7) 14
TOTAL FM JUL 1 1541 CLOUDY (SCALE 8-10) 2
DPTR FM NORMAL -444
[CDD (BASE 65) ]
TOTAL THIS MO. 231
DPTR FM NORMAL -44 [PRESSURE DATA]
TOTAL FM JAN 1 523 HIGHEST SLP M ON M
DPTR FM NORMAL 108 LOWEST SLP 29.71 ON 17
[REMARKS]
#FINAL-05-20#