000
CXUS54 KOUN 010810
CF6HBR
PRELIMINARY LOCAL CLIMATOLOGICAL DATA (WS FORM: F-6)
STATION: HOBART
MONTH: MAY
YEAR: 2023
LATITUDE: 35 0 N
LONGITUDE: 99 3 W
TEMPERATURE IN F: :PCPN: SNOW: WIND :SUNSHINE: SKY :PK WND
================================================================================
1 2 3 4 5 6A 6B 7 8 9 10 11 12 13 14 15 16 17 18
12Z AVG MX 2MIN
DY MAX MIN AVG DEP HDD CDD WTR SNW DPTH SPD SPD DIR MIN PSBL S-S WX SPD DR
================================================================================
1 73 45 59 -5 6 0 0.00 0.0 M 9.7 16 140 M M 0 22 110
2 79 46 63 -2 2 0 0.00 0.0 M 11.0 20 140 M M 0 26 140
3 75 54 65 0 0 0 0.12 0.0 M 11.6 22 140 M M 5 3 26 140
4 78 56 67 1 0 2 0.24 M M 11.7 23 270 M M 4 13 28 260
5 96 55 76 10 0 11 0.00 M M 13.0 33 230 M M 4 12 40 230
6 95 56 76 10 0 11 0.00 M M 14.3 31 170 M M 0 39 170
7 94 56 75 8 0 10 0.00 M M 17.9 29 170 M M 0 18 38 170
8 89 57 73 6 0 8 0.00 M M 10.8 21 140 M M 0 28 150
9 93 62 78 10 0 13 0.00 M M 14.4 24 160 M M 0 128 30 150
10 86 62 74 6 0 9 0.00 M M 15.0 26 140 M M 0 18 33 140
11 87 59 73 5 0 8 0.02 M M 15.1 29 220 M M 0 138 34 220
12 95 57 76 7 0 11 0.00 M M 12.4 26 210 M M 0 18 31 220
13 74 56 65 -4 0 0 0.19 M M 9.6 21 250 M M 0 138 26 30
14 74 55 65 -5 0 0 0.47 M M 7.2 20 140 M M 0 138 22 150
15 M M M M M M M M M 10.5 21 10 M M 0 18 25 360
16 M M M M M M 0.00 M M 8.0 15 130 M M 0 1 23 350
17 86 49 68 -3 0 3 0.00 M M 11.1 22 130 M M 1 1 27 120
18 80 64 72 1 0 7 0.30 M M 12.5 22 130 M M 6 13 28 140
19 68 65 67 -5 0 2 0.01 M M 8.3 10 150 M M 6 M M
20 M M M M M M M M M M M M M M M M M
21 M M M M M M 0.00 M M M M M M M M M M
22 82 56 69 -4 0 4 0.23 M M 12.7 23 130 M M 1 18 29 130
23 86 58 72 -1 0 7 T M M 12.0 25 140 M M 3 1 30 130
24 84 64 74 0 0 9 0.07 0.0 0 11.5 20 150 M M 5 138 26 140
25 79 64 72 -2 0 7 0.37 M M 13.9 24 140 M M 7 13 30 130
26 74 63 69 -5 0 4 M M M 7.9 14 130 M M 4 18 M M
27 84 61 73 -2 0 8 0.00 0.0 0 10.4 23 140 M M 1 18 29 140
28 M M M M M M M M M 11.5 14 150 M M 6 M M
29 86 63 75 0 0 10 0.00 M M 10.0 20 230 M M M 25 210
30 90 63 77 1 0 12 0.00 M M 10.7 23 140 M M 1 1 28 140
31 91 64 78 2 0 13 T M M 14.1 28 140 M M 1 31 140
================================================================================
SM 2178 1510 8 169 2.02 0.0 338.8 M 55
================================================================================
AV 83.8 58.1 11.7 FASTST M M 2 MAX(MPH)
MISC ----> 33 230 40 230
================================================================================
NOTES:
# LAST OF SEVERAL OCCURRENCES
COLUMN 17 PEAK WIND IN M.P.H.
PRELIMINARY LOCAL CLIMATOLOGICAL DATA (WS FORM: F-6) , PAGE 2
STATION: HOBART
MONTH: MAY
YEAR: 2023
LATITUDE: 35 0 N
LONGITUDE: 99 3 W
[TEMPERATURE DATA] [PRECIPITATION DATA] SYMBOLS USED IN COLUMN 16
AVERAGE MONTHLY: 70.9 TOTAL FOR MONTH: 2.02 1 = FOG OR MIST
DPTR FM NORMAL: 0.5 DPTR FM NORMAL: -2.13 2 = FOG REDUCING VISIBILITY
HIGHEST: 96 ON 5 GRTST 24HR 0.58 ON 13-14 TO 1/4 MILE OR LESS
LOWEST: 45 ON 1 3 = THUNDER
SNOW, ICE PELLETS, HAIL 4 = ICE PELLETS
TOTAL MONTH: 0.0 INCH 5 = HAIL
GRTST 24HR 0.0 6 = FREEZING RAIN OR DRIZZLE
GRTST DEPTH: 0 7 = DUSTSTORM OR SANDSTORM:
VSBY 1/2 MILE OR LESS
8 = SMOKE OR HAZE
[NO. OF DAYS WITH] [WEATHER - DAYS WITH] 9 = BLOWING SNOW
X = TORNADO
MAX 32 OR BELOW: 0 0.01 INCH OR MORE: 10
MAX 90 OR ABOVE: 7 0.10 INCH OR MORE: 7
MIN 32 OR BELOW: 0 0.50 INCH OR MORE: 0
MIN 0 OR BELOW: 0 1.00 INCH OR MORE: 0
[HDD (BASE 65) ]
TOTAL THIS MO. 8 CLEAR (SCALE 0-3) 19
DPTR FM NORMAL -34 PTCLDY (SCALE 4-7) 9
TOTAL FM JUL 1 3366 CLOUDY (SCALE 8-10) 3
DPTR FM NORMAL -37
[CDD (BASE 65) ]
TOTAL THIS MO. 169
DPTR FM NORMAL -39 [PRESSURE DATA]
TOTAL FM JAN 1 216 HIGHEST SLP M ON M
DPTR FM NORMAL -49 LOWEST SLP 29.66 ON 5
[REMARKS]
#FINAL-05-23#