000
CXUS54 KEWX 011110
CF6HDO
PRELIMINARY LOCAL CLIMATOLOGICAL DATA (WS FORM: F-6)
STATION: HONDO
MONTH: JANUARY
YEAR: 2022
LATITUDE: 29 21 N
LONGITUDE: 99 10 W
TEMPERATURE IN F: :PCPN: SNOW: WIND :SUNSHINE: SKY :PK WND
================================================================================
1 2 3 4 5 6A 6B 7 8 9 10 11 12 13 14 15 16 17 18
12Z AVG MX 2MIN
DY MAX MIN AVG DEP HDD CDD WTR SNW DPTH SPD SPD DIR MIN PSBL S-S WX SPD DR
================================================================================
1 86 53 70 19 0 5 T M M 7.7 29 360 M M 4 18 37 360
2 53 25 39 -12 26 0 0.00 M M 16.8 32 350 M M 0 41 10
3 57 21 39 -12 26 0 0.00 M M 4.9 10 200 M M 0 15 210
4 68 28 48 -3 17 0 0.00 M M 7.0 20 200 M M 0 27 210
5 80 34 57 6 8 0 0.00 M M 5.8 13 360 M M 0 14 10
6 76 35 56 5 9 0 0.00 M M 10.9 22 20 M M 0 28 20
7 47 30 39 -12 26 0 T M M 5.8 15 30 M M 8 1 20 30
8 60 43 52 1 13 0 0.02 M M 3.0 8 230 M M 10 12 10 240
9 73 48 61 10 4 0 0.00 M M 12.6 25 10 M M 4 1 32 10
10 64 36 50 -1 15 0 0.00 M M 11.2 22 20 M M 1 28 60
11 55 35 45 -6 20 0 0.01 M M 6.6 13 50 M M 7 17 80
12 64 35 50 -1 15 0 0.00 M M 4.3 12 230 M M 1 8 16 290
13 77 29 53 1 12 0 M M M 5.4 12 270 M M 0 8 16 240
14 80 33 57 5 8 0 0.00 M M 6.8 17 190 M M 0 25 200
15 64 41 53 1 12 0 T M M 22.9 45 10 M M 1 58 10
16 67 24 46 -6 19 0 0.00 M M 7.6 17 260 M M 0 25 260
17 73 26 50 -2 15 0 0.00 M M 6.1 16 170 M M 0 22 170
18 76 35 56 4 9 0 0.00 M M 5.9 15 200 M M 0 20 200
19 79 48 64 12 1 0 0.00 M M 8.5 32 20 M M 4 12 43 20
20 48 33 41 -11 24 0 T M M 17.2 29 30 M M 7 42 20
21 51 27 39 -13 26 0 0.00 M M 7.2 16 20 M M 6 20 10
22 52 25 39 -13 26 0 0.00 M M 6.3 15 80 M M 6 19 90
23 57 45 51 -2 14 0 T M M 3.5 8 170 M M 10 11 170
24 63 37 50 -3 15 0 T M M 4.8 12 270 M M 6 1 16 280
25 69 34 52 -1 13 0 0.00 M M 9.2 18 80 M M 6 12 25 70
26 55 49 52 -1 13 0 T M M 8.2 18 80 M M 10 1 23 80
27 60 48 54 1 11 0 T M M 5.0 12 60 M M 10 16 110
28 62 32 47 -6 18 0 0.01 M M 12.4 22 30 M M 4 1 31 40
29 67 24 46 -8 19 0 0.00 M M 5.8 18 260 M M 0 24 260
30 71 27 49 -5 16 0 0.00 M M 8.5 16 160 M M 1 23 200
31 68 52 60 6 5 0 T M M 6.9 18 350 M M 8 1 23 350
================================================================================
SM 2022 1092 455 5 0.04 M 254.8 M 114
================================================================================
AV 65.2 35.2 8.2 FASTST M M 4 MAX(MPH)
MISC ----> 45 10 58 10
================================================================================
NOTES:
# LAST OF SEVERAL OCCURRENCES
COLUMN 17 PEAK WIND IN M.P.H.
PRELIMINARY LOCAL CLIMATOLOGICAL DATA (WS FORM: F-6) , PAGE 2
STATION: HONDO
MONTH: JANUARY
YEAR: 2022
LATITUDE: 29 21 N
LONGITUDE: 99 10 W
[TEMPERATURE DATA] [PRECIPITATION DATA] SYMBOLS USED IN COLUMN 16
AVERAGE MONTHLY: 50.2 TOTAL FOR MONTH: 0.04 1 = FOG OR MIST
DPTR FM NORMAL: -1.8 DPTR FM NORMAL: -1.17 2 = FOG REDUCING VISIBILITY
HIGHEST: 86 ON 1 GRTST 24HR 0.20 ON 7- 8 TO 1/4 MILE OR LESS
LOWEST: 21 ON 3 3 = THUNDER
SNOW, ICE PELLETS, HAIL 4 = ICE PELLETS
TOTAL MONTH: M 5 = HAIL
GRTST 24HR M ON M 6 = FREEZING RAIN OR DRIZZLE
GRTST DEPTH: M ON M 7 = DUSTSTORM OR SANDSTORM:
VSBY 1/2 MILE OR LESS
8 = SMOKE OR HAZE
[NO. OF DAYS WITH] [WEATHER - DAYS WITH] 9 = BLOWING SNOW
X = TORNADO
MAX 32 OR BELOW: 0 0.01 INCH OR MORE: 3
MAX 90 OR ABOVE: 0 0.10 INCH OR MORE: 0
MIN 32 OR BELOW: 12 0.50 INCH OR MORE: 0
MIN 0 OR BELOW: 0 1.00 INCH OR MORE: 0
[HDD (BASE 65) ]
TOTAL THIS MO. 455 CLEAR (SCALE 0-3) 15
DPTR FM NORMAL 45 PTCLDY (SCALE 4-7) 12
TOTAL FM JUL 1 729 CLOUDY (SCALE 8-10) 4
DPTR FM NORMAL -288
[CDD (BASE 65) ]
TOTAL THIS MO. 5
DPTR FM NORMAL -2 [PRESSURE DATA]
TOTAL FM JAN 1 5 HIGHEST SLP 30.64 ON 10
DPTR FM NORMAL -2 LOWEST SLP 29.57 ON 1
[REMARKS]
#FINAL-01-22#