000
CXUS54 KHGX 251637
CF6HGX
PRELIMINARY LOCAL CLIMATOLOGICAL DATA (WS FORM: F-6)
STATION: DICKINSON WFO
MONTH: SEPTEMBER
YEAR: 2020
LATITUDE: 29 28 N
LONGITUDE: 95 5 W
TEMPERATURE IN F: :PCPN: SNOW: WIND :SUNSHINE: SKY :PK WND
================================================================================
1 2 3 4 5 6A 6B 7 8 9 10 11 12 13 14 15 16 17 18
12Z AVG MX 2MIN
DY MAX MIN AVG DEP HDD CDD WTR SNW DPTH SPD SPD DIR MIN PSBL S-S WX SPD DR
================================================================================
1 94 85 90 7 0 25 0.00 0.0 0 M M M M M M M M
2 96 83 90 7 0 25 0.00 0.0 0 M M M M M M M M
3 95 83 89 7 0 24 0.00 0.0 0 M M M M M M M M
4 93 80 87 5 0 22 0.12 0.0 0 M M M M M M M M
5 92 79 86 4 0 21 0.04 0.0 0 M M M M M M M M
6 93 76 85 3 0 20 0.00 0.0 0 M M M M M M M M
7 91 77 84 2 0 19 T 0.0 0 M M M M M M 3 M M
8 86 73 80 -2 0 15 0.06 0.0 0 M M M M M M 3 M M
9 93 79 86 4 0 21 0.00 0.0 0 M M M M M M M M
10 92 76 84 3 0 19 0.01 M M M M M M M M M M
11 91 73 82 1 0 17 0.00 0.0 M M M M M M M M M
12 94 76 85 4 0 20 0.15 0.0 M M M M M M M 3 M M
13 92 77 85 4 0 20 0.30 0.0 M M M M M M M 3 M M
14 93 78 86 5 0 21 0.00 0.0 0 M M M M M M M M
15 93 78 86 6 0 21 0.00 0.0 0 M M M M M M M M
16 95 78 87 7 0 22 0.01 0.0 0 M M M M M M M M
17 89 79 84 4 0 19 0.00 0.0 0 M M M M M M M M
18 89 76 83 3 0 18 0.00 0.0 0 M M M M M M M M
19 86 71 79 -1 0 14 0.00 0.0 0 M M M M M M M M
20 76 68 72 -7 0 7 0.58 0.0 0 M M M M M M M M
21 80 71 76 -3 0 11 4.78 0.0 0 M M M M M M M M
22 85 75 80 1 0 15 3.72 0.0 0 M M M M M M M M
23 79 72 76 -3 0 11 0.12 0.0 0 M M M M M M M M
24 74 70 72 -6 0 7 0.00 0.0 0 M M M M M M M M
25 84 68 76 -2 0 11 0.00 0.0 0 M M M M M M M M
26 89 66 78 0 0 13 0.00 0.0 0 M M M M M M M M
27 89 75 82 4 0 17 0.00 M M M M M M M M M M
28 80 69 75 -2 0 10 T M M M M M M M M M M
29 81 57 69 -8 0 4 0.00 M M M M M M M M M M
30 85 56 71 -6 0 6 0.00 M M M M M M M M M M
================================================================================
SM 2649 2224 0 495 9.89 0.0 M M M
================================================================================
AV 88.3 74.1 M FASTST M M M MAX(MPH)
MISC ----> M M M M
================================================================================
NOTES:
# LAST OF SEVERAL OCCURRENCES
COLUMN 17 PEAK WIND IN M.P.H.
PRELIMINARY LOCAL CLIMATOLOGICAL DATA (WS FORM: F-6) , PAGE 2
STATION: DICKINSON WFO
MONTH: SEPTEMBER
YEAR: 2020
LATITUDE: 29 28 N
LONGITUDE: 95 5 W
[TEMPERATURE DATA] [PRECIPITATION DATA] SYMBOLS USED IN COLUMN 16
AVERAGE MONTHLY: 81.2 TOTAL FOR MONTH: 9.89 1 = FOG OR MIST
DPTR FM NORMAL: 1.1 DPTR FM NORMAL: 2.55 2 = FOG REDUCING VISIBILITY
HIGHEST: 96 ON 2 GRTST 24HR 4.78 ON 21-21 TO 1/4 MILE OR LESS
LOWEST: 56 ON 30 3 = THUNDER
SNOW, ICE PELLETS, HAIL 4 = ICE PELLETS
TOTAL MONTH: 0.0 INCH 5 = HAIL
GRTST 24HR 0.0 6 = FREEZING RAIN OR DRIZZLE
GRTST DEPTH: 0 7 = DUSTSTORM OR SANDSTORM:
VSBY 1/2 MILE OR LESS
8 = SMOKE OR HAZE
[NO. OF DAYS WITH] [WEATHER - DAYS WITH] 9 = BLOWING SNOW
X = TORNADO
MAX 32 OR BELOW: 0 0.01 INCH OR MORE: 11
MAX 90 OR ABOVE: 15 0.10 INCH OR MORE: 7
MIN 32 OR BELOW: 0 0.50 INCH OR MORE: 3
MIN 0 OR BELOW: 0 1.00 INCH OR MORE: 2
[HDD (BASE 65) ]
TOTAL THIS MO. 0 CLEAR (SCALE 0-3) 0
DPTR FM NORMAL 0 PTCLDY (SCALE 4-7) 0
TOTAL FM JUL 1 0 CLOUDY (SCALE 8-10) 30
DPTR FM NORMAL 0
[CDD (BASE 65) ]
TOTAL THIS MO. 495
DPTR FM NORMAL 42 [PRESSURE DATA]
TOTAL FM JAN 1 3178 HIGHEST SLP M ON M
DPTR FM NORMAL 337 LOWEST SLP M ON M
[REMARKS]
#FINAL-09-20#