000
CXUS54 KHGX 310709
CF6HGX
PRELIMINARY LOCAL CLIMATOLOGICAL DATA (WS FORM: F-6)
STATION: DICKINSON WFO
MONTH: APRIL
YEAR: 2020
LATITUDE: 29 28 N
LONGITUDE: 95 5 W
TEMPERATURE IN F: :PCPN: SNOW: WIND :SUNSHINE: SKY :PK WND
================================================================================
1 2 3 4 5 6A 6B 7 8 9 10 11 12 13 14 15 16 17 18
12Z AVG MX 2MIN
DY MAX MIN AVG DEP HDD CDD WTR SNW DPTH SPD SPD DIR MIN PSBL S-S WX SPD DR
================================================================================
1 75 50 63 -2 2 0 0.00 M M M M M M M M M M
2 77 63 70 5 0 5 0.00 0.0 0 M M M M M M M M
3 M M M M M M M M M M M M M M M M M
4 72 51 62 -3 3 0 1.41 M M M M M M M M M M
5 74 61 68 3 0 3 T M M M M M M M M M M
6 75 64 70 4 0 5 0.10 M M M M M M M M 1 M M
7 85 73 79 13 0 14 0.02 M M M M M M M M 1 M M
8 87 74 81 15 0 16 0.00 M M M M M M M M M M
9 90 70 80 14 0 15 0.08 M M M M M M M M 3 M M
10 75 67 71 5 0 6 T M M M M M M M M M M
11 77 66 72 5 0 7 0.00 M M M M M M M M M M
12 92 63 78 11 0 13 0.01 M M M M M M M M M M
13 71 53 62 -5 3 0 0.00 M M M M M M M M M M
14 71 50 61 -6 4 0 0.00 M M M M M M M M M M
15 70 50 60 -8 5 0 0.00 M M M M M M M M M M
16 73 53 63 -5 2 0 0.00 0.0 0 M M M M M M M M
17 81 67 74 6 0 9 0.02 0.0 0 M M M M M M M M
18 72 64 68 0 0 3 0.52 0.0 0 M M M M M M 1 M M
19 82 72 77 9 0 12 0.07 0.0 0 M M M M M M 123 M M
20 80 66 73 4 0 8 0.00 0.0 0 M M M M M M 12 M M
21 83 68 76 7 0 11 0.00 0.0 0 M M M M M M 1 M M
22 81 73 77 8 0 12 0.00 0.0 0 M M M M M M M M
23 89 64 77 8 0 12 0.00 0.0 0 M M M M M M M M
24 85 62 74 4 0 9 0.00 0.0 0 M M M M M M M M
25 83 66 75 5 0 10 0.04 0.0 0 M M M M M M 3 M M
26 83 62 73 3 0 8 0.00 0.0 0 M M M M M M M M
27 82 60 71 1 0 6 0.00 0.0 0 M M M M M M M M
28 81 74 78 7 0 13 0.03 0.0 0 M M M M M M 3 M M
29 83 61 72 1 0 7 1.02 0.0 0 M M M M M M 3 M M
30 85 55 70 -1 0 5 0.00 0.0 0 M M M M M M M M
================================================================================
SM 2314 1822 19 209 3.32 0.0 M M M
================================================================================
AV 79.8 62.8 M FASTST M M 4 MAX(MPH)
MISC ----> M M M M
================================================================================
NOTES:
# LAST OF SEVERAL OCCURRENCES
COLUMN 17 PEAK WIND IN M.P.H.
PRELIMINARY LOCAL CLIMATOLOGICAL DATA (WS FORM: F-6) , PAGE 2
STATION: DICKINSON WFO
MONTH: APRIL
YEAR: 2020
LATITUDE: 29 28 N
LONGITUDE: 95 5 W
[TEMPERATURE DATA] [PRECIPITATION DATA] SYMBOLS USED IN COLUMN 16
AVERAGE MONTHLY: 71.3 TOTAL FOR MONTH: 3.32 1 = FOG OR MIST
DPTR FM NORMAL: 3.6 DPTR FM NORMAL: 0.01 2 = FOG REDUCING VISIBILITY
HIGHEST: 92 ON 12 GRTST 24HR 1.41 ON 4- 4 TO 1/4 MILE OR LESS
LOWEST: 50 ON 15,14 3 = THUNDER
SNOW, ICE PELLETS, HAIL 4 = ICE PELLETS
TOTAL MONTH: 0.0 INCH 5 = HAIL
GRTST 24HR 0.0 6 = FREEZING RAIN OR DRIZZLE
GRTST DEPTH: 0 7 = DUSTSTORM OR SANDSTORM:
VSBY 1/2 MILE OR LESS
8 = SMOKE OR HAZE
[NO. OF DAYS WITH] [WEATHER - DAYS WITH] 9 = BLOWING SNOW
X = TORNADO
MAX 32 OR BELOW: 0 0.01 INCH OR MORE: 11
MAX 90 OR ABOVE: 2 0.10 INCH OR MORE: 4
MIN 32 OR BELOW: 0 0.50 INCH OR MORE: 3
MIN 0 OR BELOW: 0 1.00 INCH OR MORE: 2
[HDD (BASE 65) ]
TOTAL THIS MO. 19 CLEAR (SCALE 0-3) 0
DPTR FM NORMAL -26 PTCLDY (SCALE 4-7) 0
TOTAL FM JUL 1 972 CLOUDY (SCALE 8-10) 0
DPTR FM NORMAL -427
[CDD (BASE 65) ]
TOTAL THIS MO. 209
DPTR FM NORMAL 81 [PRESSURE DATA]
TOTAL FM JAN 1 492 HIGHEST SLP M ON M
DPTR FM NORMAL 288 LOWEST SLP M ON M
[REMARKS]
#FINAL-04-20#