000
CXUS56 KLOX 011255
CF6HHR
PRELIMINARY LOCAL CLIMATOLOGICAL DATA (WS FORM: F-6)
STATION: HAWTHORNE AIRPORT CA
MONTH: JANUARY
YEAR: 2023
LATITUDE: 33 55 N
LONGITUDE: 118 20 W
TEMPERATURE IN F: :PCPN: SNOW: WIND :SUNSHINE: SKY :PK WND
================================================================================
1 2 3 4 5 6A 6B 7 8 9 10 11 12 13 14 15 16 17 18
12Z AVG MX 2MIN
DY MAX MIN AVG DEP HDD CDD WTR SNW DPTH SPD SPD DIR MIN PSBL S-S WX SPD DR
================================================================================
1 63 54 59 1 6 0 0.03 M M 7.0 28 260 M M 3 38 270
2 59 49 54 -4 11 0 0.04 M M 3.2 13 240 M M 4 18 260
3 60 51 56 -2 9 0 0.03 M M 7.8 15 90 M M 10 18 24 90
4 62 59 61 3 4 0 0.32 M M 9.1 16 130 M M 10 1 24 130
5 65 54 60 2 5 0 1.27 M M 9.3 18 250 M M 7 1 31 150
6 66 48 57 -1 8 0 0.00 M M 1.7 14 260 M M 0 8 17 260
7 70 51 61 3 4 0 0.00 M M 0.9 12 250 M M 0 14 250
8 66 50 58 0 7 0 0.00 M M 2.4 9 260 M M 6 8 12 270
9 61 55 58 0 7 0 0.69 M M 9.9 18 150 M M 10 138 30 150
10 65 54 60 2 5 0 0.87 M M 8.4 24 260 M M 7 1 35 200
11 64 50 57 -1 8 0 0.00 M M 1.5 10 260 M M 0 8 13 260
12 75 53 64 6 1 0 0.00 M M 1.8 8 130 M M 0 12 110
13 67 53 60 2 5 0 0.00 M M 1.5 10 260 M M 0 15 260
14 60 53 57 -1 8 0 1.76 M M 5.8 21 260 M M 7 1 27 240
15 62 52 57 -1 8 0 0.51 M M 7.4 20 100 M M 7 1 26 90
16 61 52 57 -1 8 0 0.63 M M 12.7 25 260 M M 5 18 35 270
17 62 46 54 -4 11 0 0.00 M M 3.2 14 260 M M 0 8 19 250
18 63 47 55 -3 10 0 0.00 M M 2.3 10 250 M M 1 8 14 260
19 60 46 53 -5 12 0 T M M 2.3 12 260 M M 3 8 17 240
20 63 45 54 -4 11 0 0.00 M M 2.3 12 250 M M 1 15 220
21 65 43 54 -4 11 0 0.00 M M 1.7 12 250 M M 0 8 15 260
22 64 44 54 -4 11 0 0.00 M M 1.9 12 260 M M 0 16 230
23 70 48 59 1 6 0 0.00 M M 3.0 16 130 M M 0 22 120
24 67 45 56 -2 9 0 0.00 M M 2.3 10 260 M M 0 14 270
25 73 46 60 2 5 0 0.00 M M 1.4 10 260 M M 0 8 14 260
26 71 47 59 1 6 0 0.00 M M 3.1 12 250 M M 0 19 230
27 70 48 59 1 6 0 0.00 M M 3.0 13 250 M M 0 8 17 260
28 64 49 57 -1 8 0 0.00 M M 4.2 12 110 M M 4 17 160
29 60 51 56 -2 9 0 0.21 M M 6.4 18 240 M M 8 1 27 250
30 61 50 56 -2 9 0 0.50 M M 2.9 10 260 M M 8 1 15 270
31 70 45 58 0 7 0 0.00 M M 1.7 10 230 M M 0 18 15 210
================================================================================
SM 2009 1538 235 0 6.86 M 132.1 M 101
================================================================================
AV 64.8 49.6 4.3 FASTST M M 3 MAX(MPH)
MISC ----> 28 260 38 270
================================================================================
NOTES:
# LAST OF SEVERAL OCCURRENCES
COLUMN 17 PEAK WIND IN M.P.H.
PRELIMINARY LOCAL CLIMATOLOGICAL DATA (WS FORM: F-6) , PAGE 2
STATION: HAWTHORNE AIRPORT CA
MONTH: JANUARY
YEAR: 2023
LATITUDE: 33 55 N
LONGITUDE: 118 20 W
[TEMPERATURE DATA] [PRECIPITATION DATA] SYMBOLS USED IN COLUMN 16
AVERAGE MONTHLY: 57.2 TOTAL FOR MONTH: 6.86 1 = FOG OR MIST
DPTR FM NORMAL: -1.1 DPTR FM NORMAL: 4.19 2 = FOG REDUCING VISIBILITY
HIGHEST: 75 ON 12 GRTST 24HR 1.93 ON 14-15 TO 1/4 MILE OR LESS
LOWEST: 43 ON 21 3 = THUNDER
SNOW, ICE PELLETS, HAIL 4 = ICE PELLETS
TOTAL MONTH: M 5 = HAIL
GRTST 24HR M ON M 6 = FREEZING RAIN OR DRIZZLE
GRTST DEPTH: M ON M 7 = DUSTSTORM OR SANDSTORM:
VSBY 1/2 MILE OR LESS
8 = SMOKE OR HAZE
[NO. OF DAYS WITH] [WEATHER - DAYS WITH] 9 = BLOWING SNOW
X = TORNADO
MAX 32 OR BELOW: 0 0.01 INCH OR MORE: 12
MAX 90 OR ABOVE: 0 0.10 INCH OR MORE: 9
MIN 32 OR BELOW: 0 0.50 INCH OR MORE: 7
MIN 0 OR BELOW: 0 1.00 INCH OR MORE: 2
[HDD (BASE 65) ]
TOTAL THIS MO. 235 CLEAR (SCALE 0-3) 17
DPTR FM NORMAL 19 PTCLDY (SCALE 4-7) 11
TOTAL FM JUL 1 524 CLOUDY (SCALE 8-10) 3
DPTR FM NORMAL -58
[CDD (BASE 65) ]
TOTAL THIS MO. 0
DPTR FM NORMAL -6 [PRESSURE DATA]
TOTAL FM JAN 1 0 HIGHEST SLP 30.39 ON 26
DPTR FM NORMAL -6 LOWEST SLP 29.66 ON 16
[REMARKS]
#FINAL-01-23#