000
CXUS56 KPQR 011155
CF6HIO
PRELIMINARY LOCAL CLIMATOLOGICAL DATA (WS FORM: F-6)
STATION: HILLSBORO OR
MONTH: AUGUST
YEAR: 2022
LATITUDE: 45 32 N
LONGITUDE: 122 57 W
TEMPERATURE IN F: :PCPN: SNOW: WIND :SUNSHINE: SKY :PK WND
================================================================================
1 2 3 4 5 6A 6B 7 8 9 10 11 12 13 14 15 16 17 18
12Z AVG MX 2MIN
DY MAX MIN AVG DEP HDD CDD WTR SNW DPTH SPD SPD DIR MIN PSBL S-S WX SPD DR
================================================================================
1 89 62 76 8 0 11 T M M 3.0 12 30 M M 1 14 50
2 87 57 72 4 0 7 0.00 M M 3.2 12 30 M M 3 14 30
3 87 53 70 2 0 5 0.00 M M 4.6 16 320 M M 0 20 320
4 76 53 65 -3 0 0 0.00 M M 5.6 15 330 M M 5 21 350
5 83 50 67 -1 0 2 0.00 M M 6.6 17 310 M M 0 27 320
6 92 49 71 3 0 6 0.00 M M 3.0 10 30 M M 0 8 13 40
7 99 53 76 8 0 11 0.00 M M 2.8 10 310 M M 0 14 20
8 85 57 71 3 0 6 0.00 M M 3.4 13 260 M M 0 16 250
9 87 59 73 5 0 8 T M M 3.5 10 310 M M 3 13 310
10 76 56 66 -2 0 1 0.00 M M 4.9 12 240 M M 6 18 17 170
11 87 51 69 1 0 4 0.00 M M 3.6 14 310 M M 0 12 17 300
12 79 53 66 -2 0 1 0.00 M M 3.7 14 290 M M 3 18 270
13 78 53 66 -2 0 1 0.00 M M 3.8 13 50 M M 5 18 50
14 86 50 68 1 0 3 0.00 M M 3.5 13 330 M M 0 1 16 80
15 90 52 71 4 0 6 0.00 M M 4.2 15 310 M M 0 20 330
16 92 55 74 7 0 9 0.00 M M 5.1 17 310 M M 0 21 300
17 101 60 81 14 0 16 0.00 M M 1.5 9 300 M M 0 11 50
18 89 64 77 10 0 12 T M M 3.2 15 110 M M 1 8 18 120
19 84 65 75 8 0 10 0.00 M M 3.5 13 310 M M 4 14 40
20 80 60 70 3 0 5 T M M 3.2 9 30 M M 6 1 11 20
21 89 53 71 4 0 6 0.00 M M 2.3 10 290 M M 1 1 13 280
22 88 58 73 7 0 8 0.00 M M 4.4 15 320 M M 2 17 310
23 86 55 71 5 0 6 0.00 M M 5.8 18 310 M M 0 22 320
24 95 57 76 10 0 11 0.00 M M 3.5 16 310 M M 0 19 310
25 94 60 77 11 0 12 0.00 M M 3.7 16 330 M M 1 21 330
26 79 54 67 1 0 2 0.00 M M 4.6 16 330 M M 6 22 330
27 74 53 64 -2 1 0 0.00 M M 8.4 17 310 M M 5 23 330
28 81 48 65 -1 0 0 0.00 M M 5.3 14 20 M M 1 17 10
29 95 53 74 8 0 9 0.00 M M 2.3 10 360 M M 0 13 360
30 98 56 77 12 0 12 0.00 M M 1.9 10 170 M M 0 12 290
31 91 60 76 11 0 11 0.00 M M 3.1 9 340 M M 0 11 170
================================================================================
SM 2697 1719 1 201 T M 121.2 M 53
================================================================================
AV 87.0 55.5 3.9 FASTST M M 2 MAX(MPH)
MISC ----> 18 310 27 320
================================================================================
NOTES:
# LAST OF SEVERAL OCCURRENCES
COLUMN 17 PEAK WIND IN M.P.H.
PRELIMINARY LOCAL CLIMATOLOGICAL DATA (WS FORM: F-6) , PAGE 2
STATION: HILLSBORO OR
MONTH: AUGUST
YEAR: 2022
LATITUDE: 45 32 N
LONGITUDE: 122 57 W
[TEMPERATURE DATA] [PRECIPITATION DATA] SYMBOLS USED IN COLUMN 16
AVERAGE MONTHLY: 71.2 TOTAL FOR MONTH: T 1 = FOG OR MIST
DPTR FM NORMAL: 4.1 DPTR FM NORMAL: -0.48 2 = FOG REDUCING VISIBILITY
HIGHEST: 101 ON 17 GRTST 24HR T ON 1- 1 TO 1/4 MILE OR LESS
LOWEST: 48 ON 28 3 = THUNDER
SNOW, ICE PELLETS, HAIL 4 = ICE PELLETS
TOTAL MONTH: 0.0 INCH 5 = HAIL
GRTST 24HR M ON M 6 = FREEZING RAIN OR DRIZZLE
GRTST DEPTH: 0 7 = DUSTSTORM OR SANDSTORM:
VSBY 1/2 MILE OR LESS
8 = SMOKE OR HAZE
[NO. OF DAYS WITH] [WEATHER - DAYS WITH] 9 = BLOWING SNOW
X = TORNADO
MAX 32 OR BELOW: 0 0.01 INCH OR MORE: 0
MAX 90 OR ABOVE: 10 0.10 INCH OR MORE: 0
MIN 32 OR BELOW: 0 0.50 INCH OR MORE: 0
MIN 0 OR BELOW: 0 1.00 INCH OR MORE: 0
[HDD (BASE 65) ]
TOTAL THIS MO. 1 CLEAR (SCALE 0-3) 23
DPTR FM NORMAL -35 PTCLDY (SCALE 4-7) 8
TOTAL FM JUL 1 19 CLOUDY (SCALE 8-10) 0
DPTR FM NORMAL -55
[CDD (BASE 65) ]
TOTAL THIS MO. 201
DPTR FM NORMAL 100 [PRESSURE DATA]
TOTAL FM JAN 1 409 HIGHEST SLP 30.20 ON 13
DPTR FM NORMAL 168 LOWEST SLP 29.77 ON 24
[REMARKS]
#FINAL-08-22#