000
CXUS56 KPQR 011155
CF6HIO
PRELIMINARY LOCAL CLIMATOLOGICAL DATA (WS FORM: F-6)
STATION: HILLSBORO OR
MONTH: MAY
YEAR: 2022
LATITUDE: 45 32 N
LONGITUDE: 122 57 W
TEMPERATURE IN F: :PCPN: SNOW: WIND :SUNSHINE: SKY :PK WND
================================================================================
1 2 3 4 5 6A 6B 7 8 9 10 11 12 13 14 15 16 17 18
12Z AVG MX 2MIN
DY MAX MIN AVG DEP HDD CDD WTR SNW DPTH SPD SPD DIR MIN PSBL S-S WX SPD DR
================================================================================
1 63 43 53 0 12 0 0.00 M M 3.2 9 230 M M 6 12 15 230
2 57 43 50 -4 15 0 0.50 M M 9.9 21 170 M M 9 18 28 180
3 63 42 53 -1 12 0 0.00 M M 3.6 13 20 M M 7 15 40
4 72 42 57 3 8 0 0.00 M M 2.3 12 300 M M 1 14 310
5 59 45 52 -2 13 0 0.33 M M 7.5 18 220 M M 9 1 27 220
6 61 46 54 -1 11 0 0.59 M M 6.5 20 210 M M 10 18 27 210
7 55 43 49 -6 16 0 0.08 M M 8.0 20 270 M M 9 1 27 280
8 52 35 44 -11 21 0 0.29 M M 3.6 14 350 M M 8 128 17 350
9 53 33 43 -13 22 0 0.03 M M 2.5 16 300 M M 9 12 19 300
10 61 37 49 -7 16 0 T M M 3.0 15 10 M M 7 19 10
11 61 38 50 -6 15 0 T M M 6.6 16 180 M M 6 21 150
12 55 36 46 -10 19 0 0.18 M M 12.3 30 180 M M 8 1 38 180
13 55 32 44 -12 21 0 0.39 M M 2.3 12 160 M M 5 1 14 150
14 69 49 59 2 6 0 0.17 M M 7.1 17 170 M M 8 1 22 210
15 67 54 61 4 4 0 0.57 M M 5.7 18 240 M M 10 1 23 230
16 64 45 55 -2 10 0 0.00 M M 8.1 15 300 M M 7 21 270
17 65 43 54 -3 11 0 0.00 M M 3.5 10 310 M M 4 13 310
18 61 46 54 -3 11 0 0.09 M M 10.3 18 240 M M 8 1 26 260
19 57 40 49 -9 16 0 0.10 M M 5.9 24 320 M M 6 1 29 320
20 59 35 47 -11 18 0 0.00 M M 2.2 9 300 M M 5 12 310
21 72 38 55 -3 10 0 0.00 M M 4.0 16 310 M M 1 21 310
22 73 41 57 -1 8 0 0.00 M M 3.7 15 320 M M 1 1 18 320
23 71 47 59 1 6 0 0.00 M M 6.1 17 330 M M 6 24 330
24 66 40 53 -5 12 0 T M M 3.1 18 230 M M 6 1 24 220
25 74 54 64 6 1 0 T M M 3.5 13 40 M M 6 1 17 20
26 71 53 62 4 3 0 0.02 M M 3.0 20 160 M M 7 1 24 160
27 61 51 56 -3 9 0 0.05 M M 4.2 12 180 M M 9 15 250
28 60 48 54 -5 11 0 0.55 M M 5.1 20 160 M M 10 1 24 170
29 60 49 55 -4 10 0 0.07 M M 5.8 18 310 M M 10 1 23 310
30 63 47 55 -4 10 0 0.04 M M 3.8 15 340 M M 8 19 330
31 76 45 61 2 4 0 0.00 M M 3.9 9 290 M M 2 14 80
================================================================================
SM 1956 1340 361 0 4.05 M 160.3 M 208
================================================================================
AV 63.1 43.2 5.2 FASTST M M 7 MAX(MPH)
MISC ----> 30 180 38 180
================================================================================
NOTES:
# LAST OF SEVERAL OCCURRENCES
COLUMN 17 PEAK WIND IN M.P.H.
PRELIMINARY LOCAL CLIMATOLOGICAL DATA (WS FORM: F-6) , PAGE 2
STATION: HILLSBORO OR
MONTH: MAY
YEAR: 2022
LATITUDE: 45 32 N
LONGITUDE: 122 57 W
[TEMPERATURE DATA] [PRECIPITATION DATA] SYMBOLS USED IN COLUMN 16
AVERAGE MONTHLY: 53.2 TOTAL FOR MONTH: 4.05 1 = FOG OR MIST
DPTR FM NORMAL: -3.5 DPTR FM NORMAL: 2.03 2 = FOG REDUCING VISIBILITY
HIGHEST: 76 ON 31 GRTST 24HR 0.61 ON 6- 7 TO 1/4 MILE OR LESS
LOWEST: 32 ON 13 3 = THUNDER
SNOW, ICE PELLETS, HAIL 4 = ICE PELLETS
TOTAL MONTH: M 5 = HAIL
GRTST 24HR M ON M 6 = FREEZING RAIN OR DRIZZLE
GRTST DEPTH: M ON M 7 = DUSTSTORM OR SANDSTORM:
VSBY 1/2 MILE OR LESS
8 = SMOKE OR HAZE
[NO. OF DAYS WITH] [WEATHER - DAYS WITH] 9 = BLOWING SNOW
X = TORNADO
MAX 32 OR BELOW: 0 0.01 INCH OR MORE: 17
MAX 90 OR ABOVE: 0 0.10 INCH OR MORE: 10
MIN 32 OR BELOW: 1 0.50 INCH OR MORE: 4
MIN 0 OR BELOW: 0 1.00 INCH OR MORE: 0
[HDD (BASE 65) ]
TOTAL THIS MO. 361 CLEAR (SCALE 0-3) 4
DPTR FM NORMAL 95 PTCLDY (SCALE 4-7) 17
TOTAL FM JUL 1 4811 CLOUDY (SCALE 8-10) 10
DPTR FM NORMAL 125
[CDD (BASE 65) ]
TOTAL THIS MO. 0
DPTR FM NORMAL -9 [PRESSURE DATA]
TOTAL FM JAN 1 0 HIGHEST SLP 30.32 ON 20
DPTR FM NORMAL -10 LOWEST SLP 29.58 ON 28
[REMARKS]
#FINAL-05-22#