000
CXUS56 KHNX 011546
CF6HJO
PRELIMINARY LOCAL CLIMATOLOGICAL DATA (WS FORM: F-6)
STATION: HANFORD CA AIRPORT
MONTH: DECEMBER
YEAR: 2022
LATITUDE: 36 19 N
LONGITUDE: 119 38 W
TEMPERATURE IN F: :PCPN: SNOW: WIND :SUNSHINE: SKY :PK WND
================================================================================
1 2 3 4 5 6A 6B 7 8 9 10 11 12 13 14 15 16 17 18
12Z AVG MX 2MIN
DY MAX MIN AVG DEP HDD CDD WTR SNW DPTH SPD SPD DIR MIN PSBL S-S WX SPD DR
================================================================================
1 55 44 50 2 15 0 0.34 0.0 0 5.3 26 330 M M 9 1 33 320
2 52 36 44 -4 21 0 T 0.0 0 2.4 8 310 M M 6 12 12 310
3 56 47 52 4 13 0 0.49 0.0 0 3.2 8 60 M M 10 18 10 190
4 65 49 57 10 8 0 0.21 0.0 0 2.9 10 330 M M 8 1 12 280
5 64 45 55 8 10 0 0.00 0.0 0 1.6 7 180 M M 5 11 60
6 59 40 50 3 15 0 0.00 0.0 0 2.4 13 330 M M 5 1238 15 330
7 59 39 49 2 16 0 0.00 0.0 0 1.2 6 180 M M 5 12 7 180
8 57 35 46 0 19 0 0.00 0.0 0 1.4 6 80 M M 3 128 7 180
9 60 37 49 3 16 0 0.00 0.0 0 3.8 10 150 M M 1 18 13 140
10 64 46 55 9 10 0 0.64 0.0 0 8.5 22 170 M M 7 1 29 170
11 58 43 51 5 14 0 0.02 0.0 0 6.8 15 290 M M 6 3 22 280
12 54 41 48 2 17 0 0.05 0.0 0 5.8 15 330 M M 6 19 320
13 54 32 43 -3 22 0 0.00 0.0 0 1.8 8 300 M M 0 1 11 290
14 56 31 44 -2 21 0 0.00 0.0 0 0.8 6 300 M M 0 128 8 270
15 53 32 43 -3 22 0 0.00 0.0 0 1.1 6 70 M M 2 128 9 80
16 55 32 44 -2 21 0 0.00 0.0 0 0.6 6 110 M M 5 128 7 120
17 43 32 38 -8 27 0 0.00 0.0 0 0.6 6 190 M M 10 12 8 260
18 42 38 40 -5 25 0 0.00 0.0 0 0.8 7 160 M M 10 128 10 170
19 44 35 40 -5 25 0 0.00 0.0 0 1.6 7 300 M M 7 18 10 140
20 43 35 39 -6 26 0 0.00 0.0 0 2.3 9 300 M M 8 128 11 300
21 41 38 40 -5 25 0 0.00 0.0 0 1.6 6 310 M M 10 12 9 200
22 43 39 41 -4 24 0 0.00 0.0 0 1.4 6 280 M M 10 18 8 50
23 45 34 40 -5 25 0 0.00 0.0 0 1.6 9 270 M M 8 128 12 260
24 44 37 41 -4 24 0 0.00 0.0 0 2.2 8 160 M M 10 12 9 160
25 45 39 42 -3 23 0 0.00 0.0 0 2.8 9 240 M M 10 12 14 250
26 48 40 44 -1 21 0 T 0.0 0 3.9 17 60 M M 8 128 23 250
27 54 46 50 5 15 0 0.95 0.0 0 5.7 13 190 M M 10 1 19 130
28 59 46 53 8 12 0 0.00 0.0 0 4.3 14 330 M M 5 12 18 330
29 54 47 51 5 14 0 0.09 0.0 0 4.3 12 50 M M 9 1 14 50
30 65 51 58 12 7 0 0.11 0.0 0 5.8 12 140 M M 9 1 17 150
31 61 52 57 11 8 0 0.16 0.0 0 10.3 24 170 M M 9 1 34 180
================================================================================
SM 1652 1238 561 0 3.06 0.0 98.8 M 211
================================================================================
AV 53.3 39.9 3.2 FASTST M M 7 MAX(MPH)
MISC ----> 26 330 34 180
================================================================================
NOTES:
# LAST OF SEVERAL OCCURRENCES
COLUMN 17 PEAK WIND IN M.P.H.
PRELIMINARY LOCAL CLIMATOLOGICAL DATA (WS FORM: F-6) , PAGE 2
STATION: HANFORD CA AIRPORT
MONTH: DECEMBER
YEAR: 2022
LATITUDE: 36 19 N
LONGITUDE: 119 38 W
[TEMPERATURE DATA] [PRECIPITATION DATA] SYMBOLS USED IN COLUMN 16
AVERAGE MONTHLY: 46.6 TOTAL FOR MONTH: 3.06 1 = FOG OR MIST
DPTR FM NORMAL: 0.6 DPTR FM NORMAL: 1.70 2 = FOG REDUCING VISIBILITY
HIGHEST: 65 ON 30, 4 GRTST 24HR 0.95 ON 27-27 TO 1/4 MILE OR LESS
LOWEST: 31 ON 14 3 = THUNDER
SNOW, ICE PELLETS, HAIL 4 = ICE PELLETS
TOTAL MONTH: 0.0 INCH 5 = HAIL
GRTST 24HR 0.0 6 = FREEZING RAIN OR DRIZZLE
GRTST DEPTH: 0 7 = DUSTSTORM OR SANDSTORM:
VSBY 1/2 MILE OR LESS
8 = SMOKE OR HAZE
[NO. OF DAYS WITH] [WEATHER - DAYS WITH] 9 = BLOWING SNOW
X = TORNADO
MAX 32 OR BELOW: 0 0.01 INCH OR MORE: 10
MAX 90 OR ABOVE: 0 0.10 INCH OR MORE: 7
MIN 32 OR BELOW: 5 0.50 INCH OR MORE: 2
MIN 0 OR BELOW: 0 1.00 INCH OR MORE: 0
[HDD (BASE 65) ]
TOTAL THIS MO. 561 CLEAR (SCALE 0-3) 4
DPTR FM NORMAL -28 PTCLDY (SCALE 4-7) 15
TOTAL FM JUL 1 1080 CLOUDY (SCALE 8-10) 12
DPTR FM NORMAL 47
[CDD (BASE 65) ]
TOTAL THIS MO. 0
DPTR FM NORMAL 0 [PRESSURE DATA]
TOTAL FM JAN 1 2470 HIGHEST SLP 30.51 ON 24
DPTR FM NORMAL 602 LOWEST SLP 29.63 ON 31
[REMARKS]
#FINAL-12-22#