000
CXUS56 KHNX 011149
CF6HJO
PRELIMINARY LOCAL CLIMATOLOGICAL DATA (WS FORM: F-6)
STATION: HANFORD CA AIRPORT
MONTH: AUGUST
YEAR: 2023
LATITUDE: 36 19 N
LONGITUDE: 119 38 W
TEMPERATURE IN F: :PCPN: SNOW: WIND :SUNSHINE: SKY :PK WND
================================================================================
1 2 3 4 5 6A 6B 7 8 9 10 11 12 13 14 15 16 17 18
12Z AVG MX 2MIN
DY MAX MIN AVG DEP HDD CDD WTR SNW DPTH SPD SPD DIR MIN PSBL S-S WX SPD DR
================================================================================
1 101 66 84 3 0 19 0.00 0.0 0 3.9 16 330 M M 2 8 21 350
2 95 64 80 -1 0 15 0.00 0.0 0 7.3 16 320 M M 1 23 320
3 91 57 74 -7 0 9 0.00 0.0 0 7.6 16 320 M M 0 22 310
4 94 59 77 -4 0 12 0.00 0.0 0 6.6 15 320 M M 1 20 310
5 99 61 80 -1 0 15 0.00 0.0 0 6.4 15 330 M M 2 21 340
6 101 64 83 2 0 18 0.00 0.0 0 5.8 16 330 M M 2 1 23 320
7 104 67 86 5 0 21 0.00 0.0 0 3.0 9 80 M M 3 18 14 80
8 101 65 83 2 0 18 0.00 0.0 0 3.5 14 320 M M 0 8 17 320
9 98 60 79 -2 0 14 0.00 0.0 0 4.8 14 310 M M 0 8 20 300
10 89 66 78 -2 0 13 T 0.0 0 6.1 15 170 M M 0 19 160
11 95 70 83 3 0 18 0.01 0.0 0 4.8 12 320 M M 2 15 350
12 99 68 84 4 0 19 0.00 0.0 0 6.5 15 310 M M 0 19 300
13 99 73 86 6 0 21 0.00 0.0 0 6.1 15 300 M M 0 19 310
14 107 71 89 9 0 24 0.00 0.0 0 5.3 16 310 M M 0 8 23 300
15 107 70 89 9 0 24 0.00 0.0 0 4.6 13 310 M M 0 8 22 300
16 105 73 89 9 0 24 T 0.0 0 4.7 13 310 M M 1 8 17 320
17 108 73 91 11 0 26 0.00 0.0 0 4.0 10 280 M M 0 8 18 280
18 102 70 86 6 0 21 0.00 0.0 0 5.5 15 310 M M 0 8 20 310
19 98 65 82 2 0 17 0.19 0.0 0 6.1 36 160 M M 2 38 45 150
20 78 70 74 -6 0 9 0.28 0.0 0 5.0 17 160 M M 6 18 24 140
21 90 68 79 -1 0 14 T 0.0 0 6.4 18 310 M M 3 13 24 320
22 91 68 80 1 0 15 0.00 0.0 0 5.5 10 320 M M 1 8 17 340
23 97 69 83 4 0 18 0.00 0.0 0 5.0 12 330 M M 0 14 320
24 100 66 83 4 0 18 0.00 0.0 0 4.3 12 260 M M 0 17 260
25 96 68 82 3 0 17 0.00 0.0 0 7.4 14 320 M M 0 18 310
26 97 66 82 3 0 17 0.00 0.0 0 6.2 15 310 M M 0 22 310
27 99 66 83 4 0 18 0.00 0.0 0 7.8 15 310 M M 0 22 330
28 99 60 80 1 0 15 0.00 0.0 0 7.7 14 320 M M 0 22 310
29 100 61 81 3 0 16 0.00 0.0 0 7.6 15 330 M M 0 21 320
30 98 60 79 1 0 14 0.00 0.0 0 3.6 9 320 M M 0 8 12 330
31 101 62 82 4 0 17 0.00 0.0 0 5.0 15 170 M M 0 18 20 180
================================================================================
SM 3039 2046 0 536 0.48 0.0 174.1 M 26
================================================================================
AV 98.0 66.0 5.6 FASTST M M 1 MAX(MPH)
MISC ----> 36 160 45 150
================================================================================
NOTES:
# LAST OF SEVERAL OCCURRENCES
COLUMN 17 PEAK WIND IN M.P.H.
PRELIMINARY LOCAL CLIMATOLOGICAL DATA (WS FORM: F-6) , PAGE 2
STATION: HANFORD CA AIRPORT
MONTH: AUGUST
YEAR: 2023
LATITUDE: 36 19 N
LONGITUDE: 119 38 W
[TEMPERATURE DATA] [PRECIPITATION DATA] SYMBOLS USED IN COLUMN 16
AVERAGE MONTHLY: 82.0 TOTAL FOR MONTH: 0.48 1 = FOG OR MIST
DPTR FM NORMAL: 2.1 DPTR FM NORMAL: 0.48 2 = FOG REDUCING VISIBILITY
HIGHEST: 108 ON 17 GRTST 24HR 0.28 ON 20-20 TO 1/4 MILE OR LESS
LOWEST: 57 ON 3 3 = THUNDER
SNOW, ICE PELLETS, HAIL 4 = ICE PELLETS
TOTAL MONTH: 0.0 INCH 5 = HAIL
GRTST 24HR 0.0 6 = FREEZING RAIN OR DRIZZLE
GRTST DEPTH: 0 7 = DUSTSTORM OR SANDSTORM:
VSBY 1/2 MILE OR LESS
8 = SMOKE OR HAZE
[NO. OF DAYS WITH] [WEATHER - DAYS WITH] 9 = BLOWING SNOW
X = TORNADO
MAX 32 OR BELOW: 0 0.01 INCH OR MORE: 3
MAX 90 OR ABOVE: 29 0.10 INCH OR MORE: 2
MIN 32 OR BELOW: 0 0.50 INCH OR MORE: 0
MIN 0 OR BELOW: 0 1.00 INCH OR MORE: 0
[HDD (BASE 65) ]
TOTAL THIS MO. 0 CLEAR (SCALE 0-3) 30
DPTR FM NORMAL 0 PTCLDY (SCALE 4-7) 1
TOTAL FM JUL 1 0 CLOUDY (SCALE 8-10) 0
DPTR FM NORMAL 0
[CDD (BASE 65) ]
TOTAL THIS MO. 536
DPTR FM NORMAL 74 [PRESSURE DATA]
TOTAL FM JAN 1 1694 HIGHEST SLP 30.06 ON 3
DPTR FM NORMAL 193 LOWEST SLP 29.60 ON 20
[REMARKS]
#FINAL-08-23#