000
CXUS56 KHNX 050656
CLMHJO
CLIMATE REPORT
NATIONAL WEATHER SERVICE
1056 PM PST SUN FEB 04 2024
...................................
...THE HANFORD CA AIRPORT CLIMATE SUMMARY FOR THE MONTH OF JANUARY 2024...
CLIMATE NORMAL PERIOD 1991 TO 2020
CLIMATE RECORD PERIOD 1898 TO 2024
WEATHER OBSERVED NORMAL DEPART LAST YEAR`S
VALUE DATE(S) VALUE FROM VALUE DATE(S)
NORMAL
................................................................
TEMPERATURE (F)
RECORD
HIGH 77 01/24/2014
01/03/1907
LOW 14 01/07/1913
01/06/1913
HIGHEST 75 01/29 MM 69 01/04
LOWEST 30 01/08 MM 32 01/23
01/09
01/24
01/25
MEAN 50.7 46.8 3.9
DAYS MAX >= 90 0 0.0 0.0 0
DAYS MIN <= 32 3 8.9 -5.9 4
PRECIPITATION (INCHES)
RECORD
MAXIMUM 6.69 1969
MINIMUM 0.00 1948
TOTALS 1.70 1.56 0.14
DAYS >= .01 12 8.3 3.7 13
DAYS >= .10 6 3.9 2.1 8
DAYS >= .50 0 0.8 -0.8 2
DAYS >= 1.00 0 0.1 -0.1 1
SNOWFALL (INCHES)
RECORDS
TOTAL MM MM
TOTALS 0.0 MM
DEGREE DAYS
HEATING TOTAL 436 564 -128 481
SINCE 7/1 1153 1592 -439 MM
COOLING TOTAL 0 0 0 0
SINCE 1/1 0 0 0 MM
................................................................
WIND (MPH)
AVERAGE WIND SPEED 3.1
HIGHEST WIND SPEED/DIRECTION 26/320 DATE 01/11
HIGHEST GUST SPEED/DIRECTION 36/330 DATE 01/11
AVERAGE RH (PERCENT) 78
WEATHER CONDITIONS. NUMBER OF DAYS WITH
THUNDERSTORM 0 RAIN 5
HAIL 0 FOG 30
FOG W/VIS <= 1/4 MILE 13 HAZE 19
- INDICATES NEGATIVE NUMBERS.
R INDICATES RECORD WAS SET OR TIED.
MM INDICATES DATA IS MISSING.
T INDICATES TRACE AMOUNT.
$$