000
CXUS54 KJAN 191410
CF6HKS
PRELIMINARY LOCAL CLIMATOLOGICAL DATA (WS FORM: F-6)
STATION: JACKSON HAWKINS
MONTH: APRIL
YEAR: 2024
LATITUDE: 32 20 N
LONGITUDE: 90 14 W
TEMPERATURE IN F: :PCPN: SNOW: WIND :SUNSHINE: SKY :PK WND
================================================================================
1 2 3 4 5 6A 6B 7 8 9 10 11 12 13 14 15 16 17 18
12Z AVG MX 2MIN
DY MAX MIN AVG DEP HDD CDD WTR SNW DPTH SPD SPD DIR MIN PSBL S-S WX SPD DR
================================================================================
1 M M M M M M M M M M M M M M M M M
2 83 55 69 6 0 4 T 0.0 0 13.2 28 180 M M 3 3 37 190
3 68 48 58 -5 7 0 0.00 0.0 0 12.1 29 290 M M 3 40 270
4 72 40 56 -7 9 0 0.00 0.0 0 6.9 24 300 M M 0 36 300
5 74 41 58 -5 7 0 0.00 0.0 0 3.4 13 310 M M 0 17 310
6 75 50 63 -1 2 0 0.00 0.0 0 6.8 14 130 M M 0 18 140
7 79 55 67 3 0 2 0.00 0.0 M 10.1 21 200 M M 4 18 29 190
8 71 59 65 1 0 0 0.85 0.0 0 9.7 24 300 M M 10 13 32 300
9 70 60 65 1 0 0 1.82 0.0 M 8.7 35 260 M M 10 13 68 240
10 68 59 64 0 1 0 1.68 0.0 0 M M M M M 9 13 M M
11 72 54 63 -1 2 0 0.01 0.0 0 11.1 22 300 M M 6 1 35 310
12 74 46 60 -5 5 0 0.00 0.0 0 4.4 18 310 M M 0 26 340
13 84 48 66 1 0 1 0.00 0.0 0 3.4 14 280 M M 0 19 300
14 82 58 70 5 0 5 0.00 0.0 0 8.1 20 190 M M 0 29 190
15 82 57 70 5 0 5 0.00 0.0 0 7.5 15 180 M M 2 23 200
16 84 67 76 10 0 11 0.00 0.0 M 11.8 22 200 M M 5 30 170
17 73 68 71 5 0 6 T 0.0 M 5.8 16 190 M M 9 1 26 220
18 73 66 70 4 0 5 T 0.0 M 7.1 16 130 M M 5 13 22 140
================================================================================
SM 1284 931 33 39 4.36 0.0 130.1 M 66
================================================================================
AV 75.5 54.8 8.1 FASTST M M 4 MAX(MPH)
MISC ----> 35 260 68 240
================================================================================
NOTES:
# LAST OF SEVERAL OCCURRENCES
COLUMN 17 PEAK WIND IN M.P.H.
PRELIMINARY LOCAL CLIMATOLOGICAL DATA (WS FORM: F-6) , PAGE 2
STATION: JACKSON HAWKINS
MONTH: APRIL
YEAR: 2024
LATITUDE: 32 20 N
LONGITUDE: 90 14 W
[TEMPERATURE DATA] [PRECIPITATION DATA] SYMBOLS USED IN COLUMN 16
AVERAGE MONTHLY: 65.1 TOTAL FOR MONTH: 4.36 1 = FOG OR MIST
DPTR FM NORMAL: 0.9 DPTR FM NORMAL: 0.98 2 = FOG REDUCING VISIBILITY
HIGHEST: 84 ON 16,13 GRTST 24HR 3.33 ON 9-10 TO 1/4 MILE OR LESS
LOWEST: 40 ON 4 3 = THUNDER
SNOW, ICE PELLETS, HAIL 4 = ICE PELLETS
TOTAL MONTH: 0.0 INCH 5 = HAIL
GRTST 24HR 0.0 6 = FREEZING RAIN OR DRIZZLE
GRTST DEPTH: 0 7 = DUSTSTORM OR SANDSTORM:
VSBY 1/2 MILE OR LESS
8 = SMOKE OR HAZE
[NO. OF DAYS WITH] [WEATHER - DAYS WITH] 9 = BLOWING SNOW
X = TORNADO
MAX 32 OR BELOW: 0 0.01 INCH OR MORE: 4
MAX 90 OR ABOVE: 0 0.10 INCH OR MORE: 3
MIN 32 OR BELOW: 0 0.50 INCH OR MORE: 3
MIN 0 OR BELOW: 0 1.00 INCH OR MORE: 2
[HDD (BASE 65) ]
TOTAL THIS MO. 33 CLEAR (SCALE 0-3) 8
DPTR FM NORMAL -30 PTCLDY (SCALE 4-7) 5
TOTAL FM JUL 1 1926 CLOUDY (SCALE 8-10) 4
DPTR FM NORMAL -170
[CDD (BASE 65) ]
TOTAL THIS MO. 39
DPTR FM NORMAL -8 [PRESSURE DATA]
TOTAL FM JAN 1 68 HIGHEST SLP M ON M
DPTR FM NORMAL -32 LOWEST SLP 29.48 ON 10
[REMARKS]