000
CXUS52 KGSP 010917
CF6HKY
PRELIMINARY LOCAL CLIMATOLOGICAL DATA (WS FORM: F-6)
STATION: HICKORY NC
MONTH: DECEMBER
YEAR: 2022
LATITUDE: 35 45 N
LONGITUDE: 81 23 W
TEMPERATURE IN F: :PCPN: SNOW: WIND :SUNSHINE: SKY :PK WND
================================================================================
1 2 3 4 5 6A 6B 7 8 9 10 11 12 13 14 15 16 17 18
12Z AVG MX 2MIN
DY MAX MIN AVG DEP HDD CDD WTR SNW DPTH SPD SPD DIR MIN PSBL S-S WX SPD DR
================================================================================
1 56 31 44 -1 21 0 0.00 M M 3.0 12 310 M M 0 16 320
2 54 27 41 -4 24 0 0.01 M M 1.5 8 210 M M 4 11 220
3 60 45 53 9 12 0 0.03 M M 2.6 13 200 M M 6 18 190
4 51 36 44 0 21 0 0.00 M M 1.7 10 360 M M 2 15 350
5 49 35 42 -2 23 0 0.08 M M 1.2 7 210 M M 8 8 200
6 46 41 44 0 21 0 0.14 M M 1.0 6 360 M M 10 1 7 60
7 55 46 51 7 14 0 0.20 M M 0.9 6 10 M M 10 12 8 350
8 64 51 58 15 7 0 0.20 M M 3.8 10 80 M M 8 12 13 50
9 54 47 51 8 14 0 0.09 M M 5.3 13 50 M M 10 17 50
10 50 44 47 4 18 0 0.00 M M 2.4 7 70 M M 10 9 100
11 50 45 48 5 17 0 0.00 M M 1.6 7 330 M M 10 10 340
12 56 43 50 7 15 0 0.00 M M 3.5 10 80 M M 7 12 16 60
13 46 32 39 -3 26 0 0.00 M M 2.3 9 60 M M 7 1 12 60
14 43 32 38 -4 27 0 0.72 M M 3.3 10 60 M M 9 18 13 50
15 43 37 40 -2 25 0 1.33 M M 5.1 12 60 M M 10 1 16 20
16 52 33 43 1 22 0 0.00 M M 3.0 13 220 M M 4 12 17 250
17 49 28 39 -3 26 0 0.00 M M 4.0 13 290 M M 0 1 19 300
18 47 29 38 -4 27 0 0.00 M M 5.1 12 300 M M 0 18 290
19 48 22 35 -7 30 0 0.00 M M 0.6 7 310 M M 1 8 90
20 42 30 36 -5 29 0 0.00 M M 1.3 7 60 M M 5 9 50
21 48 25 37 -4 28 0 0.03 M M 4.9 13 20 M M 5 1 16 100
22 47 35 41 0 24 0 0.95 M M 6.1 18 70 M M 10 1 24 70
23 44 7 26 -15 39 0 0.02 M M 17.6 30 300 M M 3 1 42 290
24 31 5 18 -23 47 0 0.00 M M 9.2 20 260 M M 0 27 280
25 38 14 26 -15 39 0 0.00 M M 4.3 14 260 M M 0 17 260
26 36 13 25 -16 40 0 0.00 M M 1.6 7 190 M M 2 10 90
27 48 27 38 -2 27 0 0.00 M M 0.8 8 200 M M 3 10 190
28 52 23 38 -2 27 0 0.00 M M 3.0 14 190 M M 0 18 200
29 64 26 45 5 20 0 0.00 M M 2.7 14 190 M M 1 17 210
30 59 31 45 5 20 0 0.07 M M 2.0 8 310 M M 6 128 10 330
31 53 48 51 11 14 0 0.17 M M 1.8 8 320 M M 10 12 10 320
================================================================================
SM 1535 988 744 0 4.04 M 107.2 M 161
================================================================================
AV 49.5 31.9 3.5 FASTST M M 5 MAX(MPH)
MISC ----> 30 300 42 290
================================================================================
NOTES:
# LAST OF SEVERAL OCCURRENCES
COLUMN 17 PEAK WIND IN M.P.H.
PRELIMINARY LOCAL CLIMATOLOGICAL DATA (WS FORM: F-6) , PAGE 2
STATION: HICKORY NC
MONTH: DECEMBER
YEAR: 2022
LATITUDE: 35 45 N
LONGITUDE: 81 23 W
[TEMPERATURE DATA] [PRECIPITATION DATA] SYMBOLS USED IN COLUMN 16
AVERAGE MONTHLY: 40.7 TOTAL FOR MONTH: 4.04 1 = FOG OR MIST
DPTR FM NORMAL: -1.5 DPTR FM NORMAL: 0.19 2 = FOG REDUCING VISIBILITY
HIGHEST: 64 ON 29, 8 GRTST 24HR 2.05 ON 14-15 TO 1/4 MILE OR LESS
LOWEST: 5 ON 24 3 = THUNDER
SNOW, ICE PELLETS, HAIL 4 = ICE PELLETS
TOTAL MONTH: M 5 = HAIL
GRTST 24HR M ON M 6 = FREEZING RAIN OR DRIZZLE
GRTST DEPTH: M ON M 7 = DUSTSTORM OR SANDSTORM:
VSBY 1/2 MILE OR LESS
8 = SMOKE OR HAZE
[NO. OF DAYS WITH] [WEATHER - DAYS WITH] 9 = BLOWING SNOW
X = TORNADO
MAX 32 OR BELOW: 1 0.01 INCH OR MORE: 14
MAX 90 OR ABOVE: 0 0.10 INCH OR MORE: 7
MIN 32 OR BELOW: 17 0.50 INCH OR MORE: 3
MIN 0 OR BELOW: 0 1.00 INCH OR MORE: 1
[HDD (BASE 65) ]
TOTAL THIS MO. 744 CLEAR (SCALE 0-3) 12
DPTR FM NORMAL 35 PTCLDY (SCALE 4-7) 10
TOTAL FM JUL 1 1391 CLOUDY (SCALE 8-10) 9
DPTR FM NORMAL -11
[CDD (BASE 65) ]
TOTAL THIS MO. 0
DPTR FM NORMAL 0 [PRESSURE DATA]
TOTAL FM JAN 1 1574 HIGHEST SLP 30.53 ON 2
DPTR FM NORMAL 179 LOWEST SLP 29.42 ON 23
[REMARKS]
#FINAL-12-22#