000
CXHW50 PHFO 011250
CF6HNL
PRELIMINARY LOCAL CLIMATOLOGICAL DATA (WS FORM: F-6)
STATION: HONOLULU HI
MONTH: FEBRUARY
YEAR: 2024
LATITUDE: 21 21 N
LONGITUDE: 157 56 W
TEMPERATURE IN F: :PCPN: SNOW: WIND :SUNSHINE: SKY :PK WND
================================================================================
1 2 3 4 5 6A 6B 7 8 9 10 11 12 13 14 15 16 17 18
12Z AVG MX 2MIN
DY MAX MIN AVG DEP HDD CDD WTR SNW DPTH SPD SPD DIR MIN PSBL S-S WX SPD DR
================================================================================
1 79 67 73 -1 0 8 T M M 5.5 22 340 M M 9 1 34 330
2 78 67 73 -1 0 8 T M M 11.7 25 360 M M 6 44 360
3 77 68 73 -1 0 8 0.00 M M 15.8 29 60 M M 3 40 60
4 82 68 75 1 0 10 T M M 17.4 30 80 M M 6 42 60
5 80 67 74 0 0 9 0.01 M M 14.7 24 90 M M 5 33 90
6 82 70 76 2 0 11 T M M 14.1 26 80 M M 5 36 80
7 82 69 76 2 0 11 0.00 M M 14.2 26 90 M M 4 36 90
8 83 69 76 2 0 11 0.01 M M 9.2 20 130 M M 4 26 30
9 80 68 74 0 0 9 0.01 M M 6.1 15 120 M M 6 21 130
10 79 67 73 -1 0 8 0.01 M M 6.1 15 110 M M 5 22 80
11 80 65 73 -1 0 8 0.00 M M 5.9 15 230 M M 3 20 260
12 83 63 73 -1 0 8 0.00 M M 7.9 22 250 M M 4 29 280
13 79 66 73 -1 0 8 0.00 M M 5.1 13 220 M M 4 17 220
14 80 68 74 0 0 9 0.06 M M 8.8 20 230 M M 6 27 230
15 77 69 73 -1 0 8 0.02 M M 11.2 20 340 M M 8 38 340
16 77 67 72 -2 0 7 0.00 M M 10.9 21 20 M M 5 34 340
17 78 65 72 -2 0 7 0.00 M M 11.5 23 30 M M 4 35 20
18 77 68 73 -1 0 8 0.00 M M 16.6 29 60 M M 2 39 60
19 79 67 73 -1 0 8 0.00 M M 13.9 22 70 M M 4 32 70
20 80 66 73 -1 0 8 0.00 M M 7.7 16 140 M M 6 21 50
21 79 68 74 0 0 9 T M M 8.5 20 70 M M 7 25 140
22 82 67 75 1 0 10 0.03 M M 8.5 21 130 M M 7 1 27 140
23 83 67 75 1 0 10 T M M 9.5 23 60 M M 6 31 10
24 79 67 73 -1 0 8 T M M 9.7 21 90 M M 5 1 26 40
25 80 69 75 1 0 10 T M M 15.8 26 60 M M 3 40 50
26 81 69 75 1 0 10 T M M 16.0 29 70 M M 4 39 60
27 81 70 76 2 0 11 T M M 16.1 26 70 M M 4 41 70
28 79 68 74 0 0 9 0.09 M M 13.1 23 60 M M 5 1 36 70
29 80 67 74 0 0 9 0.06 M M 13.7 22 70 M M 6 1 33 60
================================================================================
SM 2316 1956 0 258 0.30 M 325.2 M 146
================================================================================
AV 79.9 67.4 11.2 FASTST M M 5 MAX(MPH)
MISC ----> 30 80 44 360
================================================================================
NOTES:
# LAST OF SEVERAL OCCURRENCES
COLUMN 17 PEAK WIND IN M.P.H.
PRELIMINARY LOCAL CLIMATOLOGICAL DATA (WS FORM: F-6) , PAGE 2
STATION: HONOLULU HI
MONTH: FEBRUARY
YEAR: 2024
LATITUDE: 21 21 N
LONGITUDE: 157 56 W
[TEMPERATURE DATA] [PRECIPITATION DATA] SYMBOLS USED IN COLUMN 16
AVERAGE MONTHLY: 73.7 TOTAL FOR MONTH: 0.30 1 = FOG OR MIST
DPTR FM NORMAL: -0.1 DPTR FM NORMAL: -1.64 2 = FOG REDUCING VISIBILITY
HIGHEST: 83 ON 23,12 GRTST 24HR 0.09 ON 28-28 TO 1/4 MILE OR LESS
LOWEST: 63 ON 12 3 = THUNDER
SNOW, ICE PELLETS, HAIL 4 = ICE PELLETS
TOTAL MONTH: M 5 = HAIL
GRTST 24HR M ON M 6 = FREEZING RAIN OR DRIZZLE
GRTST DEPTH: M ON M 7 = DUSTSTORM OR SANDSTORM:
VSBY 1/2 MILE OR LESS
8 = SMOKE OR HAZE
[NO. OF DAYS WITH] [WEATHER - DAYS WITH] 9 = BLOWING SNOW
X = TORNADO
MAX 32 OR BELOW: 0 0.01 INCH OR MORE: 9
MAX 90 OR ABOVE: 0 0.10 INCH OR MORE: 0
MIN 32 OR BELOW: 0 0.50 INCH OR MORE: 0
MIN 0 OR BELOW: 0 1.00 INCH OR MORE: 0
[HDD (BASE 65) ]
TOTAL THIS MO. 0 CLEAR (SCALE 0-3) 1
DPTR FM NORMAL 0 PTCLDY (SCALE 4-7) 27
TOTAL FM JUL 1 0 CLOUDY (SCALE 8-10) 1
DPTR FM NORMAL 0
[CDD (BASE 65) ]
TOTAL THIS MO. 258
DPTR FM NORMAL 12 [PRESSURE DATA]
TOTAL FM JAN 1 521 HIGHEST SLP 30.25 ON 7
DPTR FM NORMAL 7 LOWEST SLP 29.85 ON 13
[REMARKS]
#FINAL-02-24#