000
CXUS54 KMAF 011110
CF6HOB
PRELIMINARY LOCAL CLIMATOLOGICAL DATA (WS FORM: F-6)
STATION: LEA AIRPORT, HOBBS
MONTH: OCTOBER
YEAR: 2022
LATITUDE: 32 40 N
LONGITUDE: 103-12 E
TEMPERATURE IN F: :PCPN: SNOW: WIND :SUNSHINE: SKY :PK WND
================================================================================
1 2 3 4 5 6A 6B 7 8 9 10 11 12 13 14 15 16 17 18
12Z AVG MX 2MIN
DY MAX MIN AVG DEP HDD CDD WTR SNW DPTH SPD SPD DIR MIN PSBL S-S WX SPD DR
================================================================================
1 84 54 69 M 0 4 0.00 M M 9.8 22 140 M M 0 24 130
2 82 54 68 M 0 3 0.00 M M 7.7 15 120 M M 4 22 130
3 79 50 65 M 0 0 0.00 M M 7.2 14 130 M M 1 22 130
4 81 55 68 M 0 3 0.12 M M 8.3 17 290 M M 3 21 130
5 72 59 66 M 0 1 0.09 M M 8.3 16 50 M M 8 21 20
6 75 57 66 M 0 1 0.05 M M 8.2 24 110 M M 8 23 70
7 73 57 65 M 0 0 0.00 M M 11.8 18 80 M M 7 3 22 50
8 64 54 59 M 6 0 0.00 M M 11.1 15 80 M M 10 21 70
9 68 54 61 M 4 0 0.05 M M 7.8 14 80 M M 7 1 15 80
10 70 54 62 M 3 0 0.00 M M 6.2 15 170 M M 6 1 23 170
11 81 52 67 M 0 2 0.00 M M 9.1 23 240 M M 2 12 26 240
12 79 57 68 M 0 3 0.00 M M 10.2 17 10 M M 0 24 10
13 77 48 63 M 2 0 0.00 M M 7.1 14 120 M M 2 18 100
14 81 45 63 M 2 0 0.00 M M 8.4 16 170 M M 1 21 180
15 88 59 74 M 0 9 0.14 M M 8.4 17 120 M M 3 3 39 130
16 63 52 58 M 7 0 0.52 M M 14.0 22 60 M M 8 3 29 30
17 57 50 54 M 11 0 0.23 M M 8.4 20 50 M M 9 26 50
18 61 46 54 M 11 0 0.00 M M 3.8 8 270 M M 7 M M
19 68 45 57 M 8 0 0.00 M M 8.6 13 240 M M 0 17 210
20 79 46 63 M 2 0 0.00 M M 6.6 12 310 M M 0 M M
21 81 48 65 M 0 0 0.00 M M 10.3 16 240 M M 0 22 260
22 79 55 67 M 0 2 0.00 M M 12.0 20 220 M M 0 29 220
23 84 57 71 M 0 6 0.00 M M 13.7 25 220 M M 3 36 220
24 64 39 52 M 13 0 0.02 M M 16.6 31 320 M M 4 40 320
25 66 36 51 M 14 0 0.00 M M 9.4 17 300 M M 0 29 310
26 73 36 55 M 10 0 0.00 M M 6.8 17 170 M M 0 24 170
27 75 43 59 M 6 0 0.00 M M 17.8 37 330 M M 3 47 320
28 63 43 53 M 12 0 0.00 M M 17.9 30 300 M M 6 39 300
29 64 39 52 M 13 0 0.00 M M 5.2 9 350 M M 1 1 12 310
30 70 39 55 M 10 0 0.00 M M 4.7 9 230 M M 0 1 M M
31 68 43 56 M 9 0 0.00 M M 7.8 16 160 M M 0 20 160
================================================================================
SM 2269 1526 143 34 1.22 M 293.1 M 103
================================================================================
AV 73.2 49.2 9.5 FASTST M M 3 MAX(MPH)
MISC ----> 37 330 47 320
================================================================================
NOTES:
# LAST OF SEVERAL OCCURRENCES
COLUMN 17 PEAK WIND IN M.P.H.
PRELIMINARY LOCAL CLIMATOLOGICAL DATA (WS FORM: F-6) , PAGE 2
STATION: LEA AIRPORT, HOBBS
MONTH: OCTOBER
YEAR: 2022
LATITUDE: 32 40 N
LONGITUDE: 103-12 E
[TEMPERATURE DATA] [PRECIPITATION DATA] SYMBOLS USED IN COLUMN 16
AVERAGE MONTHLY: 61.2 TOTAL FOR MONTH: 1.22 1 = FOG OR MIST
DPTR FM NORMAL: 0.0 DPTR FM NORMAL: M 2 = FOG REDUCING VISIBILITY
HIGHEST: 88 ON 15 GRTST 24HR 0.52 ON 16-16 TO 1/4 MILE OR LESS
LOWEST: 36 ON 26,25 3 = THUNDER
SNOW, ICE PELLETS, HAIL 4 = ICE PELLETS
TOTAL MONTH: M 5 = HAIL
GRTST 24HR M ON M 6 = FREEZING RAIN OR DRIZZLE
GRTST DEPTH: M ON M 7 = DUSTSTORM OR SANDSTORM:
VSBY 1/2 MILE OR LESS
8 = SMOKE OR HAZE
[NO. OF DAYS WITH] [WEATHER - DAYS WITH] 9 = BLOWING SNOW
X = TORNADO
MAX 32 OR BELOW: 0 0.01 INCH OR MORE: 8
MAX 90 OR ABOVE: 0 0.10 INCH OR MORE: 4
MIN 32 OR BELOW: 0 0.50 INCH OR MORE: 1
MIN 0 OR BELOW: 0 1.00 INCH OR MORE: 0
[HDD (BASE 65) ]
TOTAL THIS MO. 143 CLEAR (SCALE 0-3) 19
DPTR FM NORMAL M PTCLDY (SCALE 4-7) 8
TOTAL FM JUL 1 144 CLOUDY (SCALE 8-10) 4
DPTR FM NORMAL M
[CDD (BASE 65) ]
TOTAL THIS MO. 34
DPTR FM NORMAL M [PRESSURE DATA]
TOTAL FM JAN 1 2219 HIGHEST SLP M ON M
DPTR FM NORMAL M LOWEST SLP M ON M
[REMARKS]
#FINAL-10-22#