000
CXUS53 KFSD 040128
CF6HON
PRELIMINARY LOCAL CLIMATOLOGICAL DATA (WS FORM: F-6)
STATION: HURON
MONTH: NOVEMBER
YEAR: 2022
LATITUDE: 44 22 N
LONGITUDE: 98 13 W
TEMPERATURE IN F: :PCPN: SNOW: WIND :SUNSHINE: SKY :PK WND
================================================================================
1 2 3 4 5 6A 6B 7 8 9 10 11 12 13 14 15 16 17 18
12Z AVG MX 2MIN
DY MAX MIN AVG DEP HDD CDD WTR SNW DPTH SPD SPD DIR MIN PSBL S-S WX SPD DR
================================================================================
1 73 29 51 11 14 0 0.00 0.0 0 8.0 17 160 M M 0 25 170
2 72 53 63 24 2 0 0.00 0.0 0 13.9 29 200 M M 0 39 190
3 57 35 46 7 19 0 T T 0 15.3 30 360 M M 7 1 40 340
4 45 17 31 -7 34 0 0.00 0.0 0 5.8 20 340 M M 3 25 340
5 51 16 34 -4 31 0 T 0.0 0 8.3 17 170 M M 3 24 170
6 51 19 35 -3 30 0 T 0.0 0 19.6 37 280 M M 1 51 280
7 39 11 25 -12 40 0 0.00 0.0 0 9.5 20 140 M M 6 30 140
8 53 36 45 8 20 0 0.01 0.0 0 15.4 29 150 M M 8 1 41 150
9 41 33 37 1 28 0 0.37 0.0 0 14.4 23 350 M M 10 13 30 330
10 35 17 26 -10 39 0 0.04 T 0 21.5 31 280 M M 9 136 41 290
11 22 15 19 -16 46 0 T T 0 19.2 26 310 M M 8 37 310
12 20 13 17 -18 48 0 T T 0 7.2 15 330 M M 10 20 320
13 29 13 21 -13 44 0 0.00 0.0 0 10.4 21 140 M M 7 29 130
14 27 21 24 -10 41 0 T T T 7.8 16 300 M M 10 1 22 290
15 25 17 21 -12 44 0 0.03 0.7 0 13.5 21 320 M M 10 1 27 340
16 30 13 22 -11 43 0 0.05 0.9 1 13.8 22 340 M M 8 1 30 340
17 30 10 20 -12 45 0 T T 1 21.8 33 320 M M 9 45 320
18 27 6 17 -15 48 0 T T 1 17.8 33 310 M M 6 44 310
19 26 15 21 -10 44 0 T T 1 14.5 28 320 M M 5 1 40 320
20 40 11 26 -5 39 0 0.00 0.0 1 10.5 20 320 M M 0 26 320
21 35 16 26 -4 39 0 0.00 0.0 0 6.9 13 360 M M 0 17 300
22 50 13 32 2 33 0 0.00 0.0 0 3.8 12 300 M M 1 17 280
23 57 24 41 11 24 0 0.00 0.0 0 10.5 20 150 M M 0 28 170
24 46 26 36 7 29 0 0.00 0.0 0 11.3 21 330 M M 0 28 330
25 60 22 41 12 24 0 0.00 0.0 0 8.5 15 180 M M 0 22 180
26 53 27 40 12 25 0 0.00 0.0 0 12.5 32 350 M M 0 43 360
27 41 18 30 2 35 0 0.00 0.0 0 8.3 17 150 M M 0 25 160
28 45 23 34 7 31 0 0.00 0.0 0 10.9 25 320 M M 3 34 300
29 29 18 24 -3 41 0 0.00 0.0 0 17.5 26 310 M M 6 36 320
30 25 11 18 -8 47 0 0.00 0.0 0 13.2 25 310 M M 1 38 300
================================================================================
SM 1234 598 1027 0 0.50 1.6 371.6 M 131
================================================================================
AV 41.1 19.9 12.4 FASTST M M 4 MAX(MPH)
MISC ----> 37 280 51 280
================================================================================
NOTES:
# LAST OF SEVERAL OCCURRENCES
COLUMN 17 PEAK WIND IN M.P.H.
-PRECIPITATION AMOUNTS IN COLUMNS 7,8 AND 9 ARE THE OFFICIAL
PRECIPITATION AMOUNTS FOR HURON, SD.
-SNOW DEPTH IN COLUMN 9 IS RECORDED AT 6 AM CST (12Z).
PRELIMINARY LOCAL CLIMATOLOGICAL DATA (WS FORM: F-6) , PAGE 2
STATION: HURON
MONTH: NOVEMBER
YEAR: 2022
LATITUDE: 44 22 N
LONGITUDE: 98 13 W
[TEMPERATURE DATA] [PRECIPITATION DATA] SYMBOLS USED IN COLUMN 16
AVERAGE MONTHLY: 30.5 TOTAL FOR MONTH: 0.50 1 = FOG OR MIST
DPTR FM NORMAL: -2.6 DPTR FM NORMAL: -0.32 2 = FOG REDUCING VISIBILITY
HIGHEST: 73 ON 1 GRTST 24HR 0.37 ON 9- 9 TO 1/4 MILE OR LESS
LOWEST: 6 ON 18 3 = THUNDER
SNOW, ICE PELLETS, HAIL 4 = ICE PELLETS
TOTAL MONTH: 1.6 INCHES 5 = HAIL
GRTST 24HR 0.9 ON 16-16 6 = FREEZING RAIN OR DRIZZLE
GRTST DEPTH: 1 ON 20,19 7 = DUSTSTORM OR SANDSTORM:
VSBY 1/2 MILE OR LESS
8 = SMOKE OR HAZE
[NO. OF DAYS WITH] [WEATHER - DAYS WITH] 9 = BLOWING SNOW
X = TORNADO
MAX 32 OR BELOW: 11 0.01 INCH OR MORE: 5
MAX 90 OR ABOVE: 0 0.10 INCH OR MORE: 1
MIN 32 OR BELOW: 26 0.50 INCH OR MORE: 0
MIN 0 OR BELOW: 0 1.00 INCH OR MORE: 0
[HDD (BASE 65) ]
TOTAL THIS MO. 1027 CLEAR (SCALE 0-3) 14
DPTR FM NORMAL 69 PTCLDY (SCALE 4-7) 10
TOTAL FM JUL 1 1583 CLOUDY (SCALE 8-10) 6
DPTR FM NORMAL -88
[CDD (BASE 65) ]
TOTAL THIS MO. 0
DPTR FM NORMAL 0 [PRESSURE DATA]
TOTAL FM JAN 1 957 HIGHEST SLP 30.62 ON 7
DPTR FM NORMAL 205 LOWEST SLP 29.33 ON 5
[REMARKS]
#FINAL-11-22#