891
CXUS53 KFSD 011753 CCA
CF6HON
PRELIMINARY LOCAL CLIMATOLOGICAL DATA (WS FORM: F-6)
STATION: HURON
MONTH: NOVEMBER
YEAR: 2020
LATITUDE: 44 22 N
LONGITUDE: 98 13 W
TEMPERATURE IN F: :PCPN: SNOW: WIND :SUNSHINE: SKY :PK WND
================================================================================
1 2 3 4 5 6A 6B 7 8 9 10 11 12 13 14 15 16 17 18
12Z AVG MX 2MIN
DY MAX MIN AVG DEP HDD CDD WTR SNW DPTH SPD SPD DIR MIN PSBL S-S WX SPD DR
================================================================================
1 44 23 34 -7 31 0 0.00 0.0 0 8.3 16 320 M M 0 28 330
2 72 25 49 9 16 0 0.00 0.0 0 4.4 12 280 M M 0 14 200
3 79 36 58 18 7 0 0.00 0.0 0 5.2 13 290 M M 0 16 300
4 82 33 58 19 7 0 0.00 0.0 0 5.2 10 310 M M 0 14 260
5 73 33 53 14 12 0 0.00 0.0 0 7.1 16 170 M M 0 25 180
6 83 46 65 27 0 0 0.00 0.0 0 13.3 25 210 M M 0 36 220
7 75 39 57 19 8 0 0.00 0.0 0 12.0 25 170 M M 0 37 180
8 72 41 57 20 8 0 0.02 0.0 0 17.9 37 170 M M 3 8 58 160
9 41 19 30 -6 35 0 0.34 0.5 0 13.8 28 350 M M 7 126 38 340
10 28 17 23 -13 42 0 0.00 0.0 T 6.0 15 320 M M 5 19 310
11 49 17 33 -2 32 0 0.00 0.0 T 7.5 15 340 M M 1 20 240
12 31 21 26 -9 39 0 T T 0 11.4 20 300 M M 3 26 290
13 42 17 30 -4 35 0 0.00 0.0 0 12.8 20 160 M M 0 31 170
14 54 32 43 9 22 0 0.00 0.0 0 14.2 33 320 M M 2 47 330
15 44 25 35 2 30 0 0.00 0.0 0 17.1 33 310 M M 2 46 310
16 50 18 34 2 31 0 0.00 0.0 0 12.1 29 310 M M 1 38 330
17 50 19 35 3 30 0 0.00 0.0 0 10.3 21 140 M M 3 1 29 150
18 61 35 48 17 17 0 0.00 0.0 0 11.0 22 160 M M 0 34 170
19 59 31 45 14 20 0 0.01 0.0 0 5.7 16 330 M M 1 1 23 330
20 40 22 31 1 34 0 0.00 0.0 0 5.1 16 320 M M 1 1 21 310
21 44 23 34 5 31 0 T 0.0 0 10.6 20 150 M M 3 1 29 150
22 46 20 33 4 32 0 0.00 0.0 0 9.8 24 300 M M 0 29 310
23 43 20 32 4 33 0 0.00 0.0 0 16.5 30 150 M M 6 43 150
24 40 20 30 2 35 0 0.00 0.0 0 11.4 20 320 M M 7 1 27 170
25 34 21 28 1 37 0 0.00 0.0 0 8.3 17 150 M M 6 1 24 140
26 41 15 28 1 37 0 0.00 0.0 0 6.4 16 270 M M 4 12 21 280
27 50 18 34 8 31 0 0.00 0.0 0 7.3 15 260 M M 0 20 270
28 60 21 41 15 24 0 0.00 0.0 0 6.8 21 330 M M 0 26 320
29 42 13 28 3 37 0 0.00 0.0 0 17.3 32 340 M M 1 44 340
30 42 10 26 2 39 0 0.00 0.0 0 8.2 17 160 M M 0 23 160
================================================================================
SM 1571 730 792 0 0.37 0.5 303.0 M 56
================================================================================
AV 52.4 24.3 10.1 FASTST M M 2 MAX(MPH)
MISC ----> 37 170 58 160
================================================================================
NOTES:
# LAST OF SEVERAL OCCURRENCES
-COLUMN 17 PEAK WIND IN M.P.H.
-PRECIPITATION AMOUNTS IN COLUMNS 7,8, AND 9 ARE THE OFFICIAL PRECIPITATION
AMOUNTS FOR HURON, SD.
-SNOW DEPTH IN COLUMN 9 IS RECORDED AT 6 AM CST (12Z).
PRELIMINARY LOCAL CLIMATOLOGICAL DATA (WS FORM: F-6) , PAGE 2
STATION: HURON
MONTH: NOVEMBER
YEAR: 2020
LATITUDE: 44 22 N
LONGITUDE: 98 13 W
[TEMPERATURE DATA] [PRECIPITATION DATA] SYMBOLS USED IN COLUMN 16
AVERAGE MONTHLY: 38.4 TOTAL FOR MONTH: 0.37 1 = FOG OR MIST
DPTR FM NORMAL: 5.8 DPTR FM NORMAL: -0.50 2 = FOG REDUCING VISIBILITY
HIGHEST: 83 ON 6 GRTST 24HR 0.36 ON 8- 9 TO 1/4 MILE OR LESS
LOWEST: 10 ON 30 3 = THUNDER
SNOW, ICE PELLETS, HAIL 4 = ICE PELLETS
TOTAL MONTH: 0.5 INCH 5 = HAIL
GRTST 24HR 0.5 ON 9- 9 6 = FREEZING RAIN OR DRIZZLE
GRTST DEPTH: T 7 = DUSTSTORM OR SANDSTORM:
VSBY 1/2 MILE OR LESS
8 = SMOKE OR HAZE
[NO. OF DAYS WITH] [WEATHER - DAYS WITH] 9 = BLOWING SNOW
X = TORNADO
MAX 32 OR BELOW: 2 0.01 INCH OR MORE: 3
MAX 90 OR ABOVE: 0 0.10 INCH OR MORE: 1
MIN 32 OR BELOW: 23 0.50 INCH OR MORE: 0
MIN 0 OR BELOW: 0 1.00 INCH OR MORE: 0
[HDD (BASE 65) ]
TOTAL THIS MO. 792 CLEAR (SCALE 0-3) 21
DPTR FM NORMAL -180 PTCLDY (SCALE 4-7) 9
TOTAL FM JUL 1 1651 CLOUDY (SCALE 8-10) 0
DPTR FM NORMAL -49
[CDD (BASE 65) ]
TOTAL THIS MO. 0
DPTR FM NORMAL 0 [PRESSURE DATA]
TOTAL FM JAN 1 879 HIGHEST SLP 30.60 ON 20
DPTR FM NORMAL 137 LOWEST SLP 29.38 ON 14
[REMARKS]
RECORD DAILY MAXIMUM TEMPERATURE WAS ESTABLISHED ON THE 3RD WITH A HIGH OF
79 DEGREES. THE PREVIOUS RECORD WAS 76 DEGREES IN 1978.
RECORD DAILY MAXIMUM TEMPERATURE WAS ESTABLISHED ON THE 4TH WITH A HIGH OF
82 DEGREES. THE PREVIOUS RECORD WAS 76 DEGREES IN 2016.
RECORD DAILY MAXIMUM TEMPERATURE WAS ESTABLISHED ON THE 6TH WITH A HIGH OF
83 DEGREES. THE PREVIOUS RECORD WAS 77 DEGREES WAY BACK IN 1893.
#FINAL-11-20#