000
CXUS54 KLZK 011330
CF6HOT
PRELIMINARY LOCAL CLIMATOLOGICAL DATA (WS FORM: F-6)
STATION: HOT SPRINGS MEMORIAL FIELD
MONTH: JANUARY
YEAR: 2023
LATITUDE: 34 28 N
LONGITUDE: 93 6 W
TEMPERATURE IN F: :PCPN: SNOW: WIND :SUNSHINE: SKY :PK WND
================================================================================
1 2 3 4 5 6A 6B 7 8 9 10 11 12 13 14 15 16 17 18
12Z AVG MX 2MIN
DY MAX MIN AVG DEP HDD CDD WTR SNW DPTH SPD SPD DIR MIN PSBL S-S WX SPD DR
================================================================================
1 71 46 59 17 6 0 0.00 M M 5.5 13 180 M M 3 1 19 190
2 70 65 68 26 0 3 1.60 M M 6.2 22 150 M M 10 123 34 140
3 69 49 59 17 6 0 0.16 M M 5.0 18 230 M M 4 13 23 230
4 56 36 46 4 19 0 0.00 M M 4.5 12 270 M M 0 15 250
5 59 32 46 4 19 0 0.00 M M 4.2 17 260 M M 0 26 310
6 63 29 46 4 19 0 0.00 M M 4.5 12 170 M M 1 18 190
7 71 52 62 20 3 0 0.00 M M 5.4 16 200 M M 6 18 23 200
8 59 35 47 5 18 0 0.00 M M 2.2 9 270 M M 0 13 260
9 58 29 44 2 21 0 0.00 M M 2.8 12 150 M M 0 1 14 150
10 61 35 48 6 17 0 0.00 M M 3.4 12 160 M M 1 1 17 140
11 74 53 64 22 1 0 0.05 M M 4.7 13 260 M M 3 123 17 190
12 66 37 52 10 13 0 0.00 M M 11.1 20 330 M M 6 34 270
13 50 29 40 -2 25 0 0.00 M M 4.6 13 60 M M 0 16 300
14 48 24 36 -6 29 0 0.00 M M 3.4 10 120 M M 0 1 14 120
15 61 34 48 6 17 0 0.00 M M 8.1 17 180 M M 6 25 180
16 68 52 60 18 5 0 T M M 5.1 15 210 M M 7 1 22 200
17 69 50 60 18 5 0 0.00 M M 3.3 10 70 M M 4 128 11 120
18 66 43 55 13 10 0 0.24 M M 4.4 15 310 M M 7 138 22 300
19 54 36 45 3 20 0 0.00 M M 5.4 15 270 M M 0 1 24 300
20 57 33 45 2 20 0 0.00 M M 2.5 9 80 M M 0 12 80
21 55 33 44 1 21 0 0.04 M M 4.5 15 80 M M 8 1 19 70
22 48 37 43 0 22 0 0.00 M M 4.7 13 300 M M 10 1 20 330
23 53 31 42 -1 23 0 0.00 M M 2.6 9 230 M M 2 8 14 240
24 41 31 36 -7 29 0 0.93 M M 8.4 21 60 M M 7 1 27 60
25 40 34 37 -6 28 0 0.07 M M 6.6 14 290 M M 9 18 22 290
26 47 30 39 -4 26 0 0.00 M M 5.3 14 330 M M 0 8 21 300
27 59 27 43 0 22 0 0.00 M M 6.7 23 240 M M 0 30 260
28 53 44 49 6 16 0 0.71 M M 4.8 13 220 M M 8 138 16 240
29 63 45 54 11 11 0 0.61 M M 4.2 17 70 M M 9 12 20 70
30 45 34 40 -4 25 0 0.41 M M 4.6 12 60 M M 10 14 14 30
31 34 28 31 -13 34 0 0.02 T 0 5.7 13 60 M M 10 16 16 70
================================================================================
SM 1788 1173 530 3 4.84 T 154.4 M 131
================================================================================
AV 57.7 37.8 5.0 FASTST M M 4 MAX(MPH)
MISC ----> 23 240 # 34 270
================================================================================
NOTES:
# LAST OF SEVERAL OCCURRENCES
COLUMN 17 PEAK WIND IN M.P.H.
PRELIMINARY LOCAL CLIMATOLOGICAL DATA (WS FORM: F-6) , PAGE 2
STATION: HOT SPRINGS MEMORIAL FIELD
MONTH: JANUARY
YEAR: 2023
LATITUDE: 34 28 N
LONGITUDE: 93 6 W
[TEMPERATURE DATA] [PRECIPITATION DATA] SYMBOLS USED IN COLUMN 16
AVERAGE MONTHLY: 47.8 TOTAL FOR MONTH: 4.84 1 = FOG OR MIST
DPTR FM NORMAL: 5.2 DPTR FM NORMAL: 1.45 2 = FOG REDUCING VISIBILITY
HIGHEST: 74 ON 11 GRTST 24HR 1.66 ON 2- 3 TO 1/4 MILE OR LESS
LOWEST: 24 ON 14 3 = THUNDER
SNOW, ICE PELLETS, HAIL 4 = ICE PELLETS
TOTAL MONTH: T 5 = HAIL
GRTST 24HR T ON 31-31 6 = FREEZING RAIN OR DRIZZLE
GRTST DEPTH: 0 7 = DUSTSTORM OR SANDSTORM:
VSBY 1/2 MILE OR LESS
8 = SMOKE OR HAZE
[NO. OF DAYS WITH] [WEATHER - DAYS WITH] 9 = BLOWING SNOW
X = TORNADO
MAX 32 OR BELOW: 0 0.01 INCH OR MORE: 11
MAX 90 OR ABOVE: 0 0.10 INCH OR MORE: 7
MIN 32 OR BELOW: 10 0.50 INCH OR MORE: 4
MIN 0 OR BELOW: 0 1.00 INCH OR MORE: 1
[HDD (BASE 65) ]
TOTAL THIS MO. 530 CLEAR (SCALE 0-3) 14
DPTR FM NORMAL -164 PTCLDY (SCALE 4-7) 9
TOTAL FM JUL 1 1667 CLOUDY (SCALE 8-10) 8
DPTR FM NORMAL -176
[CDD (BASE 65) ]
TOTAL THIS MO. 3
DPTR FM NORMAL 2 [PRESSURE DATA]
TOTAL FM JAN 1 3 HIGHEST SLP 30.41 ON 14
DPTR FM NORMAL 2 LOWEST SLP 29.62 ON 18
[REMARKS]
#FINAL-01-23#