172
CXUS54 KLZK 011130
CF6HOT
PRELIMINARY LOCAL CLIMATOLOGICAL DATA (WS FORM: F-6)
STATION: Hot Springs Memorial Field
MONTH: JULY
YEAR: 2020
LATITUDE: 34 28 N
LONGITUDE: 93 6 W
TEMPERATURE IN F: :PCPN: SNOW: WIND :SUNSHINE: SKY :PK WND
================================================================================
1 2 3 4 5 6A 6B 7 8 9 10 11 12 13 14 15 16 17 18
12Z AVG MX 2MIN
DY MAX MIN AVG DEP HDD CDD WTR SNW DPTH SPD SPD DIR MIN PSBL S-S WX SPD DR
================================================================================
1 92 79 86 5 0 21 0.00 M M 5.6 14 240 M M 6 19 240
2 96 73 85 4 0 20 0.43 M M 4.0 16 340 M M 2 13 30 350
3 92 71 82 0 0 17 0.13 M M 3.2 17 40 M M 1 13 25 30
4 88 71 80 -2 0 15 T M M 2.0 16 260 M M 1 138 22 260
5 91 73 82 0 0 17 T M M 3.2 16 60 M M 3 138 21 60
6 91 75 83 1 0 18 0.49 M M 3.4 20 170 M M 5 13 28 170
7 88 73 81 -1 0 16 0.00 M M 3.1 12 170 M M 2 16 140
8 91 76 84 2 0 19 0.00 M M 3.2 8 210 M M 5 14 190
9 92 74 83 1 0 18 0.05 M M 4.6 20 340 M M 3 13 29 340
10 96 74 85 3 0 20 T M M 2.8 21 240 M M 2 13 28 270
11 96 73 85 3 0 20 0.00 M M 3.6 12 240 M M 1 17 250
12 95 76 86 4 0 21 0.00 M M 4.5 28 260 M M 0 40 260
13 90 72 81 -1 0 16 0.00 M M 3.6 8 90 M M 1 M M
14 96 76 86 4 0 21 0.00 M M 6.1 12 150 M M 1 17 140
15 94 80 87 5 0 22 0.00 M M 5.1 15 230 M M 0 21 230
16 97 78 88 5 0 23 0.00 M M 3.4 12 140 M M 1 15 150
17 94 78 86 3 0 21 0.00 M M 4.6 13 140 M M 0 15 120
18 94 75 85 2 0 20 0.00 M M 4.3 10 200 M M 1 15 230
19 96 75 86 3 0 21 0.00 M M 3.5 10 200 M M 0 15 240
20 97 75 86 3 0 21 0.02 M M 3.1 17 110 M M 1 3 28 140
21 94 74 84 1 0 19 0.58 M M 3.6 24 150 M M 1 13 35 140
22 86 75 81 -2 0 16 0.22 M M 2.0 8 60 M M 5 13 10 200
23 90 73 82 -1 0 17 2.24 M M 4.1 26 230 M M 7 138 33 230
24 91 75 83 0 0 18 T M M 6.0 14 100 M M 2 19 110
25 89 76 83 0 0 18 T M M 5.5 10 80 M M 6 15 120
26 91 75 83 0 0 18 0.00 M M 4.1 13 170 M M 3 21 170
27 90 73 82 -1 0 17 0.00 M M 2.9 9 200 M M 3 12 200
28 92 73 83 0 0 18 0.00 M M 2.9 10 190 M M 1 14 190
29 85 75 80 -3 0 15 0.29 M M 3.8 17 260 M M 5 13 20 270
30 92 73 83 0 0 18 0.01 M M 7.2 21 270 M M 4 3 33 280
31 83 71 77 -6 0 12 0.04 M M 5.9 15 270 M M 6 138 22 290
================================================================================
SM 2849 2310 0 573 4.50 M 124.9 M 79
================================================================================
AV 91.9 74.5 4.0 FASTST M M 3 MAX(MPH)
MISC ----> # 28 260 # 40 260
================================================================================
NOTES:
# LAST OF SEVERAL OCCURRENCES
COLUMN 17 PEAK WIND IN M.P.H.
PRELIMINARY LOCAL CLIMATOLOGICAL DATA (WS FORM: F-6) , PAGE 2
STATION: Hot Springs Memorial Field
MONTH: JULY
YEAR: 2020
LATITUDE: 34 28 N
LONGITUDE: 93 6 W
[TEMPERATURE DATA] [PRECIPITATION DATA] SYMBOLS USED IN COLUMN 16
AVERAGE MONTHLY: 83.2 TOTAL FOR MONTH: 4.50 1 = FOG OR MIST
DPTR FM NORMAL: 0.7 DPTR FM NORMAL: -0.08 2 = FOG REDUCING VISIBILITY
HIGHEST: 97 ON 20,16 GRTST 24HR 2.24 ON 23-23 TO 1/4 MILE OR LESS
LOWEST: 71 ON 31, 4 3 = THUNDER
SNOW, ICE PELLETS, HAIL 4 = ICE PELLETS
TOTAL MONTH: M 5 = HAIL
GRTST 24HR M ON M 6 = FREEZING RAIN OR DRIZZLE
GRTST DEPTH: M ON M 7 = DUSTSTORM OR SANDSTORM:
VSBY 1/2 MILE OR LESS
8 = SMOKE OR HAZE
[NO. OF DAYS WITH] [WEATHER - DAYS WITH] 9 = BLOWING SNOW
X = TORNADO
MAX 32 OR BELOW: 0 0.01 INCH OR MORE: 11
MAX 90 OR ABOVE: 25 0.10 INCH OR MORE: 7
MIN 32 OR BELOW: 0 0.50 INCH OR MORE: 2
MIN 0 OR BELOW: 0 1.00 INCH OR MORE: 1
[HDD (BASE 65) ]
TOTAL THIS MO. 0 CLEAR (SCALE 0-3) 22
DPTR FM NORMAL 0 PTCLDY (SCALE 4-7) 9
TOTAL FM JUL 1 0 CLOUDY (SCALE 8-10) 0
DPTR FM NORMAL 0
[CDD (BASE 65) ]
TOTAL THIS MO. 573
DPTR FM NORMAL 32 [PRESSURE DATA]
TOTAL FM JAN 1 1216 HIGHEST SLP 30.12 ON 26
DPTR FM NORMAL -10 LOWEST SLP 29.79 ON 12
[REMARKS]
#FINAL-07-20#